{"id":28,"date":"2016-09-05T11:17:35","date_gmt":"2016-09-05T09:17:35","guid":{"rendered":"http:\/\/agora.xtec.cat\/escolagermanesbertomeu\/?page_id=28"},"modified":"2026-02-04T13:03:40","modified_gmt":"2026-02-04T12:03:40","slug":"consell-escolar","status":"publish","type":"page","link":"https:\/\/agora.xtec.cat\/escolagermanesbertomeu\/lescola\/consell-escolar\/","title":{"rendered":"Consell Escolar"},"content":{"rendered":"<p style=\"text-align: justify;\">El consell escolar del centre \u00e9s l&#8217;<strong>\u00f2rgan col\u00b7legiat de participaci\u00f3<\/strong> de la comunitat escolar en el govern del centre. En el consell escolar hi ha representats tots els col\u00b7lectius que intervenen en la comunitat educativa: direcci\u00f3, professors, mares i pares d\u2019alumnes, personal d&#8217;administraci\u00f3 i serveis, AFA.<\/p>\n<p style=\"text-align: justify;\">En els\u00a0<strong>centres p\u00fablics<\/strong>, la funci\u00f3 principal del consell escolar \u00e9s debatre i aprovar tots aquells temes importants per al funcionament i l&#8217;organitzaci\u00f3 del centre: el projecte educatiu, el pla i la mem\u00f2ria anual de centre o el pressupost, entre d&#8217;altres coses.<\/p>\n<p style=\"text-align: justify;\">Les persones del consell escolar s\u00f3n elegides per un per\u00edode de quatre anys i es renoven per meitats cada dos anys. Actualment, els representants del Consell Escolar s\u00f3n:<\/p>\n<ul>\n<li style=\"text-align: justify;\"><strong>President:<\/strong> Pere M\u00e1rmol.<\/li>\n<li style=\"text-align: justify;\"><strong>Cap d&#8217;estudis:\u00a0<\/strong>Anna Tinoco.<\/li>\n<li style=\"text-align: justify;\"><strong>Secret\u00e0ria:<\/strong> Judit Tirado.<\/li>\n<li style=\"text-align: justify;\"><strong>Representants mestres:<\/strong> Ana Guti\u00e9rrez, Anna Sauleda, Teresa Navarro, Cristina Julian i Ver\u00f2nica Pi\u00f1ero.<\/li>\n<li style=\"text-align: justify;\"><strong>Representants fam\u00edlies: <\/strong>Lamyae El Harrak, Jelena Kapa-Guirao, Helena Queralt, Anna Palou i N\u00e0dia Garrell .<\/li>\n<li style=\"text-align: justify;\"><strong>Representant PAS:<\/strong> Irene Fern\u00e1ndez.<\/li>\n<li style=\"text-align: justify;\"><strong>Representant AFA:<\/strong> Lamyae El Harrak.<\/li>\n<li style=\"text-align: justify;\"><strong>Representant Ajuntament:<\/strong> Sandra Lafuente.<\/li>\n<li><strong>Referent d&#8217;igualtat de g\u00e8nere:<\/strong> Ver\u00f2nica Pi\u00f1ero.<\/li>\n<\/ul>\n<p>Aqu\u00ed trobareu l&#8217;acta de la darrera reuni\u00f3 del Consell Escolar: <a href=\"https:\/\/agora.xtec.cat\/escolagermanesbertomeu\/wp-content\/uploads\/usu1488\/2026\/02\/Acords-consell-escolar_-3.02.26.pdf\">Acords consell escolar_ 3.02.26<\/a>.<\/p>\n<p>I aqu\u00ed el pressupost de l&#8217;any: <a href=\"https:\/\/agora.xtec.cat\/escolagermanesbertomeu\/wp-content\/uploads\/usu1488\/2026\/02\/Pressupost-2026.pdf\">Pressupost 2026<\/a><\/p>\n","protected":false},"excerpt":{"rendered":"<p>El consell escolar del centre \u00e9s l&#8217;\u00f2rgan col\u00b7legiat de participaci\u00f3 de la comunitat escolar en el govern del centre. En el consell escolar hi ha representats tots els col\u00b7lectius que intervenen en la comunitat educativa: direcci\u00f3, professors, mares i pares d\u2019alumnes, personal d&#8217;administraci\u00f3 i serveis,&hellip;  <a href=\"https:\/\/agora.xtec.cat\/escolagermanesbertomeu\/lescola\/consell-escolar\/\" title=\"Read Consell Escolar\">Llegeix m\u00e9s\u00bb<\/a><\/p>\n","protected":false},"author":1,"featured_media":0,"parent":22,"menu_order":40,"comment_status":"closed","ping_status":"closed","template":"page-templates\/side-menu.php","meta":{"_bbp_topic_count":0,"_bbp_reply_count":0,"_bbp_total_topic_count":0,"_bbp_total_reply_count":0,"_bbp_voice_count":0,"_bbp_anonymous_reply_count":0,"_bbp_topic_count_hidden":0,"_bbp_reply_count_hidden":0,"_bbp_forum_subforum_count":0,"footnotes":""},"class_list":["post-28","page","type-page","status-publish","hentry"],"post_mailing_queue_ids":[],"_links":{"self":[{"href":"https:\/\/agora.xtec.cat\/escolagermanesbertomeu\/wp-json\/wp\/v2\/pages\/28","targetHints":{"allow":["GET"]}}],"collection":[{"href":"https:\/\/agora.xtec.cat\/escolagermanesbertomeu\/wp-json\/wp\/v2\/pages"}],"about":[{"href":"https:\/\/agora.xtec.cat\/escolagermanesbertomeu\/wp-json\/wp\/v2\/types\/page"}],"author":[{"embeddable":true,"href":"https:\/\/agora.xtec.cat\/escolagermanesbertomeu\/wp-json\/wp\/v2\/users\/1"}],"replies":[{"embeddable":true,"href":"https:\/\/agora.xtec.cat\/escolagermanesbertomeu\/wp-json\/wp\/v2\/comments?post=28"}],"version-history":[{"count":6,"href":"https:\/\/agora.xtec.cat\/escolagermanesbertomeu\/wp-json\/wp\/v2\/pages\/28\/revisions"}],"predecessor-version":[{"id":3443,"href":"https:\/\/agora.xtec.cat\/escolagermanesbertomeu\/wp-json\/wp\/v2\/pages\/28\/revisions\/3443"}],"up":[{"embeddable":true,"href":"https:\/\/agora.xtec.cat\/escolagermanesbertomeu\/wp-json\/wp\/v2\/pages\/22"}],"wp:attachment":[{"href":"https:\/\/agora.xtec.cat\/escolagermanesbertomeu\/wp-json\/wp\/v2\/media?parent=28"}],"curies":[{"name":"wp","href":"https:\/\/api.w.org\/{rel}","templated":true}]}}

<p style="text-align: justify;">El consell escolar del centre és l&#8217;<strong>òrgan col·legiat de participació</strong> de la comunitat escolar en el govern del centre. En el consell escolar hi ha representats tots els col·lectius que intervenen en la comunitat educativa: direcció, professors, mares i pares d’alumnes, personal d&#8217;administració i serveis, AFA.</p>
<p style="text-align: justify;">En els <strong>centres públics</strong>, la funció principal del consell escolar és debatre i aprovar tots aquells temes importants per al funcionament i l&#8217;organització del centre: el projecte educatiu, el pla i la memòria anual de centre o el pressupost, entre d&#8217;altres coses.</p>
<p style="text-align: justify;">Les persones del consell escolar són elegides per un període de quatre anys i es renoven per meitats cada dos anys. Actualment, els representants del Consell Escolar són:</p>
<ul>
<li style="text-align: justify;"><strong>President:</strong> Pere Mármol.</li>
<li style="text-align: justify;"><strong>Cap d&#8217;estudis: </strong>Anna Tinoco.</li>
<li style="text-align: justify;"><strong>Secretària:</strong> Judit Tirado.</li>
<li style="text-align: justify;"><strong>Representants mestres:</strong> Ana Gutiérrez, Anna Sauleda, Teresa Navarro, Cristina Julian i Verònica Piñero.</li>
<li style="text-align: justify;"><strong>Representants famílies: </strong>Lamyae El Harrak, Jelena Kapa-Guirao, Helena Queralt, Anna Palou i Nàdia Garrell .</li>
<li style="text-align: justify;"><strong>Representant PAS:</strong> Irene Fernández.</li>
<li style="text-align: justify;"><strong>Representant AFA:</strong> Lamyae El Harrak.</li>
<li style="text-align: justify;"><strong>Representant Ajuntament:</strong> Sandra Lafuente.</li>
<li><strong>Referent d&#8217;igualtat de gènere:</strong> Verònica Piñero.</li>
</ul>
<p>Aquí trobareu l&#8217;acta de la darrera reunió del Consell Escolar: <a href="https://agora.xtec.cat/escolagermanesbertomeu/wp-content/uploads/usu1488/2026/02/Acords-consell-escolar_-3.02.26.pdf">Acords consell escolar_ 3.02.26</a>.</p>
<p>I aquí el pressupost de l&#8217;any: <a href="https://agora.xtec.cat/escolagermanesbertomeu/wp-content/uploads/usu1488/2026/02/Pressupost-2026.pdf">Pressupost 2026</a></p>

<p>El consell escolar del centre és l&#8217;òrgan col·legiat de participació de la comunitat escolar en el govern del centre. En el consell escolar hi ha representats tots els col·lectius que intervenen en la comunitat educativa: direcció, professors, mares i pares d’alumnes, personal d&#8217;administració i serveis,&hellip;  <a href="https://agora.xtec.cat/escolagermanesbertomeu/lescola/consell-escolar/" title="Read Consell Escolar">Llegeix més»</a></p>
