{"id":2642,"date":"2021-10-25T11:34:46","date_gmt":"2021-10-25T09:34:46","guid":{"rendered":"https:\/\/agora.xtec.cat\/escolagermanesbertomeu\/?page_id=2642"},"modified":"2024-09-17T14:14:44","modified_gmt":"2024-09-17T12:14:44","slug":"relacio-de-convenis","status":"publish","type":"page","link":"https:\/\/agora.xtec.cat\/escolagermanesbertomeu\/lescola\/relacio-de-convenis\/","title":{"rendered":"Relaci\u00f3 de convenis"},"content":{"rendered":"<p>El Departament d&#8217;Educaci\u00f3, mitjan\u00e7ant aquesta direcci\u00f3, estableix diferents convenis de col\u00b7laboraci\u00f3 amb altres entitats.<\/p>\n<p>Actualment, el centre t\u00e9 signat els seg\u00fcents convenis de col\u00b7laboraci\u00f3 amb altres entitats:<\/p>\n<ul>\n<li><strong>Pr\u00e0ctiques d\u2019estudis universitaris<\/strong>. L\u2019escola acull i tutoritza estudiants de graus universitaris (Magisteri, Integraci\u00f3 Social, Educaci\u00f3 Social, principalment) i els tutoritza com a Escola Formadora de Pr\u00e0ctiques reconeguda pel Departament d\u2019Educaci\u00f3.<\/li>\n<li><strong>Pr\u00e0ctiques d\u2019estudis de cicles<\/strong> de grau mitj\u00e0 o superior. Es tutoritzen estudiants de graus mitj\u00e0 o superior d\u2019altes centres.<\/li>\n<li><strong>Projecte Singular<\/strong>. Es tutoritzen unes pr\u00e0ctiques empresarials a alumnes d\u2019ESO matriculats a algun dels instituts de la ciutat en el marc del conveni signat amb l\u2019Ajuntament de Matar\u00f3 i l\u2019IES corresponent.<\/li>\n<li><strong>Servei Comunitari<\/strong>. Alumnes de secund\u00e0ria poden efectuar el <em>servei comunitari<\/em> previst al curriculum de secund\u00e0ria al centre.<\/li>\n<li><strong>Conveni de col\u00b7laboraci\u00f3 amb l\u2019EMMM<\/strong>. L\u2019Escola Municipal de M\u00fasica de Matar\u00f3 i el centre en el marc del projecte d\u2019Escoles Orquestrals.<\/li>\n<li><strong>Conveni amb Educo.\u00a0<\/strong>Sobre l&#8217;espai del migdia, consistent en la dinamitzaci\u00f3 del mateix i l&#8217;assignaci\u00f3 d&#8217;ajuts de menjador per infants vulnerables.<\/li>\n<li><strong>Acord amb la Fundaci\u00f3 Bofill. <\/strong>Participaci\u00f3 al programa <em>Code club <\/em>que inclou una activitat de pensament computacional en temps no lectiu.<\/li>\n<\/ul>\n","protected":false},"excerpt":{"rendered":"<p>El Departament d&#8217;Educaci\u00f3, mitjan\u00e7ant aquesta direcci\u00f3, estableix diferents convenis de col\u00b7laboraci\u00f3 amb altres entitats.<br \/>\nActualment, el centre t\u00e9 signat els seg\u00fcents convenis de col\u00b7laboraci\u00f3 amb altres entitats:<\/p>\n<ul>\n<li>Pr\u00e0ctiques d\u2019estudis universitaris. L\u2019escola acull i tutoritza estudiants de graus universitaris (Magisteri, Integraci\u00f3 Social, Educaci\u00f3 Social, principalment) i els tutoritza&hellip;  <a href=\"https:\/\/agora.xtec.cat\/escolagermanesbertomeu\/lescola\/relacio-de-convenis\/\" title=\"Read Relaci\u00f3 de convenis\">Llegeix m\u00e9s\u00bb<\/a><br \/>\n","protected":false},"author":1,"featured_media":0,"parent":22,"menu_order":0,"comment_status":"closed","ping_status":"closed","template":"page-templates\/side-menu.php","meta":{"_bbp_topic_count":0,"_bbp_reply_count":0,"_bbp_total_topic_count":0,"_bbp_total_reply_count":0,"_bbp_voice_count":0,"_bbp_anonymous_reply_count":0,"_bbp_topic_count_hidden":0,"_bbp_reply_count_hidden":0,"_bbp_forum_subforum_count":0,"footnotes":""},"class_list":["post-2642","page","type-page","status-publish","hentry"],"post_mailing_queue_ids":[],"_links":{"self":[{"href":"https:\/\/agora.xtec.cat\/escolagermanesbertomeu\/wp-json\/wp\/v2\/pages\/2642","targetHints":{"allow":["GET"]}}],"collection":[{"href":"https:\/\/agora.xtec.cat\/escolagermanesbertomeu\/wp-json\/wp\/v2\/pages"}],"about":[{"href":"https:\/\/agora.xtec.cat\/escolagermanesbertomeu\/wp-json\/wp\/v2\/types\/page"}],"author":[{"embeddable":true,"href":"https:\/\/agora.xtec.cat\/escolagermanesbertomeu\/wp-json\/wp\/v2\/users\/1"}],"replies":[{"embeddable":true,"href":"https:\/\/agora.xtec.cat\/escolagermanesbertomeu\/wp-json\/wp\/v2\/comments?post=2642"}],"version-history":[{"count":6,"href":"https:\/\/agora.xtec.cat\/escolagermanesbertomeu\/wp-json\/wp\/v2\/pages\/2642\/revisions"}],"predecessor-version":[{"id":3243,"href":"https:\/\/agora.xtec.cat\/escolagermanesbertomeu\/wp-json\/wp\/v2\/pages\/2642\/revisions\/3243"}],"up":[{"embeddable":true,"href":"https:\/\/agora.xtec.cat\/escolagermanesbertomeu\/wp-json\/wp\/v2\/pages\/22"}],"wp:attachment":[{"href":"https:\/\/agora.xtec.cat\/escolagermanesbertomeu\/wp-json\/wp\/v2\/media?parent=2642"}],"curies":[{"name":"wp","href":"https:\/\/api.w.org\/{rel}","templated":true}]}}

Relació de convenis

<p>El Departament d&#8217;Educació, mitjançant aquesta direcció, estableix diferents convenis de col·laboració amb altres entitats.</p>
<p>Actualment, el centre té signat els següents convenis de col·laboració amb altres entitats:</p>
<ul>
<li><strong>Pràctiques d’estudis universitaris</strong>. L’escola acull i tutoritza estudiants de graus universitaris (Magisteri, Integració Social, Educació Social, principalment) i els tutoritza com a Escola Formadora de Pràctiques reconeguda pel Departament d’Educació.</li>
<li><strong>Pràctiques d’estudis de cicles</strong> de grau mitjà o superior. Es tutoritzen estudiants de graus mitjà o superior d’altes centres.</li>
<li><strong>Projecte Singular</strong>. Es tutoritzen unes pràctiques empresarials a alumnes d’ESO matriculats a algun dels instituts de la ciutat en el marc del conveni signat amb l’Ajuntament de Mataró i l’IES corresponent.</li>
<li><strong>Servei Comunitari</strong>. Alumnes de secundària poden efectuar el <em>servei comunitari</em> previst al curriculum de secundària al centre.</li>
<li><strong>Conveni de col·laboració amb l’EMMM</strong>. L’Escola Municipal de Música de Mataró i el centre en el marc del projecte d’Escoles Orquestrals.</li>
<li><strong>Conveni amb Educo. </strong>Sobre l&#8217;espai del migdia, consistent en la dinamització del mateix i l&#8217;assignació d&#8217;ajuts de menjador per infants vulnerables.</li>
<li><strong>Acord amb la Fundació Bofill. </strong>Participació al programa <em>Code club </em>que inclou una activitat de pensament computacional en temps no lectiu.</li>
</ul>

<p>El Departament d&#8217;Educació, mitjançant aquesta direcció, estableix diferents convenis de col·laboració amb altres entitats.<br />
Actualment, el centre té signat els següents convenis de col·laboració amb altres entitats:</p>
<ul>
<li>Pràctiques d’estudis universitaris. L’escola acull i tutoritza estudiants de graus universitaris (Magisteri, Integració Social, Educació Social, principalment) i els tutoritza&hellip;  <a href="https://agora.xtec.cat/escolagermanesbertomeu/lescola/relacio-de-convenis/" title="Read Relació de convenis">Llegeix més»</a><br />
