{"id":2414,"date":"2020-10-20T09:19:03","date_gmt":"2020-10-20T07:19:03","guid":{"rendered":"http:\/\/agora.xtec.cat\/escolagermanesbertomeu\/?page_id=2414"},"modified":"2024-11-18T14:09:33","modified_gmt":"2024-11-18T13:09:33","slug":"musica","status":"publish","type":"page","link":"https:\/\/agora.xtec.cat\/escolagermanesbertomeu\/nivells\/musica\/","title":{"rendered":"M\u00fasica"},"content":{"rendered":"<div class=\"oKdM2c Kzv0Me\">\n<div id=\"h.a902116945ee999_160\" class=\"hJDwNd-AhqUyc-OwsYgb jXK9ad D2fZ2 OjCsFc GNzUNc\">\n<div class=\"jXK9ad-SmKAyb\">\n<div class=\"tyJCtd mGzaTb baZpAe\">\n<div><\/div>\n<div style=\"text-align: justify;\"><\/div>\n<\/div>\n<\/div>\n<\/div>\n<\/div>\n<div class=\"oKdM2c\">\n<div id=\"h.a902116945ee999_162\" class=\"hJDwNd-AhqUyc-OwsYgb jXK9ad D2fZ2 GNzUNc\">\n<div class=\"jXK9ad-SmKAyb\">\n<div class=\"tyJCtd mGzaTb baZpAe\">\n<p class=\"CDt4Ke zfr3Q\" dir=\"ltr\" style=\"text-align: justify;\">Us presentem l&#8217;espai virtual de M\u00fasica, des del qual podreu tenir acc\u00e9s a la p\u00e0gina de cada grup classe, imatges, v\u00eddeos i materials que estem treballant a l&#8217;aula de M\u00fasica. Aix\u00ed tamb\u00e9 com recomanacions, projectes i novetats. Esperem que aquest espai sigui profit\u00f3s per tots i totes i sobretot que puguem gaudir de la M\u00fasica plegats\/des.<\/p>\n<h6 dir=\"ltr\" style=\"text-align: center;\">Clica a la imatge<\/h6>\n<p dir=\"ltr\"><a href=\"https:\/\/sites.google.com\/d\/1dxfPCwN0WL2XXpr6_d1gyi-f19m2sDOE\/p\/1ssQJ4t_Kr31NFCYtJ8nCN5i_AE0HJuan\/edit\" target=\"_blank\" rel=\"noopener\"><img loading=\"lazy\" decoding=\"async\" class=\"size-full wp-image-2417 aligncenter\" src=\"https:\/\/agora.xtec.cat\/escolagermanesbertomeu\/wp-content\/uploads\/usu1488\/2020\/10\/unnamed.jpg\" alt=\"\" width=\"275\" height=\"183\" \/><\/a><\/p>\n<\/div>\n<\/div>\n<\/div>\n<\/div>\n<p>&nbsp;<\/p>\n","protected":false},"excerpt":{"rendered":"<p>Us presentem l&#8217;espai virtual de M\u00fasica, des del qual podreu tenir acc\u00e9s a la p\u00e0gina de cada grup classe, imatges, v\u00eddeos i materials que estem treballant a l&#8217;aula de M\u00fasica. Aix\u00ed tamb\u00e9 com recomanacions, projectes i novetats. Esperem que aquest espai sigui profit\u00f3s per tots&hellip;  <a href=\"https:\/\/agora.xtec.cat\/escolagermanesbertomeu\/nivells\/musica\/\" title=\"Read M\u00fasica\">Llegeix m\u00e9s\u00bb<\/a><\/p>\n","protected":false},"author":1,"featured_media":0,"parent":87,"menu_order":1,"comment_status":"closed","ping_status":"closed","template":"","meta":{"_bbp_topic_count":0,"_bbp_reply_count":0,"_bbp_total_topic_count":0,"_bbp_total_reply_count":0,"_bbp_voice_count":0,"_bbp_anonymous_reply_count":0,"_bbp_topic_count_hidden":0,"_bbp_reply_count_hidden":0,"_bbp_forum_subforum_count":0,"footnotes":""},"class_list":["post-2414","page","type-page","status-publish","hentry"],"post_mailing_queue_ids":[],"_links":{"self":[{"href":"https:\/\/agora.xtec.cat\/escolagermanesbertomeu\/wp-json\/wp\/v2\/pages\/2414","targetHints":{"allow":["GET"]}}],"collection":[{"href":"https:\/\/agora.xtec.cat\/escolagermanesbertomeu\/wp-json\/wp\/v2\/pages"}],"about":[{"href":"https:\/\/agora.xtec.cat\/escolagermanesbertomeu\/wp-json\/wp\/v2\/types\/page"}],"author":[{"embeddable":true,"href":"https:\/\/agora.xtec.cat\/escolagermanesbertomeu\/wp-json\/wp\/v2\/users\/1"}],"replies":[{"embeddable":true,"href":"https:\/\/agora.xtec.cat\/escolagermanesbertomeu\/wp-json\/wp\/v2\/comments?post=2414"}],"version-history":[{"count":5,"href":"https:\/\/agora.xtec.cat\/escolagermanesbertomeu\/wp-json\/wp\/v2\/pages\/2414\/revisions"}],"predecessor-version":[{"id":3257,"href":"https:\/\/agora.xtec.cat\/escolagermanesbertomeu\/wp-json\/wp\/v2\/pages\/2414\/revisions\/3257"}],"up":[{"embeddable":true,"href":"https:\/\/agora.xtec.cat\/escolagermanesbertomeu\/wp-json\/wp\/v2\/pages\/87"}],"wp:attachment":[{"href":"https:\/\/agora.xtec.cat\/escolagermanesbertomeu\/wp-json\/wp\/v2\/media?parent=2414"}],"curies":[{"name":"wp","href":"https:\/\/api.w.org\/{rel}","templated":true}]}}

Música

<div class="oKdM2c Kzv0Me">
<div id="h.a902116945ee999_160" class="hJDwNd-AhqUyc-OwsYgb jXK9ad D2fZ2 OjCsFc GNzUNc">
<div class="jXK9ad-SmKAyb">
<div class="tyJCtd mGzaTb baZpAe">
<div></div>
<div style="text-align: justify;"></div>
</div>
</div>
</div>
</div>
<div class="oKdM2c">
<div id="h.a902116945ee999_162" class="hJDwNd-AhqUyc-OwsYgb jXK9ad D2fZ2 GNzUNc">
<div class="jXK9ad-SmKAyb">
<div class="tyJCtd mGzaTb baZpAe">
<p class="CDt4Ke zfr3Q" dir="ltr" style="text-align: justify;">Us presentem l&#8217;espai virtual de Música, des del qual podreu tenir accés a la pàgina de cada grup classe, imatges, vídeos i materials que estem treballant a l&#8217;aula de Música. Així també com recomanacions, projectes i novetats. Esperem que aquest espai sigui profitós per tots i totes i sobretot que puguem gaudir de la Música plegats/des.</p>
<h6 dir="ltr" style="text-align: center;">Clica a la imatge</h6>
<p dir="ltr"><a href="https://sites.google.com/d/1dxfPCwN0WL2XXpr6_d1gyi-f19m2sDOE/p/1ssQJ4t_Kr31NFCYtJ8nCN5i_AE0HJuan/edit" target="_blank" rel="noopener"><img loading="lazy" decoding="async" class="size-full wp-image-2417 aligncenter" src="https://agora.xtec.cat/escolagermanesbertomeu/wp-content/uploads/usu1488/2020/10/unnamed.jpg" alt="" width="275" height="183" /></a></p>
</div>
</div>
</div>
</div>
<p>&nbsp;</p>

<p>Us presentem l&#8217;espai virtual de Música, des del qual podreu tenir accés a la pàgina de cada grup classe, imatges, vídeos i materials que estem treballant a l&#8217;aula de Música. Així també com recomanacions, projectes i novetats. Esperem que aquest espai sigui profitós per tots&hellip;  <a href="https://agora.xtec.cat/escolagermanesbertomeu/nivells/musica/" title="Read Música">Llegeix més»</a></p>
