{"id":2318,"date":"2020-05-12T17:57:08","date_gmt":"2020-05-12T15:57:08","guid":{"rendered":"http:\/\/agora.xtec.cat\/escolagermanesbertomeu\/?page_id=2318"},"modified":"2020-07-07T09:40:02","modified_gmt":"2020-07-07T07:40:02","slug":"preinscripcio-2020-2021","status":"publish","type":"page","link":"https:\/\/agora.xtec.cat\/escolagermanesbertomeu\/preinscripcio-2020-2021\/","title":{"rendered":"Preinscripci\u00f3 2020-2021"},"content":{"rendered":"<p><strong>CALENDARI DEL PROC\u00c9S:<\/strong><\/p>\n<div class=\"FW_sPregunta FW_sImpacte\">\n<div class=\"FW_sArticleFoto\">\n<div class=\"FW_sEditPro\">\n<ul>\n<li><del><a href=\"https:\/\/drive.google.com\/file\/d\/1PLj8Asx9pyHdxud1nE4JjZM5At6gHv4m\/view?usp=sharing\">Llista de sol\u00b7licituds<\/a> amb la <strong>puntuaci\u00f3 provisional<\/strong>: <strong>29 de maig<\/strong>.<\/del><\/li>\n<li><del>Presentaci\u00f3 de <strong>reclamacions<\/strong>: del <strong>2 al 5 de juny<\/strong>. Cita pr\u00e8via <a href=\"https:\/\/aplicacions.gestioeducativa.gencat.cat\/pls\/apex\/f?p=CITA_PREVIA:4::::4:P4_TIPUS_CALENDARI,P4_DOMINI:02_Oblig,08020929\">aqu\u00ed<\/a> o al 640 14 21 76.<\/del><\/li>\n<li><del><a href=\"https:\/\/drive.google.com\/file\/d\/1-yA1lsWduBOm2_c8O19EUGSP3lOus27h\/view?usp=sharing\">Llista de sol\u00b7licituds<\/a> amb la puntuaci\u00f3 un cop resoltes les reclamacions: 9 de juny.<\/del><\/li>\n<li><del>Sorteig del n\u00famero de desempat: 9 de juny de 2020, a les 11 hores.<\/del><br \/>\n<h1><span style=\"color: #3366ff;\">33.386<\/span><\/h1>\n<\/li>\n<li><a href=\"https:\/\/drive.google.com\/file\/d\/10M-XLQf9fWcXARwg3g4WQQJ7_Gu9QafO\/view?usp=sharing\"><strong>Llista ordenada<\/strong> definitiva:<\/a> <strong>11 de juny<\/strong>.<\/li>\n<li>Ampliaci\u00f3 de petici\u00f3 de centres per a les sol\u00b7licituds que no han obtingut cap assignaci\u00f3 (assignaci\u00f3 d&#8217;ofici): del del 26 al 29 de juny de 2020<\/li>\n<li>Oferta final de places escolars: 6 de juliol.<\/li>\n<li><strong><a href=\"https:\/\/drive.google.com\/file\/d\/1g8mRav8bJE3y7wQrm57KEginNugUFu5k\/view?usp=sharing\">Llista d&#8217;alumnes admesos<\/a> i <a href=\"https:\/\/drive.google.com\/file\/d\/1htdZOiQV8Ao6V_WsHf5xxcL19bVJoQ9x\/view?usp=sharing\">llista d&#8217;alumnes preinscrits amb assignaci\u00f3<\/a><\/strong> i\u00a0llista d&#8217;espera: <strong>7 de juliol.<\/strong><\/li>\n<li><strong>Matr\u00edcula<\/strong> dels alumnes preinscrits amb pla\u00e7a assignada: del <strong>13 al 17 de juliol<\/strong>.<\/li>\n<\/ul>\n<p>&nbsp;<\/p>\n<p><strong>SOL.LICITUDS FORA DE TERMINI<\/strong><\/p>\n<p>El termini de presentaci\u00f3 de sol\u00b7licituds va tenir lloc del 13 al 22 de maig. Tot i aix\u00f2, <strong>fora de termini<\/strong> se seguiran rebent sol\u00b7licituds a trav\u00e9s de la b\u00fastia electr\u00f2nica del centre: a8020929<span class=\"\">@xtec.cat.<\/span><\/p>\n<p>Pots seguir aquests passos:<\/p>\n<ol>\n<li style=\"font-weight: 400;\"><span style=\"font-weight: 400;\">Descarrega i omple la <\/span><strong><a href=\"https:\/\/drive.google.com\/file\/d\/1IHNzjQ5mTQ-ZuvF3sqzvl7rw67q610jN\/view?usp=sharing\"><span style=\"text-decoration: underline;\">Sol\u00b7licitud<\/span><\/a><\/strong><span style=\"font-weight: 400;\"> en PDF.<\/span><\/li>\n<li style=\"font-weight: 400;\"><span style=\"font-weight: 400;\">Escanneja-la o fes una foto de les dues cares.\u00a0<\/span><\/li>\n<li>Escanneja o fotografia la documentaci\u00f3 requerida (DNI\/NIE dels adults i de l&#8217;infant, llibre de fam\u00edlia, targeta sanit\u00e0ria).<\/li>\n<li style=\"font-weight: 400;\"><span style=\"font-weight: 400;\">Envia la sol\u00b7licitud i la documentaci\u00f3 a l\u2019adre\u00e7a del centre: <\/span><span style=\"text-decoration: underline;\"><strong><a href=\"mailto:a8020929@xtec.cat\">a8020929@xtec.cat<\/a><\/strong><\/span><\/li>\n<li style=\"font-weight: 400;\"><span style=\"font-weight: 400;\">Tindr\u00e0s resposta per part nostra que confirmar\u00e0 la recepci\u00f3 el mateix dia.<\/span><\/li>\n<\/ol>\n<p>Font: <a href=\"http:\/\/queestudiar.gencat.cat\/ca\/preinscripcio\/estudis\/obligatoris\/\">http:\/\/queestudiar.gencat.cat\/ca\/preinscripcio\/estudis\/obligatoris\/<\/a><\/p>\n<\/div>\n<\/div>\n<div class=\"FW_clear FW_hrBlanc\"><\/div>\n<\/div>\n","protected":false},"excerpt":{"rendered":"<p>CALENDARI DEL PROC\u00c9S:<\/p>\n<ul>\n<li><a href=\"https:\/\/drive.google.com\/file\/d\/1PLj8Asx9pyHdxud1nE4JjZM5At6gHv4m\/view?usp=sharing\">Llista de sol\u00b7licituds<\/a> amb la puntuaci\u00f3 provisional: 29 de maig.<\/li>\n<li>Presentaci\u00f3 de reclamacions: del 2 al 5 de juny. Cita pr\u00e8via <a href=\"https:\/\/aplicacions.gestioeducativa.gencat.cat\/pls\/apex\/f?p=CITA_PREVIA:4::::4:P4_TIPUS_CALENDARI,P4_DOMINI:02_Oblig,08020929\">aqu\u00ed<\/a> o al 640 14 21 76.<\/li>\n<li><a href=\"https:\/\/drive.google.com\/file\/d\/1-yA1lsWduBOm2_c8O19EUGSP3lOus27h\/view?usp=sharing\">Llista de sol\u00b7licituds<\/a> amb la puntuaci\u00f3 un cop resoltes les reclamacions: 9 de juny.<\/li>\n<li>Sorteig&hellip;  <a href=\"https:\/\/agora.xtec.cat\/escolagermanesbertomeu\/preinscripcio-2020-2021\/\" title=\"Read Preinscripci\u00f3 2020-2021\">Llegeix m\u00e9s\u00bb<\/a><br \/>\n","protected":false},"author":1,"featured_media":0,"parent":0,"menu_order":1,"comment_status":"closed","ping_status":"closed","template":"","meta":{"_bbp_topic_count":0,"_bbp_reply_count":0,"_bbp_total_topic_count":0,"_bbp_total_reply_count":0,"_bbp_voice_count":0,"_bbp_anonymous_reply_count":0,"_bbp_topic_count_hidden":0,"_bbp_reply_count_hidden":0,"_bbp_forum_subforum_count":0,"footnotes":""},"class_list":["post-2318","page","type-page","status-publish","hentry"],"post_mailing_queue_ids":[],"_links":{"self":[{"href":"https:\/\/agora.xtec.cat\/escolagermanesbertomeu\/wp-json\/wp\/v2\/pages\/2318","targetHints":{"allow":["GET"]}}],"collection":[{"href":"https:\/\/agora.xtec.cat\/escolagermanesbertomeu\/wp-json\/wp\/v2\/pages"}],"about":[{"href":"https:\/\/agora.xtec.cat\/escolagermanesbertomeu\/wp-json\/wp\/v2\/types\/page"}],"author":[{"embeddable":true,"href":"https:\/\/agora.xtec.cat\/escolagermanesbertomeu\/wp-json\/wp\/v2\/users\/1"}],"replies":[{"embeddable":true,"href":"https:\/\/agora.xtec.cat\/escolagermanesbertomeu\/wp-json\/wp\/v2\/comments?post=2318"}],"version-history":[{"count":4,"href":"https:\/\/agora.xtec.cat\/escolagermanesbertomeu\/wp-json\/wp\/v2\/pages\/2318\/revisions"}],"predecessor-version":[{"id":2323,"href":"https:\/\/agora.xtec.cat\/escolagermanesbertomeu\/wp-json\/wp\/v2\/pages\/2318\/revisions\/2323"}],"wp:attachment":[{"href":"https:\/\/agora.xtec.cat\/escolagermanesbertomeu\/wp-json\/wp\/v2\/media?parent=2318"}],"curies":[{"name":"wp","href":"https:\/\/api.w.org\/{rel}","templated":true}]}}

Preinscripció 2020-2021

<p><strong>CALENDARI DEL PROCÉS:</strong></p>
<div class="FW_sPregunta FW_sImpacte">
<div class="FW_sArticleFoto">
<div class="FW_sEditPro">
<ul>
<li><del><a href="https://drive.google.com/file/d/1PLj8Asx9pyHdxud1nE4JjZM5At6gHv4m/view?usp=sharing">Llista de sol·licituds</a> amb la <strong>puntuació provisional</strong>: <strong>29 de maig</strong>.</del></li>
<li><del>Presentació de <strong>reclamacions</strong>: del <strong>2 al 5 de juny</strong>. Cita prèvia <a href="https://aplicacions.gestioeducativa.gencat.cat/pls/apex/f?p=CITA_PREVIA:4::::4:P4_TIPUS_CALENDARI,P4_DOMINI:02_Oblig,08020929">aquí</a> o al 640 14 21 76.</del></li>
<li><del><a href="https://drive.google.com/file/d/1-yA1lsWduBOm2_c8O19EUGSP3lOus27h/view?usp=sharing">Llista de sol·licituds</a> amb la puntuació un cop resoltes les reclamacions: 9 de juny.</del></li>
<li><del>Sorteig del número de desempat: 9 de juny de 2020, a les 11 hores.</del><br />
<h1><span style="color: #3366ff;">33.386</span></h1>
</li>
<li><a href="https://drive.google.com/file/d/10M-XLQf9fWcXARwg3g4WQQJ7_Gu9QafO/view?usp=sharing"><strong>Llista ordenada</strong> definitiva:</a> <strong>11 de juny</strong>.</li>
<li>Ampliació de petició de centres per a les sol·licituds que no han obtingut cap assignació (assignació d&#8217;ofici): del del 26 al 29 de juny de 2020</li>
<li>Oferta final de places escolars: 6 de juliol.</li>
<li><strong><a href="https://drive.google.com/file/d/1g8mRav8bJE3y7wQrm57KEginNugUFu5k/view?usp=sharing">Llista d&#8217;alumnes admesos</a> i <a href="https://drive.google.com/file/d/1htdZOiQV8Ao6V_WsHf5xxcL19bVJoQ9x/view?usp=sharing">llista d&#8217;alumnes preinscrits amb assignació</a></strong> i llista d&#8217;espera: <strong>7 de juliol.</strong></li>
<li><strong>Matrícula</strong> dels alumnes preinscrits amb plaça assignada: del <strong>13 al 17 de juliol</strong>.</li>
</ul>
<p>&nbsp;</p>
<p><strong>SOL.LICITUDS FORA DE TERMINI</strong></p>
<p>El termini de presentació de sol·licituds va tenir lloc del 13 al 22 de maig. Tot i això, <strong>fora de termini</strong> se seguiran rebent sol·licituds a través de la bústia electrònica del centre: a8020929<span class="">@xtec.cat.</span></p>
<p>Pots seguir aquests passos:</p>
<ol>
<li style="font-weight: 400;"><span style="font-weight: 400;">Descarrega i omple la </span><strong><a href="https://drive.google.com/file/d/1IHNzjQ5mTQ-ZuvF3sqzvl7rw67q610jN/view?usp=sharing"><span style="text-decoration: underline;">Sol·licitud</span></a></strong><span style="font-weight: 400;"> en PDF.</span></li>
<li style="font-weight: 400;"><span style="font-weight: 400;">Escanneja-la o fes una foto de les dues cares. </span></li>
<li>Escanneja o fotografia la documentació requerida (DNI/NIE dels adults i de l&#8217;infant, llibre de família, targeta sanitària).</li>
<li style="font-weight: 400;"><span style="font-weight: 400;">Envia la sol·licitud i la documentació a l’adreça del centre: </span><span style="text-decoration: underline;"><strong><a href="mailto:a8020929@xtec.cat">a8020929@xtec.cat</a></strong></span></li>
<li style="font-weight: 400;"><span style="font-weight: 400;">Tindràs resposta per part nostra que confirmarà la recepció el mateix dia.</span></li>
</ol>
<p>Font: <a href="http://queestudiar.gencat.cat/ca/preinscripcio/estudis/obligatoris/">http://queestudiar.gencat.cat/ca/preinscripcio/estudis/obligatoris/</a></p>
</div>
</div>
<div class="FW_clear FW_hrBlanc"></div>
</div>

<p>CALENDARI DEL PROCÉS:</p>
<ul>
<li><a href="https://drive.google.com/file/d/1PLj8Asx9pyHdxud1nE4JjZM5At6gHv4m/view?usp=sharing">Llista de sol·licituds</a> amb la puntuació provisional: 29 de maig.</li>
<li>Presentació de reclamacions: del 2 al 5 de juny. Cita prèvia <a href="https://aplicacions.gestioeducativa.gencat.cat/pls/apex/f?p=CITA_PREVIA:4::::4:P4_TIPUS_CALENDARI,P4_DOMINI:02_Oblig,08020929">aquí</a> o al 640 14 21 76.</li>
<li><a href="https://drive.google.com/file/d/1-yA1lsWduBOm2_c8O19EUGSP3lOus27h/view?usp=sharing">Llista de sol·licituds</a> amb la puntuació un cop resoltes les reclamacions: 9 de juny.</li>
<li>Sorteig&hellip;  <a href="https://agora.xtec.cat/escolagermanesbertomeu/preinscripcio-2020-2021/" title="Read Preinscripció 2020-2021">Llegeix més»</a><br />
