{"id":2018,"date":"2019-10-29T16:52:27","date_gmt":"2019-10-29T15:52:27","guid":{"rendered":"http:\/\/agora.xtec.cat\/escolagermanesbertomeu\/?page_id=2018"},"modified":"2021-01-15T09:28:48","modified_gmt":"2021-01-15T08:28:48","slug":"50-anys-descola","status":"publish","type":"page","link":"https:\/\/agora.xtec.cat\/escolagermanesbertomeu\/50-anys-descola\/","title":{"rendered":"50 anys somiant junts"},"content":{"rendered":"<p>El 2019 va ser el <strong>50\u00e8 aniversari de Germanes Bertomeu<\/strong>: 1969-2019.<\/p>\n<p>Per celebrar l&#8217;efem\u00e8ride es va constitur una comissi\u00f3 de treball espec\u00edfica formada per mestres (en actiu i jubilades), personal laboral, mares, pares i l&#8217;equip directiu. Aquesta comissi\u00f3 va elaborar un programa d&#8217;actes.<\/p>\n<p>Malauradament, amb l&#8217;arribada de la pand\u00e8mia la majoria d&#8217;actes es van haver de cancel\u00b7lar, ja que sovint constaven de trobades en societat. Esperem que en un futur no massa llunya, el context permeti reprendre alguns dels punts que s&#8217;estaven organitzant, com ara l&#8217;edici\u00f3 d&#8217;un llibre commemoratiu i un sopar de la comunitat (exalumnes inclosos).<\/p>\n<p>El que s\u00ed vam poder realitzar va ser, de fet, l&#8217;<a href=\"https:\/\/agora.xtec.cat\/escolagermanesbertomeu\/general\/acte-commemoratiu-50e-aniversari\/\">acte oficial commemoratiu<\/a> al Sal\u00f3 de Plens de l&#8217;Ajuntament, el 27 de novembre de 2019.<\/p>\n","protected":false},"excerpt":{"rendered":"<p>El 2019 va ser el 50\u00e8 aniversari de Germanes Bertomeu: 1969-2019.<br \/>\nPer celebrar l&#8217;efem\u00e8ride es va constitur una comissi\u00f3 de treball espec\u00edfica formada per mestres (en actiu i jubilades), personal laboral, mares, pares i l&#8217;equip directiu. Aquesta comissi\u00f3 va elaborar un programa d&#8217;actes.<br \/>\nMalauradament, amb l&#8217;arribada de&hellip;  <a href=\"https:\/\/agora.xtec.cat\/escolagermanesbertomeu\/50-anys-descola\/\" title=\"Read 50 anys somiant junts\">Llegeix m\u00e9s\u00bb<\/a><\/p>\n","protected":false},"author":1,"featured_media":0,"parent":0,"menu_order":0,"comment_status":"closed","ping_status":"closed","template":"page-templates\/side-menu.php","meta":{"_bbp_topic_count":0,"_bbp_reply_count":0,"_bbp_total_topic_count":0,"_bbp_total_reply_count":0,"_bbp_voice_count":0,"_bbp_anonymous_reply_count":0,"_bbp_topic_count_hidden":0,"_bbp_reply_count_hidden":0,"_bbp_forum_subforum_count":0,"footnotes":""},"class_list":["post-2018","page","type-page","status-publish","hentry"],"post_mailing_queue_ids":[],"_links":{"self":[{"href":"https:\/\/agora.xtec.cat\/escolagermanesbertomeu\/wp-json\/wp\/v2\/pages\/2018","targetHints":{"allow":["GET"]}}],"collection":[{"href":"https:\/\/agora.xtec.cat\/escolagermanesbertomeu\/wp-json\/wp\/v2\/pages"}],"about":[{"href":"https:\/\/agora.xtec.cat\/escolagermanesbertomeu\/wp-json\/wp\/v2\/types\/page"}],"author":[{"embeddable":true,"href":"https:\/\/agora.xtec.cat\/escolagermanesbertomeu\/wp-json\/wp\/v2\/users\/1"}],"replies":[{"embeddable":true,"href":"https:\/\/agora.xtec.cat\/escolagermanesbertomeu\/wp-json\/wp\/v2\/comments?post=2018"}],"version-history":[{"count":3,"href":"https:\/\/agora.xtec.cat\/escolagermanesbertomeu\/wp-json\/wp\/v2\/pages\/2018\/revisions"}],"predecessor-version":[{"id":2483,"href":"https:\/\/agora.xtec.cat\/escolagermanesbertomeu\/wp-json\/wp\/v2\/pages\/2018\/revisions\/2483"}],"wp:attachment":[{"href":"https:\/\/agora.xtec.cat\/escolagermanesbertomeu\/wp-json\/wp\/v2\/media?parent=2018"}],"curies":[{"name":"wp","href":"https:\/\/api.w.org\/{rel}","templated":true}]}}

<p>El 2019 va ser el <strong>50è aniversari de Germanes Bertomeu</strong>: 1969-2019.</p>
<p>Per celebrar l&#8217;efemèride es va constitur una comissió de treball específica formada per mestres (en actiu i jubilades), personal laboral, mares, pares i l&#8217;equip directiu. Aquesta comissió va elaborar un programa d&#8217;actes.</p>
<p>Malauradament, amb l&#8217;arribada de la pandèmia la majoria d&#8217;actes es van haver de cancel·lar, ja que sovint constaven de trobades en societat. Esperem que en un futur no massa llunya, el context permeti reprendre alguns dels punts que s&#8217;estaven organitzant, com ara l&#8217;edició d&#8217;un llibre commemoratiu i un sopar de la comunitat (exalumnes inclosos).</p>
<p>El que sí vam poder realitzar va ser, de fet, l&#8217;<a href="https://agora.xtec.cat/escolagermanesbertomeu/general/acte-commemoratiu-50e-aniversari/">acte oficial commemoratiu</a> al Saló de Plens de l&#8217;Ajuntament, el 27 de novembre de 2019.</p>

<p>El 2019 va ser el 50è aniversari de Germanes Bertomeu: 1969-2019.<br />
Per celebrar l&#8217;efemèride es va constitur una comissió de treball específica formada per mestres (en actiu i jubilades), personal laboral, mares, pares i l&#8217;equip directiu. Aquesta comissió va elaborar un programa d&#8217;actes.<br />
Malauradament, amb l&#8217;arribada de&hellip;  <a href="https://agora.xtec.cat/escolagermanesbertomeu/50-anys-descola/" title="Read 50 anys somiant junts">Llegeix més»</a></p>
