{"id":1986,"date":"2019-10-09T16:32:16","date_gmt":"2019-10-09T14:32:16","guid":{"rendered":"http:\/\/agora.xtec.cat\/escolagermanesbertomeu\/?page_id=1986"},"modified":"2025-09-06T19:15:14","modified_gmt":"2025-09-06T17:15:14","slug":"material-escolar-i-sortides","status":"publish","type":"page","link":"https:\/\/agora.xtec.cat\/escolagermanesbertomeu\/lescola\/material-escolar-i-sortides\/","title":{"rendered":"Material escolar i sortides"},"content":{"rendered":"<p>El Consell Escolar ha disposat el cobrament de les seg\u00fcents quotes anuals a les fam\u00edlies -que complementen els ingressos de les administracions- per desenvolupar totes les activitats i serveis atenent sempre al principi d&#8217;oferir sempre la m\u00e0xima qualitat educativa.<\/p>\n<p>QUOTES ANUALS:<\/p>\n<ul>\n<li><span style=\"text-decoration: underline;\"><span style=\"font-family: inherit; font-size: 1em;\">Material<\/span><span style=\"font-family: inherit; font-size: 1em;\"> escolar<\/span><\/span><span style=\"font-family: inherit; font-size: 1em;\"> (fungible, fotoc\u00f2pies, biblioteca): 100<\/span><span style=\"font-family: inherit; font-size: 1em;\">\u20ac \/ infant<\/span><\/li>\n<li><span style=\"text-decoration: underline;\">Sortides<\/span> (entrades, autocars, tallers): 70\u20ac \/ infant<\/li>\n<li><span style=\"text-decoration: underline;\">AFA<\/span>: 15\u20ac \/ fam\u00edlia<\/li>\n<\/ul>\n<p>TOTAL CURS: <strong>170\u20ac per alumne\/a + 15\u20ac per fam\u00edlia.<\/strong><\/p>\n<p>Els pagaments s&#8217;han d&#8217;efectuar a trav\u00e9s del servei de TPVescola (App m\u00f2bil, internet o terminal f\u00edsic).<\/p>\n","protected":false},"excerpt":{"rendered":"<p>El Consell Escolar ha disposat el cobrament de les seg\u00fcents quotes anuals a les fam\u00edlies -que complementen els ingressos de les administracions- per desenvolupar totes les activitats i serveis atenent sempre al principi d&#8217;oferir sempre la m\u00e0xima qualitat educativa.<br \/>\nQUOTES ANUALS:<\/p>\n<ul>\n<li>Material escolar (fungible, fotoc\u00f2pies, biblioteca): 100\u20ac&hellip;  <a href=\"https:\/\/agora.xtec.cat\/escolagermanesbertomeu\/lescola\/material-escolar-i-sortides\/\" title=\"Read Material escolar i sortides\">Llegeix m\u00e9s\u00bb<\/a><br \/>\n","protected":false},"author":1,"featured_media":0,"parent":22,"menu_order":90,"comment_status":"closed","ping_status":"closed","template":"page-templates\/side-menu.php","meta":{"_bbp_topic_count":0,"_bbp_reply_count":0,"_bbp_total_topic_count":0,"_bbp_total_reply_count":0,"_bbp_voice_count":0,"_bbp_anonymous_reply_count":0,"_bbp_topic_count_hidden":0,"_bbp_reply_count_hidden":0,"_bbp_forum_subforum_count":0,"footnotes":""},"class_list":["post-1986","page","type-page","status-publish","hentry"],"post_mailing_queue_ids":[],"_links":{"self":[{"href":"https:\/\/agora.xtec.cat\/escolagermanesbertomeu\/wp-json\/wp\/v2\/pages\/1986","targetHints":{"allow":["GET"]}}],"collection":[{"href":"https:\/\/agora.xtec.cat\/escolagermanesbertomeu\/wp-json\/wp\/v2\/pages"}],"about":[{"href":"https:\/\/agora.xtec.cat\/escolagermanesbertomeu\/wp-json\/wp\/v2\/types\/page"}],"author":[{"embeddable":true,"href":"https:\/\/agora.xtec.cat\/escolagermanesbertomeu\/wp-json\/wp\/v2\/users\/1"}],"replies":[{"embeddable":true,"href":"https:\/\/agora.xtec.cat\/escolagermanesbertomeu\/wp-json\/wp\/v2\/comments?post=1986"}],"version-history":[{"count":6,"href":"https:\/\/agora.xtec.cat\/escolagermanesbertomeu\/wp-json\/wp\/v2\/pages\/1986\/revisions"}],"predecessor-version":[{"id":3376,"href":"https:\/\/agora.xtec.cat\/escolagermanesbertomeu\/wp-json\/wp\/v2\/pages\/1986\/revisions\/3376"}],"up":[{"embeddable":true,"href":"https:\/\/agora.xtec.cat\/escolagermanesbertomeu\/wp-json\/wp\/v2\/pages\/22"}],"wp:attachment":[{"href":"https:\/\/agora.xtec.cat\/escolagermanesbertomeu\/wp-json\/wp\/v2\/media?parent=1986"}],"curies":[{"name":"wp","href":"https:\/\/api.w.org\/{rel}","templated":true}]}}

<p>El Consell Escolar ha disposat el cobrament de les següents quotes anuals a les famílies -que complementen els ingressos de les administracions- per desenvolupar totes les activitats i serveis atenent sempre al principi d&#8217;oferir sempre la màxima qualitat educativa.</p>
<p>QUOTES ANUALS:</p>
<ul>
<li><span style="text-decoration: underline;"><span style="font-family: inherit; font-size: 1em;">Material</span><span style="font-family: inherit; font-size: 1em;"> escolar</span></span><span style="font-family: inherit; font-size: 1em;"> (fungible, fotocòpies, biblioteca): 100</span><span style="font-family: inherit; font-size: 1em;">€ / infant</span></li>
<li><span style="text-decoration: underline;">Sortides</span> (entrades, autocars, tallers): 70€ / infant</li>
<li><span style="text-decoration: underline;">AFA</span>: 15€ / família</li>
</ul>
<p>TOTAL CURS: <strong>170€ per alumne/a + 15€ per família.</strong></p>
<p>Els pagaments s&#8217;han d&#8217;efectuar a través del servei de TPVescola (App mòbil, internet o terminal físic).</p>

<p>El Consell Escolar ha disposat el cobrament de les següents quotes anuals a les famílies -que complementen els ingressos de les administracions- per desenvolupar totes les activitats i serveis atenent sempre al principi d&#8217;oferir sempre la màxima qualitat educativa.<br />
QUOTES ANUALS:</p>
<ul>
<li>Material escolar (fungible, fotocòpies, biblioteca): 100€&hellip;  <a href="https://agora.xtec.cat/escolagermanesbertomeu/lescola/material-escolar-i-sortides/" title="Read Material escolar i sortides">Llegeix més»</a><br />
