{"id":21528,"date":"2026-02-27T11:49:14","date_gmt":"2026-02-27T10:49:14","guid":{"rendered":"https:\/\/agora.xtec.cat\/escolagaudisantboi\/?page_id=21528"},"modified":"2026-02-27T11:50:18","modified_gmt":"2026-02-27T10:50:18","slug":"locofestival","status":"publish","type":"page","link":"https:\/\/agora.xtec.cat\/escolagaudisantboi\/locofestival\/","title":{"rendered":"LocoFestival"},"content":{"rendered":"<p style=\"text-align: justify;\">L&#8217;<strong>alumnat de cinqu\u00e8 de prim\u00e0ria<\/strong> de l&#8217;<strong>Escola Antoni Gaud\u00ed<\/strong> participa en el <strong>Loco Festival<\/strong>, un projecte educatiu i art\u00edstic que compta amb la col\u00b7laboraci\u00f3 activa i el finan\u00e7ament de l&#8217;<strong>Ajuntament de Sant Boi<\/strong>, a trav\u00e9s de la seva <strong>Unitat de Cooperaci\u00f3, Solidaritat i Pau<\/strong>.<\/p>\n<p>Aquesta iniciativa conjunta es desenvolupa amb els seg\u00fcents eixos principals:<\/p>\n<ul>\n<li><strong>Promoci\u00f3 de valors:<\/strong> El projecte busca fomentar la <strong>solidaritat<\/strong>, la <strong>interculturalitat<\/strong> i la defensa dels <strong>Drets Humans<\/strong> entre els infants.<\/li>\n<li><strong>Eina de transformaci\u00f3 social:<\/strong> Mitjan\u00e7ant la creaci\u00f3 art\u00edstica i les activitats esc\u00e8niques, es treballen conceptes com la <strong>just\u00edcia global<\/strong>, la <strong>inclusi\u00f3<\/strong> i la <strong>dignitat humana<\/strong>.<\/li>\n<li><strong>Sensibilitzaci\u00f3 creativa:<\/strong> L&#8217;alumnat utilitza l&#8217;expressi\u00f3 art\u00edstica per connectar emocionalment amb realitats globals, facilitant l&#8217;assimilaci\u00f3 de valors com l&#8217;<strong>empatia<\/strong> i la valentia.<\/li>\n<\/ul>\n<p>Aquesta col\u00b7laboraci\u00f3, plenament integrada en el Pla Anual de Centre (PAC), reflecteix el comprom\u00eds de l&#8217;ajuntament i la comunitat educativa per educar en la pau i la just\u00edcia des de les aules.<\/p>\n","protected":false},"excerpt":{"rendered":"<p>L&#8217;alumnat de cinqu\u00e8 de prim\u00e0ria de l&#8217;Escola Antoni Gaud\u00ed participa en el Loco Festival, un projecte educatiu i art\u00edstic que compta amb la col\u00b7laboraci\u00f3 activa i el finan\u00e7ament de l&#8217;Ajuntament de Sant Boi, a trav\u00e9s de la seva Unitat de Cooperaci\u00f3, Solidaritat i Pau. Aquesta iniciativa conjunta es desenvolupa amb els seg\u00fcents eixos principals: Promoci\u00f3 [&hellip;]<\/p>\n","protected":false},"author":34,"featured_media":0,"parent":0,"menu_order":0,"comment_status":"closed","ping_status":"closed","template":"","meta":{"_bbp_topic_count":0,"_bbp_reply_count":0,"_bbp_total_topic_count":0,"_bbp_total_reply_count":0,"_bbp_voice_count":0,"_bbp_anonymous_reply_count":0,"_bbp_topic_count_hidden":0,"_bbp_reply_count_hidden":0,"_bbp_forum_subforum_count":0,"site-sidebar-layout":"default","site-content-layout":"","ast-site-content-layout":"default","site-content-style":"default","site-sidebar-style":"default","ast-global-header-display":"","ast-banner-title-visibility":"","ast-main-header-display":"","ast-hfb-above-header-display":"","ast-hfb-below-header-display":"","ast-hfb-mobile-header-display":"","site-post-title":"","ast-breadcrumbs-content":"","ast-featured-img":"","footer-sml-layout":"","theme-transparent-header-meta":"default","adv-header-id-meta":"","stick-header-meta":"","header-above-stick-meta":"","header-main-stick-meta":"","header-below-stick-meta":"","astra-migrate-meta-layouts":"set","ast-page-background-enabled":"default","ast-page-background-meta":{"desktop":{"background-color":"var(--ast-global-color-4)","background-image":"","background-repeat":"repeat","background-position":"center center","background-size":"auto","background-attachment":"scroll","background-type":"","background-media":"","overlay-type":"","overlay-color":"","overlay-opacity":"","overlay-gradient":""},"tablet":{"background-color":"","background-image":"","background-repeat":"repeat","background-position":"center center","background-size":"auto","background-attachment":"scroll","background-type":"","background-media":"","overlay-type":"","overlay-color":"","overlay-opacity":"","overlay-gradient":""},"mobile":{"background-color":"","background-image":"","background-repeat":"repeat","background-position":"center center","background-size":"auto","background-attachment":"scroll","background-type":"","background-media":"","overlay-type":"","overlay-color":"","overlay-opacity":"","overlay-gradient":""}},"ast-content-background-meta":{"desktop":{"background-color":"var(--ast-global-color-5)","background-image":"","background-repeat":"repeat","background-position":"center center","background-size":"auto","background-attachment":"scroll","background-type":"","background-media":"","overlay-type":"","overlay-color":"","overlay-opacity":"","overlay-gradient":""},"tablet":{"background-color":"var(--ast-global-color-5)","background-image":"","background-repeat":"repeat","background-position":"center center","background-size":"auto","background-attachment":"scroll","background-type":"","background-media":"","overlay-type":"","overlay-color":"","overlay-opacity":"","overlay-gradient":""},"mobile":{"background-color":"var(--ast-global-color-5)","background-image":"","background-repeat":"repeat","background-position":"center center","background-size":"auto","background-attachment":"scroll","background-type":"","background-media":"","overlay-type":"","overlay-color":"","overlay-opacity":"","overlay-gradient":""}},"footnotes":""},"class_list":["post-21528","page","type-page","status-publish","hentry"],"post_mailing_queue_ids":[],"_links":{"self":[{"href":"https:\/\/agora.xtec.cat\/escolagaudisantboi\/wp-json\/wp\/v2\/pages\/21528","targetHints":{"allow":["GET"]}}],"collection":[{"href":"https:\/\/agora.xtec.cat\/escolagaudisantboi\/wp-json\/wp\/v2\/pages"}],"about":[{"href":"https:\/\/agora.xtec.cat\/escolagaudisantboi\/wp-json\/wp\/v2\/types\/page"}],"author":[{"embeddable":true,"href":"https:\/\/agora.xtec.cat\/escolagaudisantboi\/wp-json\/wp\/v2\/users\/34"}],"replies":[{"embeddable":true,"href":"https:\/\/agora.xtec.cat\/escolagaudisantboi\/wp-json\/wp\/v2\/comments?post=21528"}],"version-history":[{"count":1,"href":"https:\/\/agora.xtec.cat\/escolagaudisantboi\/wp-json\/wp\/v2\/pages\/21528\/revisions"}],"predecessor-version":[{"id":21529,"href":"https:\/\/agora.xtec.cat\/escolagaudisantboi\/wp-json\/wp\/v2\/pages\/21528\/revisions\/21529"}],"wp:attachment":[{"href":"https:\/\/agora.xtec.cat\/escolagaudisantboi\/wp-json\/wp\/v2\/media?parent=21528"}],"curies":[{"name":"wp","href":"https:\/\/api.w.org\/{rel}","templated":true}]}}