{"id":9,"date":"2020-01-22T15:05:18","date_gmt":"2020-01-22T14:05:18","guid":{"rendered":"http:\/\/agora.xtec.cat\/escolagaudisabadell\/?page_id=9"},"modified":"2023-03-07T16:09:32","modified_gmt":"2023-03-07T15:09:32","slug":"pagina-dinici-buida","status":"publish","type":"page","link":"https:\/\/agora.xtec.cat\/escolagaudisabadell\/","title":{"rendered":"P\u00e0gina d&#8217;inici"},"content":{"rendered":"<h2><strong>Declaraci\u00f3 de l&#8217;Escola Gaud\u00ed<\/strong><\/h2>\n<p>El Claustre, l&#8217;AMPA i el personal divers de l&#8217;Escola Gaud\u00ed defensem els principis de l&#8217;escola p\u00fablica catalana, l&#8217;escola que defensa els drets fonamentals, els drets humans, socials i democr\u00e0tics.<\/p>\n<p style=\"text-align: center;\">\n","protected":false},"excerpt":{"rendered":"<p>Declaraci\u00f3 de l&#8217;Escola Gaud\u00ed<br \/>\nEl Claustre, l&#8217;AMPA i el personal divers de l&#8217;Escola Gaud\u00ed defensem els principis de l&#8217;escola p\u00fablica catalana, l&#8217;escola que defensa els drets fonamentals, els drets humans, socials i democr\u00e0tics.<\/p>\n","protected":false},"author":1,"featured_media":0,"parent":7,"menu_order":0,"comment_status":"closed","ping_status":"closed","template":"page-templates\/front-page.php","meta":{"_bbp_topic_count":0,"_bbp_reply_count":0,"_bbp_total_topic_count":0,"_bbp_total_reply_count":0,"_bbp_voice_count":0,"_bbp_anonymous_reply_count":0,"_bbp_topic_count_hidden":0,"_bbp_reply_count_hidden":0,"_bbp_forum_subforum_count":0,"footnotes":""},"class_list":["post-9","page","type-page","status-publish","hentry"],"post_mailing_queue_ids":[],"_links":{"self":[{"href":"https:\/\/agora.xtec.cat\/escolagaudisabadell\/wp-json\/wp\/v2\/pages\/9","targetHints":{"allow":["GET"]}}],"collection":[{"href":"https:\/\/agora.xtec.cat\/escolagaudisabadell\/wp-json\/wp\/v2\/pages"}],"about":[{"href":"https:\/\/agora.xtec.cat\/escolagaudisabadell\/wp-json\/wp\/v2\/types\/page"}],"author":[{"embeddable":true,"href":"https:\/\/agora.xtec.cat\/escolagaudisabadell\/wp-json\/wp\/v2\/users\/1"}],"replies":[{"embeddable":true,"href":"https:\/\/agora.xtec.cat\/escolagaudisabadell\/wp-json\/wp\/v2\/comments?post=9"}],"version-history":[{"count":3,"href":"https:\/\/agora.xtec.cat\/escolagaudisabadell\/wp-json\/wp\/v2\/pages\/9\/revisions"}],"predecessor-version":[{"id":1718,"href":"https:\/\/agora.xtec.cat\/escolagaudisabadell\/wp-json\/wp\/v2\/pages\/9\/revisions\/1718"}],"up":[{"embeddable":true,"href":"https:\/\/agora.xtec.cat\/escolagaudisabadell\/wp-json\/wp\/v2\/pages\/7"}],"wp:attachment":[{"href":"https:\/\/agora.xtec.cat\/escolagaudisabadell\/wp-json\/wp\/v2\/media?parent=9"}],"curies":[{"name":"wp","href":"https:\/\/api.w.org\/{rel}","templated":true}]}}

Pàgina d&#8217;inici

<h2><strong>Declaració de l&#8217;Escola Gaudí</strong></h2>
<p>El Claustre, l&#8217;AMPA i el personal divers de l&#8217;Escola Gaudí defensem els principis de l&#8217;escola pública catalana, l&#8217;escola que defensa els drets fonamentals, els drets humans, socials i democràtics.</p>
<p style="text-align: center;">

<p>Declaració de l&#8217;Escola Gaudí<br />
El Claustre, l&#8217;AMPA i el personal divers de l&#8217;Escola Gaudí defensem els principis de l&#8217;escola pública catalana, l&#8217;escola que defensa els drets fonamentals, els drets humans, socials i democràtics.</p>
