{"id":784,"date":"2025-11-17T14:30:17","date_gmt":"2025-11-17T13:30:17","guid":{"rendered":"http:\/\/agora.xtec.cat\/escolagaudisabadell\/?page_id=784"},"modified":"2025-11-17T14:47:12","modified_gmt":"2025-11-17T13:47:12","slug":"documents-escola","status":"publish","type":"page","link":"https:\/\/agora.xtec.cat\/escolagaudisabadell\/documents-escola\/","title":{"rendered":"Documents fam\u00edlies"},"content":{"rendered":"<p>Us adjuntem diferents documents d&#8217;\u00fas habitual al nostre centre, per si teniu necessitat d&#8217;actualitzar alguna dada i comunicar-ho a direcci\u00f3 o a la tutora o tutor:<\/p>\n<p><a href=\"https:\/\/agora.xtec.cat\/escolagaudisabadell\/wp-content\/uploads\/usu1563\/2025\/11\/23-Pagaments-curs.pdf\">Pagaments curs<\/a> 2025-2026<\/p>\n<p><a href=\"https:\/\/agora.xtec.cat\/escolagaudisabadell\/wp-content\/uploads\/usu1563\/2021\/10\/Autoritzacio-DINANTIA.pdf\">Autoritzaci\u00f3 DINANTIA<\/a><\/p>\n<p><a href=\"https:\/\/agora.xtec.cat\/escolagaudisabadell\/wp-content\/uploads\/usu1563\/2021\/10\/Autoritzacio-IMATGE.pdf\" target=\"_blank\" rel=\"noopener\">Autoritzaci\u00f3 IMATGE<\/a><\/p>\n<p><a href=\"https:\/\/agora.xtec.cat\/escolagaudisabadell\/wp-content\/uploads\/usu1563\/2021\/10\/Autoritzacio-Medicacio-Puntual.pdf\">Autoritzaci\u00f3 Medicaci\u00f3 Puntual<\/a><\/p>\n<p><a href=\"https:\/\/agora.xtec.cat\/escolagaudisabadell\/wp-content\/uploads\/usu1563\/2021\/10\/Informacio-SALUT.pdf\" target=\"_blank\" rel=\"noopener\">Informaci\u00f3 SALUT<\/a><\/p>\n<p><a href=\"https:\/\/agora.xtec.cat\/escolagaudisabadell\/wp-content\/uploads\/usu1563\/2021\/10\/Autoritzacio-RECOLLIDA-ALU-altres-persones.pdf\" target=\"_blank\" rel=\"noopener\">Autoritzaci\u00f3 RECOLLIDA ALU altres persones<\/a><\/p>\n<p><a href=\"https:\/\/agora.xtec.cat\/escolagaudisabadell\/wp-content\/uploads\/usu1563\/2021\/10\/Autoritzacio-SORTIDES.pdf\" target=\"_blank\" rel=\"noopener\">Autoritzaci\u00f3 SORTIDES<\/a><\/p>\n<p><a href=\"https:\/\/agora.xtec.cat\/escolagaudisabadell\/wp-content\/uploads\/usu1563\/2021\/10\/Autoritzacio-SORTIDA-fora-horari-escolar-a-partir-3r-PRI.pdf\" target=\"_blank\" rel=\"noopener\">Autoritzaci\u00f3 SORTIDA fora horari escolar a partir 3r PRI<\/a><\/p>\n<p><a href=\"https:\/\/agora.xtec.cat\/escolagaudisabadell\/wp-content\/uploads\/usu1563\/2019\/10\/Consentiment-fam\u00edlies-dades.pdf\" target=\"_blank\" rel=\"noopener\">Consentiment fam\u00edlies dades<\/a><\/p>\n<p><a href=\"https:\/\/agora.xtec.cat\/escolagaudisabadell\/wp-content\/uploads\/usu1563\/2020\/11\/16-Declaraci\u00f3-responsable-infantil-PCR.pdf\" target=\"_blank\" rel=\"noopener\">Declaraci\u00f3 Responsable Ed. Infantil<\/a><\/p>\n<p><a href=\"https:\/\/agora.xtec.cat\/escolagaudisabadell\/wp-content\/uploads\/usu1563\/2020\/11\/Declaraci\u00f3-responsable-prim\u00e0ria-PCR.pdf\" target=\"_blank\" rel=\"noopener\">Declaraci\u00f3 Responsable Ed. Prim\u00e0ria<\/a><\/p>\n<p>&nbsp;<\/p>\n<p>&nbsp;<\/p>\n<p>&nbsp;<\/p>\n<p>&nbsp;<\/p>\n","protected":false},"excerpt":{"rendered":"<p>Us adjuntem diferents documents d&#8217;\u00fas habitual al nostre centre, per si teniu necessitat d&#8217;actualitzar alguna dada i comunicar-ho a direcci\u00f3 o a la tutora o tutor:<br \/>\n<a href=\"https:\/\/agora.xtec.cat\/escolagaudisabadell\/wp-content\/uploads\/usu1563\/2025\/11\/23-Pagaments-curs.pdf\">Pagaments curs<\/a> 2025-2026<br \/>\n<a href=\"https:\/\/agora.xtec.cat\/escolagaudisabadell\/wp-content\/uploads\/usu1563\/2021\/10\/Autoritzacio-DINANTIA.pdf\">Autoritzaci\u00f3 DINANTIA<\/a><br \/>\n<a href=\"https:\/\/agora.xtec.cat\/escolagaudisabadell\/wp-content\/uploads\/usu1563\/2021\/10\/Autoritzacio-IMATGE.pdf\" target=\"_blank\" rel=\"noopener\">Autoritzaci\u00f3 IMATGE<\/a><br \/>\n<a href=\"https:\/\/agora.xtec.cat\/escolagaudisabadell\/wp-content\/uploads\/usu1563\/2021\/10\/Autoritzacio-Medicacio-Puntual.pdf\">Autoritzaci\u00f3 Medicaci\u00f3 Puntual<\/a><br \/>\n<a href=\"https:\/\/agora.xtec.cat\/escolagaudisabadell\/wp-content\/uploads\/usu1563\/2021\/10\/Informacio-SALUT.pdf\" target=\"_blank\" rel=\"noopener\">Informaci\u00f3 SALUT<\/a><br \/>\n<a href=\"https:\/\/agora.xtec.cat\/escolagaudisabadell\/wp-content\/uploads\/usu1563\/2021\/10\/Autoritzacio-RECOLLIDA-ALU-altres-persones.pdf\" target=\"_blank\" rel=\"noopener\">Autoritzaci\u00f3&hellip;  <a href=\"https:\/\/agora.xtec.cat\/escolagaudisabadell\/documents-escola\/\" title=\"Read Documents fam\u00edlies\">Llegeix m\u00e9s\u00bb<\/a><\/p>\n","protected":false},"author":1,"featured_media":0,"parent":0,"menu_order":0,"comment_status":"closed","ping_status":"closed","template":"","meta":{"_bbp_topic_count":0,"_bbp_reply_count":0,"_bbp_total_topic_count":0,"_bbp_total_reply_count":0,"_bbp_voice_count":0,"_bbp_anonymous_reply_count":0,"_bbp_topic_count_hidden":0,"_bbp_reply_count_hidden":0,"_bbp_forum_subforum_count":0,"footnotes":""},"class_list":["post-784","page","type-page","status-publish","hentry"],"post_mailing_queue_ids":[],"_links":{"self":[{"href":"https:\/\/agora.xtec.cat\/escolagaudisabadell\/wp-json\/wp\/v2\/pages\/784","targetHints":{"allow":["GET"]}}],"collection":[{"href":"https:\/\/agora.xtec.cat\/escolagaudisabadell\/wp-json\/wp\/v2\/pages"}],"about":[{"href":"https:\/\/agora.xtec.cat\/escolagaudisabadell\/wp-json\/wp\/v2\/types\/page"}],"author":[{"embeddable":true,"href":"https:\/\/agora.xtec.cat\/escolagaudisabadell\/wp-json\/wp\/v2\/users\/1"}],"replies":[{"embeddable":true,"href":"https:\/\/agora.xtec.cat\/escolagaudisabadell\/wp-json\/wp\/v2\/comments?post=784"}],"version-history":[{"count":5,"href":"https:\/\/agora.xtec.cat\/escolagaudisabadell\/wp-json\/wp\/v2\/pages\/784\/revisions"}],"predecessor-version":[{"id":8191,"href":"https:\/\/agora.xtec.cat\/escolagaudisabadell\/wp-json\/wp\/v2\/pages\/784\/revisions\/8191"}],"wp:attachment":[{"href":"https:\/\/agora.xtec.cat\/escolagaudisabadell\/wp-json\/wp\/v2\/media?parent=784"}],"curies":[{"name":"wp","href":"https:\/\/api.w.org\/{rel}","templated":true}]}}

Documents famílies

<p>Us adjuntem diferents documents d&#8217;ús habitual al nostre centre, per si teniu necessitat d&#8217;actualitzar alguna dada i comunicar-ho a direcció o a la tutora o tutor:</p>
<p><a href="https://agora.xtec.cat/escolagaudisabadell/wp-content/uploads/usu1563/2025/11/23-Pagaments-curs.pdf">Pagaments curs</a> 2025-2026</p>
<p><a href="https://agora.xtec.cat/escolagaudisabadell/wp-content/uploads/usu1563/2021/10/Autoritzacio-DINANTIA.pdf">Autorització DINANTIA</a></p>
<p><a href="https://agora.xtec.cat/escolagaudisabadell/wp-content/uploads/usu1563/2021/10/Autoritzacio-IMATGE.pdf" target="_blank" rel="noopener">Autorització IMATGE</a></p>
<p><a href="https://agora.xtec.cat/escolagaudisabadell/wp-content/uploads/usu1563/2021/10/Autoritzacio-Medicacio-Puntual.pdf">Autorització Medicació Puntual</a></p>
<p><a href="https://agora.xtec.cat/escolagaudisabadell/wp-content/uploads/usu1563/2021/10/Informacio-SALUT.pdf" target="_blank" rel="noopener">Informació SALUT</a></p>
<p><a href="https://agora.xtec.cat/escolagaudisabadell/wp-content/uploads/usu1563/2021/10/Autoritzacio-RECOLLIDA-ALU-altres-persones.pdf" target="_blank" rel="noopener">Autorització RECOLLIDA ALU altres persones</a></p>
<p><a href="https://agora.xtec.cat/escolagaudisabadell/wp-content/uploads/usu1563/2021/10/Autoritzacio-SORTIDES.pdf" target="_blank" rel="noopener">Autorització SORTIDES</a></p>
<p><a href="https://agora.xtec.cat/escolagaudisabadell/wp-content/uploads/usu1563/2021/10/Autoritzacio-SORTIDA-fora-horari-escolar-a-partir-3r-PRI.pdf" target="_blank" rel="noopener">Autorització SORTIDA fora horari escolar a partir 3r PRI</a></p>
<p><a href="https://agora.xtec.cat/escolagaudisabadell/wp-content/uploads/usu1563/2019/10/Consentiment-famílies-dades.pdf" target="_blank" rel="noopener">Consentiment famílies dades</a></p>
<p><a href="https://agora.xtec.cat/escolagaudisabadell/wp-content/uploads/usu1563/2020/11/16-Declaració-responsable-infantil-PCR.pdf" target="_blank" rel="noopener">Declaració Responsable Ed. Infantil</a></p>
<p><a href="https://agora.xtec.cat/escolagaudisabadell/wp-content/uploads/usu1563/2020/11/Declaració-responsable-primària-PCR.pdf" target="_blank" rel="noopener">Declaració Responsable Ed. Primària</a></p>
<p>&nbsp;</p>
<p>&nbsp;</p>
<p>&nbsp;</p>
<p>&nbsp;</p>

<p>Us adjuntem diferents documents d&#8217;ús habitual al nostre centre, per si teniu necessitat d&#8217;actualitzar alguna dada i comunicar-ho a direcció o a la tutora o tutor:<br />
<a href="https://agora.xtec.cat/escolagaudisabadell/wp-content/uploads/usu1563/2025/11/23-Pagaments-curs.pdf">Pagaments curs</a> 2025-2026<br />
<a href="https://agora.xtec.cat/escolagaudisabadell/wp-content/uploads/usu1563/2021/10/Autoritzacio-DINANTIA.pdf">Autorització DINANTIA</a><br />
<a href="https://agora.xtec.cat/escolagaudisabadell/wp-content/uploads/usu1563/2021/10/Autoritzacio-IMATGE.pdf" target="_blank" rel="noopener">Autorització IMATGE</a><br />
<a href="https://agora.xtec.cat/escolagaudisabadell/wp-content/uploads/usu1563/2021/10/Autoritzacio-Medicacio-Puntual.pdf">Autorització Medicació Puntual</a><br />
<a href="https://agora.xtec.cat/escolagaudisabadell/wp-content/uploads/usu1563/2021/10/Informacio-SALUT.pdf" target="_blank" rel="noopener">Informació SALUT</a><br />
<a href="https://agora.xtec.cat/escolagaudisabadell/wp-content/uploads/usu1563/2021/10/Autoritzacio-RECOLLIDA-ALU-altres-persones.pdf" target="_blank" rel="noopener">Autorització&hellip;  <a href="https://agora.xtec.cat/escolagaudisabadell/documents-escola/" title="Read Documents famílies">Llegeix més»</a></p>
