{"id":77,"date":"2014-09-18T14:05:08","date_gmt":"2014-09-18T13:05:08","guid":{"rendered":"http:\/\/agora.xtec.cat\/escolagaudisabadell\/?page_id=77"},"modified":"2017-02-22T12:30:33","modified_gmt":"2017-02-22T11:30:33","slug":"acollida","status":"publish","type":"page","link":"https:\/\/agora.xtec.cat\/escolagaudisabadell\/serveis\/acollida\/","title":{"rendered":"Acollida"},"content":{"rendered":"<p>&nbsp;<\/p>\n<p><a href=\"http:\/\/agora.xtec.cat\/escolagaudisabadell\/wp-content\/uploads\/usu1563\/2014\/09\/acollida.jpg\"><img loading=\"lazy\" decoding=\"async\" class=\"size-full wp-image-542 alignleft\" src=\"http:\/\/agora.xtec.cat\/escolagaudisabadell\/wp-content\/uploads\/usu1563\/2014\/09\/acollida.jpg\" alt=\"MIL64093\/\/1\" width=\"300\" height=\"240\" \/><\/a><\/p>\n<p>L&#8217;Ampa ofereix aquest curs i gr\u00e0cies al forum de fam\u00edlies interessades, un servei d&#8217;acollida de 8h a 9h del mat\u00ed.<\/p>\n<p>Aquest servei es mantindr\u00e0 actiu cada any, sempre que hi hagi una demanda suficient d&#8217;alumnes que el facin servir.<\/p>\n<p>Per qualsevol informaci\u00f3 i\/o dubte, podeu dirigir-vos a l&#8217;Ampa de l&#8217;escola.<\/p>\n<p>Gr\u00e0cies!<\/p>\n","protected":false},"excerpt":{"rendered":"<p>&nbsp;<br \/>\n<a href=\"http:\/\/agora.xtec.cat\/escolagaudisabadell\/wp-content\/uploads\/usu1563\/2014\/09\/acollida.jpg\"><\/a><br \/>\nL&#8217;Ampa ofereix aquest curs i gr\u00e0cies al forum de fam\u00edlies interessades, un servei d&#8217;acollida de 8h a 9h del mat\u00ed.<br \/>\nAquest servei es mantindr\u00e0 actiu cada any, sempre que hi hagi una demanda suficient d&#8217;alumnes que el facin servir.<br \/>\nPer qualsevol informaci\u00f3 i\/o dubte, podeu dirigir-vos&hellip;  <a href=\"https:\/\/agora.xtec.cat\/escolagaudisabadell\/serveis\/acollida\/\" title=\"Read Acollida\">Llegeix m\u00e9s\u00bb<\/a><\/p>\n","protected":false},"author":1,"featured_media":0,"parent":66,"menu_order":20,"comment_status":"closed","ping_status":"closed","template":"page-templates\/side-menu.php","meta":{"_bbp_topic_count":0,"_bbp_reply_count":0,"_bbp_total_topic_count":0,"_bbp_total_reply_count":0,"_bbp_voice_count":0,"_bbp_anonymous_reply_count":0,"_bbp_topic_count_hidden":0,"_bbp_reply_count_hidden":0,"_bbp_forum_subforum_count":0,"footnotes":""},"class_list":["post-77","page","type-page","status-publish","hentry"],"post_mailing_queue_ids":[],"_links":{"self":[{"href":"https:\/\/agora.xtec.cat\/escolagaudisabadell\/wp-json\/wp\/v2\/pages\/77","targetHints":{"allow":["GET"]}}],"collection":[{"href":"https:\/\/agora.xtec.cat\/escolagaudisabadell\/wp-json\/wp\/v2\/pages"}],"about":[{"href":"https:\/\/agora.xtec.cat\/escolagaudisabadell\/wp-json\/wp\/v2\/types\/page"}],"author":[{"embeddable":true,"href":"https:\/\/agora.xtec.cat\/escolagaudisabadell\/wp-json\/wp\/v2\/users\/1"}],"replies":[{"embeddable":true,"href":"https:\/\/agora.xtec.cat\/escolagaudisabadell\/wp-json\/wp\/v2\/comments?post=77"}],"version-history":[{"count":4,"href":"https:\/\/agora.xtec.cat\/escolagaudisabadell\/wp-json\/wp\/v2\/pages\/77\/revisions"}],"predecessor-version":[{"id":540,"href":"https:\/\/agora.xtec.cat\/escolagaudisabadell\/wp-json\/wp\/v2\/pages\/77\/revisions\/540"}],"up":[{"embeddable":true,"href":"https:\/\/agora.xtec.cat\/escolagaudisabadell\/wp-json\/wp\/v2\/pages\/66"}],"wp:attachment":[{"href":"https:\/\/agora.xtec.cat\/escolagaudisabadell\/wp-json\/wp\/v2\/media?parent=77"}],"curies":[{"name":"wp","href":"https:\/\/api.w.org\/{rel}","templated":true}]}}

<p>&nbsp;</p>
<p><a href="http://agora.xtec.cat/escolagaudisabadell/wp-content/uploads/usu1563/2014/09/acollida.jpg"><img loading="lazy" decoding="async" class="size-full wp-image-542 alignleft" src="http://agora.xtec.cat/escolagaudisabadell/wp-content/uploads/usu1563/2014/09/acollida.jpg" alt="MIL64093//1" width="300" height="240" /></a></p>
<p>L&#8217;Ampa ofereix aquest curs i gràcies al forum de famílies interessades, un servei d&#8217;acollida de 8h a 9h del matí.</p>
<p>Aquest servei es mantindrà actiu cada any, sempre que hi hagi una demanda suficient d&#8217;alumnes que el facin servir.</p>
<p>Per qualsevol informació i/o dubte, podeu dirigir-vos a l&#8217;Ampa de l&#8217;escola.</p>
<p>Gràcies!</p>

<p>&nbsp;<br />
<a href="http://agora.xtec.cat/escolagaudisabadell/wp-content/uploads/usu1563/2014/09/acollida.jpg"></a><br />
L&#8217;Ampa ofereix aquest curs i gràcies al forum de famílies interessades, un servei d&#8217;acollida de 8h a 9h del matí.<br />
Aquest servei es mantindrà actiu cada any, sempre que hi hagi una demanda suficient d&#8217;alumnes que el facin servir.<br />
Per qualsevol informació i/o dubte, podeu dirigir-vos&hellip;  <a href="https://agora.xtec.cat/escolagaudisabadell/serveis/acollida/" title="Read Acollida">Llegeix més»</a></p>
