{"id":32,"date":"2024-09-19T12:50:33","date_gmt":"2024-09-19T10:50:33","guid":{"rendered":"http:\/\/agora.xtec.cat\/escolagaudisabadell\/?page_id=32"},"modified":"2024-09-19T14:33:51","modified_gmt":"2024-09-19T12:33:51","slug":"calendari-del-curs","status":"publish","type":"page","link":"https:\/\/agora.xtec.cat\/escolagaudisabadell\/lescola\/calendari-del-curs\/","title":{"rendered":"Calendari del curs"},"content":{"rendered":"<h3 style=\"text-align: center;\">Calendari 2024 2025\u00a0Escola Gaud\u00ed<\/h3>\n<h3><img loading=\"lazy\" decoding=\"async\" class=\"alignnone  wp-image-7413 aligncenter\" src=\"https:\/\/agora.xtec.cat\/escolagaudisabadell\/wp-content\/uploads\/usu1563\/2024\/09\/foto-calendari-24_25-1.jpg\" alt=\"\" width=\"826\" height=\"633\" srcset=\"https:\/\/agora.xtec.cat\/escolagaudisabadell\/wp-content\/uploads\/usu1563\/2024\/09\/foto-calendari-24_25-1.jpg 643w, https:\/\/agora.xtec.cat\/escolagaudisabadell\/wp-content\/uploads\/usu1563\/2024\/09\/foto-calendari-24_25-1-300x230.jpg 300w\" sizes=\"auto, (max-width: 826px) 100vw, 826px\" \/><\/h3>\n<h4><strong>Inici de curs:<\/strong><\/h4>\n<p>10 de setembre de 2024<\/p>\n<h4><strong>Vacances:<\/strong><\/h4>\n<p>Del 21 de desembre de 2024 al 7 de gener de 2025\u00a0 (ambd\u00f3s inclosos)<\/p>\n<p>Del 12 al 21 d\u2019abril de 2025 (ambd\u00f3s inclosos)<\/p>\n<p>A partir del 21 de juny de 2025<\/p>\n<h4><strong>Dies festius i de lliure disposici\u00f3:<\/strong><\/h4>\n<p>11 de setembre de 2024 (festiu)<\/p>\n<p>1 de novembre de 2024 (festiu)<\/p>\n<p>4 de novembre de 2024 (lliure disposici\u00f3)<\/p>\n<p>6 de desembre de 2024 (festiu)<\/p>\n<p>7 de febrer de 2025 (lliure disposici\u00f3)<\/p>\n<p>3 de mar\u00e7 de 2025 (lliure disposici\u00f3)<\/p>\n<p>1 de maig de 2025 (festiu)<\/p>\n<p>2 de maig de 2025 (lliure disposici\u00f3)<\/p>\n<p>12 de maig de 2025 (festiu local)<\/p>\n<h4><strong>Jornada compactada de 9 a 13h:<\/strong><\/h4>\n<p>20 de desembre de 2024 i del 9 al 20 de juny de \u00a02025 (ambd\u00f3s inclosos). Els alumnes que utilitzen el servei de menjador surten a les 15,00h.<\/p>\n<h4><strong>Jornada partida de 9 a 12,30h i de 15 a 16,30h:<\/strong><\/h4>\n<p>Del 10 de setembre de 2024 al 6 de juny de 2025.<\/p>\n<p>Per als alumnes que inicien l\u2019escolaritzaci\u00f3 a P3 s\u2019organitza un breu per\u00edode d\u2019adaptaci\u00f3 que suposa una certa modificaci\u00f3 dels horaris dels 3 primers dies de classe, i que es fa saber a les fam\u00edlies en les comunicacions pr\u00e8vies per Dinantia.<\/p>\n","protected":false},"excerpt":{"rendered":"<p>Calendari 2024 2025\u00a0Escola Gaud\u00ed<\/p>\n<p>Inici de curs:<br \/>\n10 de setembre de 2024<br \/>\nVacances:<br \/>\nDel 21 de desembre de 2024 al 7 de gener de 2025\u00a0 (ambd\u00f3s inclosos)<br \/>\nDel 12 al 21 d\u2019abril de 2025 (ambd\u00f3s inclosos)<br \/>\nA partir del 21 de juny de 2025<br \/>\nDies festius i de lliure disposici\u00f3:<br \/>\n11 de setembre&hellip;  <a href=\"https:\/\/agora.xtec.cat\/escolagaudisabadell\/lescola\/calendari-del-curs\/\" title=\"Read Calendari del curs\">Llegeix m\u00e9s\u00bb<\/a><\/p>\n","protected":false},"author":1,"featured_media":0,"parent":22,"menu_order":50,"comment_status":"closed","ping_status":"closed","template":"page-templates\/side-menu.php","meta":{"_bbp_topic_count":0,"_bbp_reply_count":0,"_bbp_total_topic_count":0,"_bbp_total_reply_count":0,"_bbp_voice_count":0,"_bbp_anonymous_reply_count":0,"_bbp_topic_count_hidden":0,"_bbp_reply_count_hidden":0,"_bbp_forum_subforum_count":0,"footnotes":""},"class_list":["post-32","page","type-page","status-publish","hentry"],"post_mailing_queue_ids":[],"_links":{"self":[{"href":"https:\/\/agora.xtec.cat\/escolagaudisabadell\/wp-json\/wp\/v2\/pages\/32","targetHints":{"allow":["GET"]}}],"collection":[{"href":"https:\/\/agora.xtec.cat\/escolagaudisabadell\/wp-json\/wp\/v2\/pages"}],"about":[{"href":"https:\/\/agora.xtec.cat\/escolagaudisabadell\/wp-json\/wp\/v2\/types\/page"}],"author":[{"embeddable":true,"href":"https:\/\/agora.xtec.cat\/escolagaudisabadell\/wp-json\/wp\/v2\/users\/1"}],"replies":[{"embeddable":true,"href":"https:\/\/agora.xtec.cat\/escolagaudisabadell\/wp-json\/wp\/v2\/comments?post=32"}],"version-history":[{"count":6,"href":"https:\/\/agora.xtec.cat\/escolagaudisabadell\/wp-json\/wp\/v2\/pages\/32\/revisions"}],"predecessor-version":[{"id":7415,"href":"https:\/\/agora.xtec.cat\/escolagaudisabadell\/wp-json\/wp\/v2\/pages\/32\/revisions\/7415"}],"up":[{"embeddable":true,"href":"https:\/\/agora.xtec.cat\/escolagaudisabadell\/wp-json\/wp\/v2\/pages\/22"}],"wp:attachment":[{"href":"https:\/\/agora.xtec.cat\/escolagaudisabadell\/wp-json\/wp\/v2\/media?parent=32"}],"curies":[{"name":"wp","href":"https:\/\/api.w.org\/{rel}","templated":true}]}}

<h3 style="text-align: center;">Calendari 2024 2025 Escola Gaudí</h3>
<h3><img loading="lazy" decoding="async" class="alignnone  wp-image-7413 aligncenter" src="https://agora.xtec.cat/escolagaudisabadell/wp-content/uploads/usu1563/2024/09/foto-calendari-24_25-1.jpg" alt="" width="826" height="633" srcset="https://agora.xtec.cat/escolagaudisabadell/wp-content/uploads/usu1563/2024/09/foto-calendari-24_25-1.jpg 643w, https://agora.xtec.cat/escolagaudisabadell/wp-content/uploads/usu1563/2024/09/foto-calendari-24_25-1-300x230.jpg 300w" sizes="auto, (max-width: 826px) 100vw, 826px" /></h3>
<h4><strong>Inici de curs:</strong></h4>
<p>10 de setembre de 2024</p>
<h4><strong>Vacances:</strong></h4>
<p>Del 21 de desembre de 2024 al 7 de gener de 2025  (ambdós inclosos)</p>
<p>Del 12 al 21 d’abril de 2025 (ambdós inclosos)</p>
<p>A partir del 21 de juny de 2025</p>
<h4><strong>Dies festius i de lliure disposició:</strong></h4>
<p>11 de setembre de 2024 (festiu)</p>
<p>1 de novembre de 2024 (festiu)</p>
<p>4 de novembre de 2024 (lliure disposició)</p>
<p>6 de desembre de 2024 (festiu)</p>
<p>7 de febrer de 2025 (lliure disposició)</p>
<p>3 de març de 2025 (lliure disposició)</p>
<p>1 de maig de 2025 (festiu)</p>
<p>2 de maig de 2025 (lliure disposició)</p>
<p>12 de maig de 2025 (festiu local)</p>
<h4><strong>Jornada compactada de 9 a 13h:</strong></h4>
<p>20 de desembre de 2024 i del 9 al 20 de juny de  2025 (ambdós inclosos). Els alumnes que utilitzen el servei de menjador surten a les 15,00h.</p>
<h4><strong>Jornada partida de 9 a 12,30h i de 15 a 16,30h:</strong></h4>
<p>Del 10 de setembre de 2024 al 6 de juny de 2025.</p>
<p>Per als alumnes que inicien l’escolarització a P3 s’organitza un breu període d’adaptació que suposa una certa modificació dels horaris dels 3 primers dies de classe, i que es fa saber a les famílies en les comunicacions prèvies per Dinantia.</p>

<p>Calendari 2024 2025 Escola Gaudí</p>
<p>Inici de curs:<br />
10 de setembre de 2024<br />
Vacances:<br />
Del 21 de desembre de 2024 al 7 de gener de 2025  (ambdós inclosos)<br />
Del 12 al 21 d’abril de 2025 (ambdós inclosos)<br />
A partir del 21 de juny de 2025<br />
Dies festius i de lliure disposició:<br />
11 de setembre&hellip;  <a href="https://agora.xtec.cat/escolagaudisabadell/lescola/calendari-del-curs/" title="Read Calendari del curs">Llegeix més»</a></p>
