{"id":26,"date":"2019-02-28T16:24:32","date_gmt":"2019-02-28T15:24:32","guid":{"rendered":"http:\/\/agora.xtec.cat\/escolagaudisabadell\/?page_id=26"},"modified":"2021-02-24T21:43:21","modified_gmt":"2021-02-24T20:43:21","slug":"historia","status":"publish","type":"page","link":"https:\/\/agora.xtec.cat\/escolagaudisabadell\/lescola\/historia\/","title":{"rendered":"Hist\u00f2ria"},"content":{"rendered":"<p><span style=\"text-decoration: underline;\"><em>La nostra escola \u00e9s la millor de m\u00f3n!<\/em><\/span><\/p>\n<p>&nbsp;<\/p>\n<p>La nostra escola est\u00e0 situada al barri de Ca n&#8217;Oriac, a la zona nord de Sabadell. Fa justament 50 anys que funciona i amb el pas dels anys s&#8217;ha anat adaptant als nous temps i a les noves necessitats.<\/p>\n<p>El seu naixement va ser conseq\u00fc\u00e8ncia del &#8220;boom&#8221; demogr\u00e0fic del moment, produ\u00eft per la immigraci\u00f3 de la poblaci\u00f3 d&#8217;altres comunitats espanyoles, que van venir a Catalunya atretes pel creixement industrial, i Sabadell concretament va ser una seu important\u00edssima, entre d&#8217;altres com Terrassa, d&#8217;un aflorament de la ind\u00fastria t\u00e8xtil, que va atraure a un volum important de persones.<\/p>\n<p>Justament el barri de Ca n&#8217;Oriac, es va convertir en un punt d&#8217;increment d&#8217;aquest tipus de poblaci\u00f3, i va cr\u00e9ixer de tal manera, que va fer necess\u00e0ria la creaci\u00f3 de noves escoles per acollir el fills en edat escolar, d&#8217;aquests immigrants, corria l&#8217;any 1970 quan l&#8217;Ajuntament de Sabadell, va construir la nostra escola.<\/p>\n<p>&nbsp;<\/p>\n<p>Al curs 2014\/2015, la tutora de 4t de Prim\u00e0ria, conjuntament amb els seus alumnes, van realitzar una feina d&#8217;investigaci\u00f3 per il\u00b7lustrar gr\u00e0ficament, el proc\u00e9s d&#8217;evoluci\u00f3 del barri de Ca n&#8217;Oriac, tant urban\u00edstica com socialment, i a dintre d&#8217;aquest treball, apareixen, per descomptat, refer\u00e8ncies a l&#8217;aparici\u00f3 de l&#8217;Escola Gaud\u00ed, que en el seu or\u00edgen s&#8217;anomen\u00e0 &#8220;Colegio P\u00fablico Gaud\u00ed&#8221;.<\/p>\n<p>A continuaci\u00f3 us mostrem tot aquest treball tant interessant, per si<\/p>\n<p>&nbsp;<\/p>\n<p class=\"Estilo26\" align=\"center\">PROJECTE CA N&#8217;ORIAC<\/p>\n<p class=\"Estilo26\" align=\"center\">de 4t de PRIM\u00c0RIA (2014-15)<\/p>\n<p class=\"Estilo77\" align=\"center\">Revista La <a href=\"https:\/\/sites.google.com\/a\/xtec.cat\/la-ceba-2014-2015\/escola-gaudi\" target=\"_blank\" rel=\"noopener noreferrer\">Ceba<\/a><\/p>\n<p class=\"Estilo77\" align=\"center\"><span class=\"Estilo79\">Benvolguts pares,<\/span><\/p>\n<p class=\"Estilo77\" align=\"center\"><span class=\"Estilo79\">Els alumnes de 4t de PRI, han realitzat una gran feina entorn a la hist\u00f2ria del seu barri,<strong> Ca N&#8217;Oriac<\/strong> a la Revista la Ceba.<\/span><span class=\"Estilo79\">,<br \/>\nSi voleu visitar-la nom\u00e9s heu de clicar el link de dalt. All\u00e0 teniu: <\/span>fotografies, v\u00eddeos i entrevistes a persones que van ser testimoni de l&#8217;evoluci\u00f3 del barri.<\/p>\n<p class=\"Estilo14\" align=\"justify\">A continuaci\u00f3 us mostrem un treball de recerca que han portat a terme els alumnes de 4t de Prim\u00e0ria, per ensenyar com era el barri de Ca N&#8217;Oriac als anys 20, 30, 40, 50, 60, 70, 80,&#8230;.<\/p>\n<p class=\"Estilo14\" align=\"justify\">Imatges cedides per AAVV Ca n&#8217;Oriac i per pares i mares d&#8217;alumnes de l&#8217;Escola Gaud\u00ed.<\/p>\n<div align=\"center\"><embed width=\"288\" height=\"192\" flashvars=\"host=picasaweb.google.com&amp;hl=es&amp;feat=flashalbum&amp;RGB=0x000000&amp;feed=https%3A%2F%2Fpicasaweb.google.com%2Fdata%2Ffeed%2Fapi%2Fuser%2F103301951714528399381%2Falbumid%2F6122365402625042401%3Falt%3Drss%26kind%3Dphoto%26hl%3Des\" src=\"https:\/\/photos.gstatic.com\/media\/slideshow.swf\" align=\"top\" type=\"application\/x-shockwave-flash\" pluginspage=\"http:\/\/www.macromedia.com\/go\/getflashplayer\"><\/embed><\/div>\n<p class=\"Estilo14\" align=\"justify\">Ara, els propis alumnes de 4t de Prim\u00e0ria:<\/p>\n<div align=\"center\"><embed width=\"288\" height=\"192\" flashvars=\"host=picasaweb.google.com&amp;hl=es&amp;feat=flashalbum&amp;RGB=0x000000&amp;feed=https%3A%2F%2Fpicasaweb.google.com%2Fdata%2Ffeed%2Fapi%2Fuser%2F103301951714528399381%2Falbumid%2F6122366426810141073%3Falt%3Drss%26kind%3Dphoto%26hl%3Des\" src=\"https:\/\/photos.gstatic.com\/media\/slideshow.swf\" type=\"application\/x-shockwave-flash\" pluginspage=\"http:\/\/www.macromedia.com\/go\/getflashplayer\"><\/embed><\/div>\n<p class=\"Estilo14\" align=\"justify\">I a continuaci\u00f3 podeu gaudir de les entrevistes que els\/les alumnes de 4t de Prim\u00e0ria van realitzar a ve\u00efns del barri, que explicaven, de primera m\u00e0, les seves experi\u00e8ncies en aquells temps:<\/p>\n<p class=\"Estilo14\" align=\"center\"><a href=\"https:\/\/drive.google.com\/file\/d\/0B2jytOA11sgEYlJpWm1GZVFWc00\/view?usp=sharing\" target=\"_blank\" rel=\"noopener noreferrer\">Entrevista 1<\/a><\/p>\n<div align=\"center\"><\/div>\n<p class=\"Estilo14\" align=\"center\"><a href=\"https:\/\/drive.google.com\/file\/d\/0B2jytOA11sgETmlEcE9HZG9fTmM\/view?usp=sharing\" target=\"_blank\" rel=\"noopener noreferrer\">Entrevista 2<\/a><\/p>\n","protected":false},"excerpt":{"rendered":"<p>La nostra escola \u00e9s la millor de m\u00f3n!<br \/>\n&nbsp;<br \/>\nLa nostra escola est\u00e0 situada al barri de Ca n&#8217;Oriac, a la zona nord de Sabadell. Fa justament 50 anys que funciona i amb el pas dels anys s&#8217;ha anat adaptant als nous temps i a les noves&hellip;  <a href=\"https:\/\/agora.xtec.cat\/escolagaudisabadell\/lescola\/historia\/\" title=\"Read Hist\u00f2ria\">Llegeix m\u00e9s\u00bb<\/a><\/p>\n","protected":false},"author":1,"featured_media":0,"parent":22,"menu_order":20,"comment_status":"closed","ping_status":"closed","template":"page-templates\/side-menu.php","meta":{"_bbp_topic_count":0,"_bbp_reply_count":0,"_bbp_total_topic_count":0,"_bbp_total_reply_count":0,"_bbp_voice_count":0,"_bbp_anonymous_reply_count":0,"_bbp_topic_count_hidden":0,"_bbp_reply_count_hidden":0,"_bbp_forum_subforum_count":0,"footnotes":""},"class_list":["post-26","page","type-page","status-publish","hentry"],"post_mailing_queue_ids":[],"_links":{"self":[{"href":"https:\/\/agora.xtec.cat\/escolagaudisabadell\/wp-json\/wp\/v2\/pages\/26","targetHints":{"allow":["GET"]}}],"collection":[{"href":"https:\/\/agora.xtec.cat\/escolagaudisabadell\/wp-json\/wp\/v2\/pages"}],"about":[{"href":"https:\/\/agora.xtec.cat\/escolagaudisabadell\/wp-json\/wp\/v2\/types\/page"}],"author":[{"embeddable":true,"href":"https:\/\/agora.xtec.cat\/escolagaudisabadell\/wp-json\/wp\/v2\/users\/1"}],"replies":[{"embeddable":true,"href":"https:\/\/agora.xtec.cat\/escolagaudisabadell\/wp-json\/wp\/v2\/comments?post=26"}],"version-history":[{"count":4,"href":"https:\/\/agora.xtec.cat\/escolagaudisabadell\/wp-json\/wp\/v2\/pages\/26\/revisions"}],"predecessor-version":[{"id":2478,"href":"https:\/\/agora.xtec.cat\/escolagaudisabadell\/wp-json\/wp\/v2\/pages\/26\/revisions\/2478"}],"up":[{"embeddable":true,"href":"https:\/\/agora.xtec.cat\/escolagaudisabadell\/wp-json\/wp\/v2\/pages\/22"}],"wp:attachment":[{"href":"https:\/\/agora.xtec.cat\/escolagaudisabadell\/wp-json\/wp\/v2\/media?parent=26"}],"curies":[{"name":"wp","href":"https:\/\/api.w.org\/{rel}","templated":true}]}}

Història

<p><span style="text-decoration: underline;"><em>La nostra escola és la millor de món!</em></span></p>
<p>&nbsp;</p>
<p>La nostra escola està situada al barri de Ca n&#8217;Oriac, a la zona nord de Sabadell. Fa justament 50 anys que funciona i amb el pas dels anys s&#8217;ha anat adaptant als nous temps i a les noves necessitats.</p>
<p>El seu naixement va ser conseqüència del &#8220;boom&#8221; demogràfic del moment, produït per la immigració de la població d&#8217;altres comunitats espanyoles, que van venir a Catalunya atretes pel creixement industrial, i Sabadell concretament va ser una seu importantíssima, entre d&#8217;altres com Terrassa, d&#8217;un aflorament de la indústria tèxtil, que va atraure a un volum important de persones.</p>
<p>Justament el barri de Ca n&#8217;Oriac, es va convertir en un punt d&#8217;increment d&#8217;aquest tipus de població, i va créixer de tal manera, que va fer necessària la creació de noves escoles per acollir el fills en edat escolar, d&#8217;aquests immigrants, corria l&#8217;any 1970 quan l&#8217;Ajuntament de Sabadell, va construir la nostra escola.</p>
<p>&nbsp;</p>
<p>Al curs 2014/2015, la tutora de 4t de Primària, conjuntament amb els seus alumnes, van realitzar una feina d&#8217;investigació per il·lustrar gràficament, el procés d&#8217;evolució del barri de Ca n&#8217;Oriac, tant urbanística com socialment, i a dintre d&#8217;aquest treball, apareixen, per descomptat, referències a l&#8217;aparició de l&#8217;Escola Gaudí, que en el seu orígen s&#8217;anomenà &#8220;Colegio Público Gaudí&#8221;.</p>
<p>A continuació us mostrem tot aquest treball tant interessant, per si</p>
<p>&nbsp;</p>
<p class="Estilo26" align="center">PROJECTE CA N&#8217;ORIAC</p>
<p class="Estilo26" align="center">de 4t de PRIMÀRIA (2014-15)</p>
<p class="Estilo77" align="center">Revista La <a href="https://sites.google.com/a/xtec.cat/la-ceba-2014-2015/escola-gaudi" target="_blank" rel="noopener noreferrer">Ceba</a></p>
<p class="Estilo77" align="center"><span class="Estilo79">Benvolguts pares,</span></p>
<p class="Estilo77" align="center"><span class="Estilo79">Els alumnes de 4t de PRI, han realitzat una gran feina entorn a la història del seu barri,<strong> Ca N&#8217;Oriac</strong> a la Revista la Ceba.</span><span class="Estilo79">,<br />
Si voleu visitar-la només heu de clicar el link de dalt. Allà teniu: </span>fotografies, vídeos i entrevistes a persones que van ser testimoni de l&#8217;evolució del barri.</p>
<p class="Estilo14" align="justify">A continuació us mostrem un treball de recerca que han portat a terme els alumnes de 4t de Primària, per ensenyar com era el barri de Ca N&#8217;Oriac als anys 20, 30, 40, 50, 60, 70, 80,&#8230;.</p>
<p class="Estilo14" align="justify">Imatges cedides per AAVV Ca n&#8217;Oriac i per pares i mares d&#8217;alumnes de l&#8217;Escola Gaudí.</p>
<div align="center"><embed width="288" height="192" flashvars="host=picasaweb.google.com&amp;hl=es&amp;feat=flashalbum&amp;RGB=0x000000&amp;feed=https%3A%2F%2Fpicasaweb.google.com%2Fdata%2Ffeed%2Fapi%2Fuser%2F103301951714528399381%2Falbumid%2F6122365402625042401%3Falt%3Drss%26kind%3Dphoto%26hl%3Des" src="https://photos.gstatic.com/media/slideshow.swf" align="top" type="application/x-shockwave-flash" pluginspage="http://www.macromedia.com/go/getflashplayer"></embed></div>
<p class="Estilo14" align="justify">Ara, els propis alumnes de 4t de Primària:</p>
<div align="center"><embed width="288" height="192" flashvars="host=picasaweb.google.com&amp;hl=es&amp;feat=flashalbum&amp;RGB=0x000000&amp;feed=https%3A%2F%2Fpicasaweb.google.com%2Fdata%2Ffeed%2Fapi%2Fuser%2F103301951714528399381%2Falbumid%2F6122366426810141073%3Falt%3Drss%26kind%3Dphoto%26hl%3Des" src="https://photos.gstatic.com/media/slideshow.swf" type="application/x-shockwave-flash" pluginspage="http://www.macromedia.com/go/getflashplayer"></embed></div>
<p class="Estilo14" align="justify">I a continuació podeu gaudir de les entrevistes que els/les alumnes de 4t de Primària van realitzar a veïns del barri, que explicaven, de primera mà, les seves experiències en aquells temps:</p>
<p class="Estilo14" align="center"><a href="https://drive.google.com/file/d/0B2jytOA11sgEYlJpWm1GZVFWc00/view?usp=sharing" target="_blank" rel="noopener noreferrer">Entrevista 1</a></p>
<div align="center"></div>
<p class="Estilo14" align="center"><a href="https://drive.google.com/file/d/0B2jytOA11sgETmlEcE9HZG9fTmM/view?usp=sharing" target="_blank" rel="noopener noreferrer">Entrevista 2</a></p>

<p>La nostra escola és la millor de món!<br />
&nbsp;<br />
La nostra escola està situada al barri de Ca n&#8217;Oriac, a la zona nord de Sabadell. Fa justament 50 anys que funciona i amb el pas dels anys s&#8217;ha anat adaptant als nous temps i a les noves&hellip;  <a href="https://agora.xtec.cat/escolagaudisabadell/lescola/historia/" title="Read Història">Llegeix més»</a></p>
