{"id":1120,"date":"2025-09-09T11:59:17","date_gmt":"2025-09-09T09:59:17","guid":{"rendered":"http:\/\/agora.xtec.cat\/escolagaudisabadell\/?page_id=1120"},"modified":"2025-09-09T14:18:12","modified_gmt":"2025-09-09T12:18:12","slug":"informacio-inici-de-curs","status":"publish","type":"page","link":"https:\/\/agora.xtec.cat\/escolagaudisabadell\/informacio-inici-de-curs\/","title":{"rendered":"Informaci\u00f3 inici de curs"},"content":{"rendered":"<p>Aqu\u00ed teniu a la vostra disposici\u00f3 documents amb tota la informaci\u00f3 que pugueu necessitar per al funcionament del curs:<\/p>\n<p><strong>INFORMACI\u00d3 GENERAL<\/strong>.\u00a0 El dossier de pares afecta de forma gen\u00e8rica a totes les fam\u00edlies:<\/p>\n<p><a href=\"https:\/\/agora.xtec.cat\/escolagaudisabadell\/wp-content\/uploads\/usu1563\/2025\/09\/Dossier-families-2025-2026.pdf\">Dossier fam\u00edlies 2025-2026<\/a><\/p>\n<p><strong>REUNIONS INICI DE CURS, CALENDARI I HORARIS:<\/strong><\/p>\n<p>Totes les reunions seran a les <strong>16:30-18:00 h<\/strong>.<\/p>\n<p>I3\u00a0 &gt;&gt; Dijous 09 octubre 2025<\/p>\n<p>I4 &gt;&gt; Dijous 09 octubre 2025<\/p>\n<p>I5 &gt;&gt; Dilluns 29 setembre 2025<\/p>\n<p>&nbsp;<\/p>\n<p>1r &gt;&gt; Dimarts 30 setembre 2025<\/p>\n<p>2n &gt;&gt; Dimarts 7 octubre 2025<\/p>\n<p>3r &gt;&gt; Dimarts 7 octubre 2025<\/p>\n<p>4t &gt;&gt; Dimecres 1 octubre 2025<\/p>\n<p>5\u00e8 &gt;&gt; Dimecres 1 octubre 2025<\/p>\n<p>6\u00e8 &gt;&gt; Dilluns 29 setembre 2025<\/p>\n<p>&nbsp;<\/p>\n","protected":false},"excerpt":{"rendered":"<p>Aqu\u00ed teniu a la vostra disposici\u00f3 documents amb tota la informaci\u00f3 que pugueu necessitar per al funcionament del curs:<br \/>\nINFORMACI\u00d3 GENERAL.\u00a0 El dossier de pares afecta de forma gen\u00e8rica a totes les fam\u00edlies:<br \/>\n<a href=\"https:\/\/agora.xtec.cat\/escolagaudisabadell\/wp-content\/uploads\/usu1563\/2025\/09\/Dossier-families-2025-2026.pdf\">Dossier fam\u00edlies 2025-2026<\/a><br \/>\nREUNIONS INICI DE CURS, CALENDARI I HORARIS:<br \/>\nTotes les reunions seran a&hellip;  <a href=\"https:\/\/agora.xtec.cat\/escolagaudisabadell\/informacio-inici-de-curs\/\" title=\"Read Informaci\u00f3 inici de curs\">Llegeix m\u00e9s\u00bb<\/a><\/p>\n","protected":false},"author":1,"featured_media":0,"parent":0,"menu_order":0,"comment_status":"closed","ping_status":"closed","template":"","meta":{"_bbp_topic_count":0,"_bbp_reply_count":0,"_bbp_total_topic_count":0,"_bbp_total_reply_count":0,"_bbp_voice_count":0,"_bbp_anonymous_reply_count":0,"_bbp_topic_count_hidden":0,"_bbp_reply_count_hidden":0,"_bbp_forum_subforum_count":0,"footnotes":""},"class_list":["post-1120","page","type-page","status-publish","hentry"],"post_mailing_queue_ids":[],"_links":{"self":[{"href":"https:\/\/agora.xtec.cat\/escolagaudisabadell\/wp-json\/wp\/v2\/pages\/1120","targetHints":{"allow":["GET"]}}],"collection":[{"href":"https:\/\/agora.xtec.cat\/escolagaudisabadell\/wp-json\/wp\/v2\/pages"}],"about":[{"href":"https:\/\/agora.xtec.cat\/escolagaudisabadell\/wp-json\/wp\/v2\/types\/page"}],"author":[{"embeddable":true,"href":"https:\/\/agora.xtec.cat\/escolagaudisabadell\/wp-json\/wp\/v2\/users\/1"}],"replies":[{"embeddable":true,"href":"https:\/\/agora.xtec.cat\/escolagaudisabadell\/wp-json\/wp\/v2\/comments?post=1120"}],"version-history":[{"count":6,"href":"https:\/\/agora.xtec.cat\/escolagaudisabadell\/wp-json\/wp\/v2\/pages\/1120\/revisions"}],"predecessor-version":[{"id":8137,"href":"https:\/\/agora.xtec.cat\/escolagaudisabadell\/wp-json\/wp\/v2\/pages\/1120\/revisions\/8137"}],"wp:attachment":[{"href":"https:\/\/agora.xtec.cat\/escolagaudisabadell\/wp-json\/wp\/v2\/media?parent=1120"}],"curies":[{"name":"wp","href":"https:\/\/api.w.org\/{rel}","templated":true}]}}

Informació inici de curs

<p>Aquí teniu a la vostra disposició documents amb tota la informació que pugueu necessitar per al funcionament del curs:</p>
<p><strong>INFORMACIÓ GENERAL</strong>.  El dossier de pares afecta de forma genèrica a totes les famílies:</p>
<p><a href="https://agora.xtec.cat/escolagaudisabadell/wp-content/uploads/usu1563/2025/09/Dossier-families-2025-2026.pdf">Dossier famílies 2025-2026</a></p>
<p><strong>REUNIONS INICI DE CURS, CALENDARI I HORARIS:</strong></p>
<p>Totes les reunions seran a les <strong>16:30-18:00 h</strong>.</p>
<p>I3  &gt;&gt; Dijous 09 octubre 2025</p>
<p>I4 &gt;&gt; Dijous 09 octubre 2025</p>
<p>I5 &gt;&gt; Dilluns 29 setembre 2025</p>
<p>&nbsp;</p>
<p>1r &gt;&gt; Dimarts 30 setembre 2025</p>
<p>2n &gt;&gt; Dimarts 7 octubre 2025</p>
<p>3r &gt;&gt; Dimarts 7 octubre 2025</p>
<p>4t &gt;&gt; Dimecres 1 octubre 2025</p>
<p>5è &gt;&gt; Dimecres 1 octubre 2025</p>
<p>6è &gt;&gt; Dilluns 29 setembre 2025</p>
<p>&nbsp;</p>

<p>Aquí teniu a la vostra disposició documents amb tota la informació que pugueu necessitar per al funcionament del curs:<br />
INFORMACIÓ GENERAL.  El dossier de pares afecta de forma genèrica a totes les famílies:<br />
<a href="https://agora.xtec.cat/escolagaudisabadell/wp-content/uploads/usu1563/2025/09/Dossier-families-2025-2026.pdf">Dossier famílies 2025-2026</a><br />
REUNIONS INICI DE CURS, CALENDARI I HORARIS:<br />
Totes les reunions seran a&hellip;  <a href="https://agora.xtec.cat/escolagaudisabadell/informacio-inici-de-curs/" title="Read Informació inici de curs">Llegeix més»</a></p>
