{"id":30,"date":"2014-09-18T12:30:23","date_gmt":"2014-09-18T12:30:23","guid":{"rendered":"http:\/\/agora.xtec.cat\/escolafrancescfeliu\/?page_id=30"},"modified":"2015-05-18T11:22:28","modified_gmt":"2015-05-18T10:22:28","slug":"instal%c2%b7lacions","status":"publish","type":"page","link":"https:\/\/agora.xtec.cat\/escolafrancescfeliu\/lescola\/instal%c2%b7lacions\/","title":{"rendered":"Instal\u00b7lacions"},"content":{"rendered":"<p><img loading=\"lazy\" decoding=\"async\" class=\"\" src=\"http:\/\/www.altanto.cat\/documents\/revista\/jpg\/g_0_1657.jpg\" alt=\"\" width=\"345\" height=\"230\" \/><\/p>\n<p>Actualment l&#8217;escola Francesc Feliu s&#8217;ubica en un edifici de titularitat privada en r\u00e8gim de lloguer. Entenem l\u2019edifici i el pati com espais agradables ideats per a la pr\u00e0ctica educativa i on alumnes, pares i mestres podem circular lliurement, segons les NOFc<\/p>\n<p>Resseguint els diferents espais de l\u2019escola, actualment hi trobem:<\/p>\n<ul>\n<li>5 aules d&#8217;educaci\u00f3 infantil.<\/li>\n<li>aula per desdoblaments d\u2019educaci\u00f3 infantil (s\u2019ha condicionat una part del menjador escolar).<\/li>\n<li>6 aules d\u2019educaci\u00f3 prim\u00e0ria.<\/li>\n<li>aula per al desdoblament de 3r.<\/li>\n<li>aula per fer psicomotricitat i altres activitats.<\/li>\n<li>aula d&#8217;inform\u00e0tica.<\/li>\n<li>Aula d\u2019educaci\u00f3 especial.<\/li>\n<li>Aula d\u2019acollida.<\/li>\n<li>Menjador amb rebost i cuina annexa equipada per a la preparaci\u00f3 de tot tipus de menjar.<\/li>\n<li>Aula de m\u00fasica i idiomes amb imatge i so per audicions.<\/li>\n<li>Sal\u00f3 d&#8217;actes amb un escenari de fusta per diverses activitats.<\/li>\n<li>Espais annexos per guardar material divers. Sala de professors i despatxos per a la secretaria de l\u2019Escola, per l\u2019AMPA i visites diverses, amb els corresponents serveis i les sales de material i reprografia.<\/li>\n<li>Un espai exterior dedicat a l&#8217;esbarjo amb unes cistelles de b\u00e0squet i una zona per a jocs infantils amb sorral.<\/li>\n<li>Un bloc de serveis amb ascensor, espais per a la caldera de calefacci\u00f3, instal\u00b7lacions d\u2019aigua i electricitat i magatzem d\u2019eines diverses.<\/li>\n<\/ul>\n<p>A totes les aules hi ha un ordinador com a m\u00ednim, amb connexi\u00f3 a Internet. Tamb\u00e9 hi ha connexi\u00f3 wi-fi a tota l\u2019escola.<\/p>\n<p>Cada cicle, infantil i prim\u00e0ria, est\u00e0 dotat amb una pissarra digital, formada per un can\u00f3, una pantalla i un ordenador.<\/p>\n<p>&nbsp;<\/p>\n","protected":false},"excerpt":{"rendered":"<p>Actualment l&#8217;escola Francesc Feliu s&#8217;ubica en un edifici de titularitat privada en r\u00e8gim de lloguer. Entenem l\u2019edifici i el pati com espais agradables ideats per a la pr\u00e0ctica educativa i on alumnes, pares i mestres podem circular lliurement, segons les NOFc Resseguint els diferents espais de l\u2019escola, actualment hi trobem: 5 aules d&#8217;educaci\u00f3 infantil. aula [&hellip;]<\/p>\n","protected":false},"author":2,"featured_media":0,"parent":22,"menu_order":40,"comment_status":"closed","ping_status":"closed","template":"page-templates\/side-menu.php","meta":{"_bbp_topic_count":0,"_bbp_reply_count":0,"_bbp_total_topic_count":0,"_bbp_total_reply_count":0,"_bbp_voice_count":0,"_bbp_anonymous_reply_count":0,"_bbp_topic_count_hidden":0,"_bbp_reply_count_hidden":0,"_bbp_forum_subforum_count":0,"site-sidebar-layout":"default","site-content-layout":"","ast-site-content-layout":"","site-content-style":"default","site-sidebar-style":"default","ast-global-header-display":"","ast-banner-title-visibility":"","ast-main-header-display":"","ast-hfb-above-header-display":"","ast-hfb-below-header-display":"","ast-hfb-mobile-header-display":"","site-post-title":"","ast-breadcrumbs-content":"","ast-featured-img":"","footer-sml-layout":"","theme-transparent-header-meta":"","adv-header-id-meta":"","stick-header-meta":"","header-above-stick-meta":"","header-main-stick-meta":"","header-below-stick-meta":"","astra-migrate-meta-layouts":"default","ast-page-background-enabled":"default","ast-page-background-meta":{"desktop":{"background-color":"var(--ast-global-color-4)","background-image":"","background-repeat":"repeat","background-position":"center center","background-size":"auto","background-attachment":"scroll","background-type":"","background-media":"","overlay-type":"","overlay-color":"","overlay-opacity":"","overlay-gradient":""},"tablet":{"background-color":"","background-image":"","background-repeat":"repeat","background-position":"center center","background-size":"auto","background-attachment":"scroll","background-type":"","background-media":"","overlay-type":"","overlay-color":"","overlay-opacity":"","overlay-gradient":""},"mobile":{"background-color":"","background-image":"","background-repeat":"repeat","background-position":"center center","background-size":"auto","background-attachment":"scroll","background-type":"","background-media":"","overlay-type":"","overlay-color":"","overlay-opacity":"","overlay-gradient":""}},"ast-content-background-meta":{"desktop":{"background-color":"var(--ast-global-color-5)","background-image":"","background-repeat":"repeat","background-position":"center center","background-size":"auto","background-attachment":"scroll","background-type":"","background-media":"","overlay-type":"","overlay-color":"","overlay-opacity":"","overlay-gradient":""},"tablet":{"background-color":"var(--ast-global-color-5)","background-image":"","background-repeat":"repeat","background-position":"center center","background-size":"auto","background-attachment":"scroll","background-type":"","background-media":"","overlay-type":"","overlay-color":"","overlay-opacity":"","overlay-gradient":""},"mobile":{"background-color":"var(--ast-global-color-5)","background-image":"","background-repeat":"repeat","background-position":"center center","background-size":"auto","background-attachment":"scroll","background-type":"","background-media":"","overlay-type":"","overlay-color":"","overlay-opacity":"","overlay-gradient":""}},"footnotes":""},"class_list":["post-30","page","type-page","status-publish","hentry"],"post_mailing_queue_ids":[],"_links":{"self":[{"href":"https:\/\/agora.xtec.cat\/escolafrancescfeliu\/wp-json\/wp\/v2\/pages\/30","targetHints":{"allow":["GET"]}}],"collection":[{"href":"https:\/\/agora.xtec.cat\/escolafrancescfeliu\/wp-json\/wp\/v2\/pages"}],"about":[{"href":"https:\/\/agora.xtec.cat\/escolafrancescfeliu\/wp-json\/wp\/v2\/types\/page"}],"author":[{"embeddable":true,"href":"https:\/\/agora.xtec.cat\/escolafrancescfeliu\/wp-json\/wp\/v2\/users\/2"}],"replies":[{"embeddable":true,"href":"https:\/\/agora.xtec.cat\/escolafrancescfeliu\/wp-json\/wp\/v2\/comments?post=30"}],"version-history":[{"count":3,"href":"https:\/\/agora.xtec.cat\/escolafrancescfeliu\/wp-json\/wp\/v2\/pages\/30\/revisions"}],"predecessor-version":[{"id":463,"href":"https:\/\/agora.xtec.cat\/escolafrancescfeliu\/wp-json\/wp\/v2\/pages\/30\/revisions\/463"}],"up":[{"embeddable":true,"href":"https:\/\/agora.xtec.cat\/escolafrancescfeliu\/wp-json\/wp\/v2\/pages\/22"}],"wp:attachment":[{"href":"https:\/\/agora.xtec.cat\/escolafrancescfeliu\/wp-json\/wp\/v2\/media?parent=30"}],"curies":[{"name":"wp","href":"https:\/\/api.w.org\/{rel}","templated":true}]}}

<p><img loading="lazy" decoding="async" class="" src="http://www.altanto.cat/documents/revista/jpg/g_0_1657.jpg" alt="" width="345" height="230" /></p>
<p>Actualment l&#8217;escola Francesc Feliu s&#8217;ubica en un edifici de titularitat privada en règim de lloguer. Entenem l’edifici i el pati com espais agradables ideats per a la pràctica educativa i on alumnes, pares i mestres podem circular lliurement, segons les NOFc</p>
<p>Resseguint els diferents espais de l’escola, actualment hi trobem:</p>
<ul>
<li>5 aules d&#8217;educació infantil.</li>
<li>aula per desdoblaments d’educació infantil (s’ha condicionat una part del menjador escolar).</li>
<li>6 aules d’educació primària.</li>
<li>aula per al desdoblament de 3r.</li>
<li>aula per fer psicomotricitat i altres activitats.</li>
<li>aula d&#8217;informàtica.</li>
<li>Aula d’educació especial.</li>
<li>Aula d’acollida.</li>
<li>Menjador amb rebost i cuina annexa equipada per a la preparació de tot tipus de menjar.</li>
<li>Aula de música i idiomes amb imatge i so per audicions.</li>
<li>Saló d&#8217;actes amb un escenari de fusta per diverses activitats.</li>
<li>Espais annexos per guardar material divers. Sala de professors i despatxos per a la secretaria de l’Escola, per l’AMPA i visites diverses, amb els corresponents serveis i les sales de material i reprografia.</li>
<li>Un espai exterior dedicat a l&#8217;esbarjo amb unes cistelles de bàsquet i una zona per a jocs infantils amb sorral.</li>
<li>Un bloc de serveis amb ascensor, espais per a la caldera de calefacció, instal·lacions d’aigua i electricitat i magatzem d’eines diverses.</li>
</ul>
<p>A totes les aules hi ha un ordinador com a mínim, amb connexió a Internet. També hi ha connexió wi-fi a tota l’escola.</p>
<p>Cada cicle, infantil i primària, està dotat amb una pissarra digital, formada per un canó, una pantalla i un ordenador.</p>
<p>&nbsp;</p>

<p>Actualment l&#8217;escola Francesc Feliu s&#8217;ubica en un edifici de titularitat privada en règim de lloguer. Entenem l’edifici i el pati com espais agradables ideats per a la pràctica educativa i on alumnes, pares i mestres podem circular lliurement, segons les NOFc Resseguint els diferents espais de l’escola, actualment hi trobem: 5 aules d&#8217;educació infantil. aula [&hellip;]</p>
