{"id":28,"date":"2014-09-18T12:29:35","date_gmt":"2014-09-18T12:29:35","guid":{"rendered":"http:\/\/agora.xtec.cat\/escolafrancescfeliu\/?page_id=28"},"modified":"2024-12-15T23:10:28","modified_gmt":"2024-12-15T22:10:28","slug":"consell-escolar","status":"publish","type":"page","link":"https:\/\/agora.xtec.cat\/escolafrancescfeliu\/lescola\/consell-escolar\/","title":{"rendered":"Consell escolar"},"content":{"rendered":"<p><img loading=\"lazy\" decoding=\"async\" class=\"alignnone wp-image-480\" src=\"http:\/\/agora.xtec.cat\/escolafrancescfeliu\/wp-content\/uploads\/usu213\/2014\/09\/consell_escolar2-1-150x150.jpg\" alt=\"consell_escolar2 (1)\" width=\"156\" height=\"156\" srcset=\"https:\/\/agora.xtec.cat\/escolafrancescfeliu\/wp-content\/uploads\/usu213\/2014\/09\/consell_escolar2-1-150x150.jpg 150w, https:\/\/agora.xtec.cat\/escolafrancescfeliu\/wp-content\/uploads\/usu213\/2014\/09\/consell_escolar2-1.jpg 225w\" sizes=\"auto, (max-width: 156px) 100vw, 156px\" \/><\/p>\n<ul>\n<li>\n<p align=\"justify\"><span style=\"font-family: 'Comic Sans MS'; font-size: medium;\">El Consell Escolar \u00e9s <span lang=\"es\">l&#8217;<\/span>\u00f2rgan <span lang=\"es\">col.legiat de participaci\u00f3 de la comunitat escolar en el<\/span> govern del centre<span lang=\"es\">,<\/span> hi estan representats tots els sectors: pares i mares, mestres, admistraci\u00f3 local<span lang=\"es\"> i<\/span> personal no docent<span lang=\"es\">.<\/span><\/span><\/p>\n<\/li>\n<li>\n<p align=\"justify\">Les persones del consell escolar s\u00f3n elegides per <strong>un per\u00edode de quatre anys<\/strong> i es renoven per meitats cada dos anys el primer trimestre del curs escolar.<\/p>\n<\/li>\n<\/ul>\n<p><strong>CONSTITUCI\u00d3 DEL CONSELL ESCOLAR<\/strong><\/p>\n<p>Llegides les actes de votaci\u00f3 de cada sector, la composici\u00f3 resultant del CONSELL ESCOLAR DE CENTRE DE L\u2019ESCOLA \u00a0FRANCESC FELIU \u00e9s la seg\u00fcent:<\/p>\n<p><a href=\"https:\/\/agora.xtec.cat\/escolafrancescfeliu\/wp-content\/uploads\/usu213\/2024\/12\/MEMBRES-DEL-CONSELL-ESCOLAR-Curs-2024-2025.docx.pdf\" target=\"_blank\" rel=\"noopener\"><img loading=\"lazy\" decoding=\"async\" class=\" wp-image-10710 alignleft\" src=\"https:\/\/agora.xtec.cat\/escolafrancescfeliu\/wp-content\/uploads\/usu213\/2024\/12\/consell-escolar-300x295.png\" alt=\"\" width=\"243\" height=\"239\" srcset=\"https:\/\/agora.xtec.cat\/escolafrancescfeliu\/wp-content\/uploads\/usu213\/2024\/12\/consell-escolar-300x295.png 300w, https:\/\/agora.xtec.cat\/escolafrancescfeliu\/wp-content\/uploads\/usu213\/2024\/12\/consell-escolar.png 762w\" sizes=\"auto, (max-width: 243px) 100vw, 243px\" \/><\/a><\/p>\n<p>&nbsp;<\/p>\n<p>&nbsp;<\/p>\n<p>&nbsp;<\/p>\n<p>&nbsp;<\/p>\n<p>&nbsp;<\/p>\n<p>&nbsp;<\/p>\n<ul style=\"text-align: center;\">\n<li style=\"text-align: left;\">Ens reunim en sessi\u00f3 ordin\u00e0ria 5 vegades cada curs: a inici i a final de curs i un cop per trimestre.<\/li>\n<li style=\"text-align: left;\">El dia de reuni\u00f3 normalment \u00e9s en dijous.<\/li>\n<li style=\"text-align: left;\">Els temes que tractem s<span lang=\"es\">\u00f3n<\/span> recollits en les actes corresponents d&#8217;acord amb l&#8217;Ordre del Dia de la convocat\u00f2ria.<\/li>\n<\/ul>\n","protected":false},"excerpt":{"rendered":"<p>El Consell Escolar \u00e9s l&#8217;\u00f2rgan col.legiat de participaci\u00f3 de la comunitat escolar en el govern del centre, hi estan representats tots els sectors: pares i mares, mestres, admistraci\u00f3 local i personal no docent. Les persones del consell escolar s\u00f3n elegides per un per\u00edode de quatre anys i es renoven per meitats cada dos anys el [&hellip;]<\/p>\n","protected":false},"author":2,"featured_media":480,"parent":22,"menu_order":30,"comment_status":"closed","ping_status":"closed","template":"page-templates\/side-menu.php","meta":{"_bbp_topic_count":0,"_bbp_reply_count":0,"_bbp_total_topic_count":0,"_bbp_total_reply_count":0,"_bbp_voice_count":0,"_bbp_anonymous_reply_count":0,"_bbp_topic_count_hidden":0,"_bbp_reply_count_hidden":0,"_bbp_forum_subforum_count":0,"site-sidebar-layout":"default","site-content-layout":"","ast-site-content-layout":"","site-content-style":"default","site-sidebar-style":"default","ast-global-header-display":"","ast-banner-title-visibility":"","ast-main-header-display":"","ast-hfb-above-header-display":"","ast-hfb-below-header-display":"","ast-hfb-mobile-header-display":"","site-post-title":"","ast-breadcrumbs-content":"","ast-featured-img":"","footer-sml-layout":"","theme-transparent-header-meta":"","adv-header-id-meta":"","stick-header-meta":"","header-above-stick-meta":"","header-main-stick-meta":"","header-below-stick-meta":"","astra-migrate-meta-layouts":"default","ast-page-background-enabled":"default","ast-page-background-meta":{"desktop":{"background-color":"var(--ast-global-color-4)","background-image":"","background-repeat":"repeat","background-position":"center center","background-size":"auto","background-attachment":"scroll","background-type":"","background-media":"","overlay-type":"","overlay-color":"","overlay-opacity":"","overlay-gradient":""},"tablet":{"background-color":"","background-image":"","background-repeat":"repeat","background-position":"center center","background-size":"auto","background-attachment":"scroll","background-type":"","background-media":"","overlay-type":"","overlay-color":"","overlay-opacity":"","overlay-gradient":""},"mobile":{"background-color":"","background-image":"","background-repeat":"repeat","background-position":"center center","background-size":"auto","background-attachment":"scroll","background-type":"","background-media":"","overlay-type":"","overlay-color":"","overlay-opacity":"","overlay-gradient":""}},"ast-content-background-meta":{"desktop":{"background-color":"var(--ast-global-color-5)","background-image":"","background-repeat":"repeat","background-position":"center center","background-size":"auto","background-attachment":"scroll","background-type":"","background-media":"","overlay-type":"","overlay-color":"","overlay-opacity":"","overlay-gradient":""},"tablet":{"background-color":"var(--ast-global-color-5)","background-image":"","background-repeat":"repeat","background-position":"center center","background-size":"auto","background-attachment":"scroll","background-type":"","background-media":"","overlay-type":"","overlay-color":"","overlay-opacity":"","overlay-gradient":""},"mobile":{"background-color":"var(--ast-global-color-5)","background-image":"","background-repeat":"repeat","background-position":"center center","background-size":"auto","background-attachment":"scroll","background-type":"","background-media":"","overlay-type":"","overlay-color":"","overlay-opacity":"","overlay-gradient":""}},"footnotes":""},"class_list":["post-28","page","type-page","status-publish","has-post-thumbnail","hentry"],"post_mailing_queue_ids":[],"_links":{"self":[{"href":"https:\/\/agora.xtec.cat\/escolafrancescfeliu\/wp-json\/wp\/v2\/pages\/28","targetHints":{"allow":["GET"]}}],"collection":[{"href":"https:\/\/agora.xtec.cat\/escolafrancescfeliu\/wp-json\/wp\/v2\/pages"}],"about":[{"href":"https:\/\/agora.xtec.cat\/escolafrancescfeliu\/wp-json\/wp\/v2\/types\/page"}],"author":[{"embeddable":true,"href":"https:\/\/agora.xtec.cat\/escolafrancescfeliu\/wp-json\/wp\/v2\/users\/2"}],"replies":[{"embeddable":true,"href":"https:\/\/agora.xtec.cat\/escolafrancescfeliu\/wp-json\/wp\/v2\/comments?post=28"}],"version-history":[{"count":5,"href":"https:\/\/agora.xtec.cat\/escolafrancescfeliu\/wp-json\/wp\/v2\/pages\/28\/revisions"}],"predecessor-version":[{"id":10709,"href":"https:\/\/agora.xtec.cat\/escolafrancescfeliu\/wp-json\/wp\/v2\/pages\/28\/revisions\/10709"}],"up":[{"embeddable":true,"href":"https:\/\/agora.xtec.cat\/escolafrancescfeliu\/wp-json\/wp\/v2\/pages\/22"}],"wp:featuredmedia":[{"embeddable":true,"href":"https:\/\/agora.xtec.cat\/escolafrancescfeliu\/wp-json\/wp\/v2\/media\/480"}],"wp:attachment":[{"href":"https:\/\/agora.xtec.cat\/escolafrancescfeliu\/wp-json\/wp\/v2\/media?parent=28"}],"curies":[{"name":"wp","href":"https:\/\/api.w.org\/{rel}","templated":true}]}}

<p><img loading="lazy" decoding="async" class="alignnone wp-image-480" src="http://agora.xtec.cat/escolafrancescfeliu/wp-content/uploads/usu213/2014/09/consell_escolar2-1-150x150.jpg" alt="consell_escolar2 (1)" width="156" height="156" srcset="https://agora.xtec.cat/escolafrancescfeliu/wp-content/uploads/usu213/2014/09/consell_escolar2-1-150x150.jpg 150w, https://agora.xtec.cat/escolafrancescfeliu/wp-content/uploads/usu213/2014/09/consell_escolar2-1.jpg 225w" sizes="auto, (max-width: 156px) 100vw, 156px" /></p>
<ul>
<li>
<p align="justify"><span style="font-family: 'Comic Sans MS'; font-size: medium;">El Consell Escolar és <span lang="es">l&#8217;</span>òrgan <span lang="es">col.legiat de participació de la comunitat escolar en el</span> govern del centre<span lang="es">,</span> hi estan representats tots els sectors: pares i mares, mestres, admistració local<span lang="es"> i</span> personal no docent<span lang="es">.</span></span></p>
</li>
<li>
<p align="justify">Les persones del consell escolar són elegides per <strong>un període de quatre anys</strong> i es renoven per meitats cada dos anys el primer trimestre del curs escolar.</p>
</li>
</ul>
<p><strong>CONSTITUCIÓ DEL CONSELL ESCOLAR</strong></p>
<p>Llegides les actes de votació de cada sector, la composició resultant del CONSELL ESCOLAR DE CENTRE DE L’ESCOLA  FRANCESC FELIU és la següent:</p>
<p><a href="https://agora.xtec.cat/escolafrancescfeliu/wp-content/uploads/usu213/2024/12/MEMBRES-DEL-CONSELL-ESCOLAR-Curs-2024-2025.docx.pdf" target="_blank" rel="noopener"><img loading="lazy" decoding="async" class=" wp-image-10710 alignleft" src="https://agora.xtec.cat/escolafrancescfeliu/wp-content/uploads/usu213/2024/12/consell-escolar-300x295.png" alt="" width="243" height="239" srcset="https://agora.xtec.cat/escolafrancescfeliu/wp-content/uploads/usu213/2024/12/consell-escolar-300x295.png 300w, https://agora.xtec.cat/escolafrancescfeliu/wp-content/uploads/usu213/2024/12/consell-escolar.png 762w" sizes="auto, (max-width: 243px) 100vw, 243px" /></a></p>
<p>&nbsp;</p>
<p>&nbsp;</p>
<p>&nbsp;</p>
<p>&nbsp;</p>
<p>&nbsp;</p>
<p>&nbsp;</p>
<ul style="text-align: center;">
<li style="text-align: left;">Ens reunim en sessió ordinària 5 vegades cada curs: a inici i a final de curs i un cop per trimestre.</li>
<li style="text-align: left;">El dia de reunió normalment és en dijous.</li>
<li style="text-align: left;">Els temes que tractem s<span lang="es">ón</span> recollits en les actes corresponents d&#8217;acord amb l&#8217;Ordre del Dia de la convocatòria.</li>
</ul>

<p>El Consell Escolar és l&#8217;òrgan col.legiat de participació de la comunitat escolar en el govern del centre, hi estan representats tots els sectors: pares i mares, mestres, admistració local i personal no docent. Les persones del consell escolar són elegides per un període de quatre anys i es renoven per meitats cada dos anys el [&hellip;]</p>
