{"id":658,"date":"2015-05-11T12:06:49","date_gmt":"2015-05-11T11:06:49","guid":{"rendered":"http:\/\/agora.xtec.cat\/escolaforndanells\/?page_id=658"},"modified":"2026-01-16T18:03:10","modified_gmt":"2026-01-16T17:03:10","slug":"informacions-sortides","status":"publish","type":"page","link":"https:\/\/agora.xtec.cat\/escolaforndanells\/documents\/informacions-sortides\/","title":{"rendered":"Sortides i tallers"},"content":{"rendered":"<p><span style=\"text-decoration: underline;\"><em><strong>PRIMER TRIMESTRE<\/strong><\/em><\/span><\/p>\n<p><b><span style=\"color: #ff8040;\">2025 <\/span><a href=\"https:\/\/agora.xtec.cat\/escolaforndanells\/wp-content\/uploads\/usu986\/2025\/10\/Full-pagament-1rT-EI-25-26.pdf\" target=\"_blank\" rel=\"noopener\">SORTIDES 1r TRIMESTRE EDUCACI\u00d3 INFANTIL<\/a><\/b><\/p>\n<p><b><span style=\"color: #ff8040;\">2025 <\/span><a href=\"https:\/\/agora.xtec.cat\/escolaforndanells\/wp-content\/uploads\/usu986\/2025\/10\/Full-pagament-1rT-CI-25-26.pdf\" target=\"_blank\" rel=\"noopener\">SORTIDES 1r TRIMESTRE CICLE INICIAL<\/a><\/b><\/p>\n<p><b><span style=\"color: #ff8040;\">2025 <\/span><a href=\"https:\/\/agora.xtec.cat\/escolaforndanells\/wp-content\/uploads\/usu986\/2025\/10\/Full-pagament-1rT-CM-25-26.pdf\" target=\"_blank\" rel=\"noopener\">SORTIDES 1r TRIMESTRE CICLE MITJ\u00c0<\/a><\/b><\/p>\n<p><b><span style=\"color: #ff8040;\">2025 <\/span><a href=\"https:\/\/agora.xtec.cat\/escolaforndanells\/wp-content\/uploads\/usu986\/2025\/10\/Full-pagament-1rT-CS-25-26.pdf\" target=\"_blank\" rel=\"noopener\">SORTIDES 1r TRIMESTRE CICLE SUPERIOR<\/a><\/b><\/p>\n<p><b><span style=\"color: #ff8040;\">2025<\/span>\u00a0<a href=\"https:\/\/agora.xtec.cat\/escolaforndanells\/wp-content\/uploads\/usu986\/2025\/10\/Diptic-Informatiu-colonies-3r_2025-1.pdf\" target=\"_blank\" rel=\"noopener\">D\u00cdPTIC INFORMATIU COL\u00d2NIES INICI DE CURS 3r<\/a><\/b><\/p>\n<p><span style=\"text-decoration: underline;\"><em><strong>SEGON TRIMESTRE<\/strong><\/em><\/span><\/p>\n<p><b><span style=\"color: #ff8040;\">2026 <\/span><a href=\"https:\/\/agora.xtec.cat\/escolaforndanells\/wp-content\/uploads\/usu986\/2026\/01\/Full-pagament-2nT-EI-25-26.pdf\" target=\"_blank\" rel=\"noopener\">SORTIDES 2n TRIMESTRE EDUCACI\u00d3 INFANTIL<\/a><\/b><\/p>\n<p><b><span style=\"color: #ff8040;\">2026 <\/span><a href=\"https:\/\/agora.xtec.cat\/escolaforndanells\/wp-content\/uploads\/usu986\/2026\/01\/Full-pagament-2nT-CI-25-26.pdf\" target=\"_blank\" rel=\"noopener\">SORTIDES 2n TRIMESTRE CICLE INICIAL<\/a><\/b><\/p>\n<p><b><span style=\"color: #ff8040;\">2026 <\/span><a href=\"https:\/\/agora.xtec.cat\/escolaforndanells\/wp-content\/uploads\/usu986\/2026\/01\/Full-pagament-2nT-CM-25-26.pdf\" target=\"_blank\" rel=\"noopener\">SORTIDES 2n TRIMESTRE CICLE MITJ\u00c0<\/a><\/b><\/p>\n<p><b><span style=\"color: #ff8040;\">2026 <\/span><a href=\"https:\/\/agora.xtec.cat\/escolaforndanells\/wp-content\/uploads\/usu986\/2026\/01\/Full-pagament-2nT-CS-25-26.pdf\" target=\"_blank\" rel=\"noopener\">SORTIDES 2n TRIMESTRE CICLE SUPERIOR<\/a><\/b><\/p>\n<p><span style=\"text-decoration: underline;\"><em><strong>TERCER TRIMESTRE<\/strong><\/em><\/span><\/p>\n<p><b><span style=\"color: #ff8040;\">2026 <\/span>SORTIDES 3r TRIMESTRE EDUCACI\u00d3 INFANTIL<\/b><\/p>\n<p><b><span style=\"color: #ff8040;\">2026 <\/span>SORTIDES 3r TRIMESTRE CICLE INICIAL<\/b><\/p>\n<p><b><span style=\"color: #ff8040;\">2026 <\/span>SORTIDES 3r TRIMESTRE CICLE MITJ\u00c0<\/b><\/p>\n<p><b><span style=\"color: #ff8040;\">2026 <\/span>SORTIDES 3r TRIMESTRE CICLE SUPERIOR<\/b><\/p>\n<p><b><span style=\"color: #ff8040;\">2026 <\/span>D\u00cdPTIC INFORMATIU COL\u00d2NIES FINAL DE CURS I5<\/b><\/p>\n<p><b><span style=\"color: #ff8040;\">2026 <\/span>D\u00cdPTIC INFORMATIU COL\u00d2NIES FINAL DE CURS 6\u00e8<\/b><\/p>\n<p><!--a=1--><\/p>\n<p><!--a=1--><\/p>\n<p><!--a=1--><\/p>\n<p><!--a=1--><\/p>\n<p><!--a=1--><\/p>\n<p><!--a=1--><\/p>\n<p><!--a=1--><\/p>\n<p><!--a=1--><\/p>\n<p><!--a=1--><\/p>\n<p><!--a=1--><\/p>\n<p><!--a=1--><\/p>\n<p><!--a=1--><\/p>\n<p><!--a=1--><\/p>\n<p><!--a=1--><\/p>\n<p><!--a=1--><\/p>\n<p><!--a=1--><\/p>\n<p><!--a=1--><\/p>\n<p><!--a=1--><\/p>\n<p><!--a=1--><\/p>\n<p><!--a=1--><!--a=1--><\/p>\n","protected":false},"excerpt":{"rendered":"<p>PRIMER TRIMESTRE 2025 SORTIDES 1r TRIMESTRE EDUCACI\u00d3 INFANTIL 2025 SORTIDES 1r TRIMESTRE CICLE INICIAL 2025 SORTIDES 1r TRIMESTRE CICLE MITJ\u00c0 2025 SORTIDES 1r TRIMESTRE CICLE SUPERIOR 2025\u00a0D\u00cdPTIC INFORMATIU COL\u00d2NIES INICI DE CURS 3r SEGON TRIMESTRE 2026 SORTIDES 2n TRIMESTRE EDUCACI\u00d3 INFANTIL 2026 SORTIDES 2n TRIMESTRE CICLE INICIAL 2026 SORTIDES 2n TRIMESTRE CICLE MITJ\u00c0 2026 SORTIDES [&hellip;]<\/p>\n","protected":false},"author":3,"featured_media":0,"parent":271,"menu_order":0,"comment_status":"closed","ping_status":"closed","template":"","meta":{"_bbp_topic_count":0,"_bbp_reply_count":0,"_bbp_total_topic_count":0,"_bbp_total_reply_count":0,"_bbp_voice_count":0,"_bbp_anonymous_reply_count":0,"_bbp_topic_count_hidden":0,"_bbp_reply_count_hidden":0,"_bbp_forum_subforum_count":0,"site-sidebar-layout":"default","site-content-layout":"","ast-site-content-layout":"default","site-content-style":"default","site-sidebar-style":"default","ast-global-header-display":"","ast-banner-title-visibility":"","ast-main-header-display":"","ast-hfb-above-header-display":"","ast-hfb-below-header-display":"","ast-hfb-mobile-header-display":"","site-post-title":"","ast-breadcrumbs-content":"","ast-featured-img":"","footer-sml-layout":"","theme-transparent-header-meta":"default","adv-header-id-meta":"","stick-header-meta":"","header-above-stick-meta":"","header-main-stick-meta":"","header-below-stick-meta":"","astra-migrate-meta-layouts":"set","ast-page-background-enabled":"default","ast-page-background-meta":{"desktop":{"background-color":"var(--ast-global-color-4)","background-image":"","background-repeat":"repeat","background-position":"center center","background-size":"auto","background-attachment":"scroll","background-type":"","background-media":"","overlay-type":"","overlay-color":"","overlay-opacity":"","overlay-gradient":""},"tablet":{"background-color":"","background-image":"","background-repeat":"repeat","background-position":"center center","background-size":"auto","background-attachment":"scroll","background-type":"","background-media":"","overlay-type":"","overlay-color":"","overlay-opacity":"","overlay-gradient":""},"mobile":{"background-color":"","background-image":"","background-repeat":"repeat","background-position":"center center","background-size":"auto","background-attachment":"scroll","background-type":"","background-media":"","overlay-type":"","overlay-color":"","overlay-opacity":"","overlay-gradient":""}},"ast-content-background-meta":{"desktop":{"background-color":"var(--ast-global-color-5)","background-image":"","background-repeat":"repeat","background-position":"center center","background-size":"auto","background-attachment":"scroll","background-type":"","background-media":"","overlay-type":"","overlay-color":"","overlay-opacity":"","overlay-gradient":""},"tablet":{"background-color":"var(--ast-global-color-5)","background-image":"","background-repeat":"repeat","background-position":"center center","background-size":"auto","background-attachment":"scroll","background-type":"","background-media":"","overlay-type":"","overlay-color":"","overlay-opacity":"","overlay-gradient":""},"mobile":{"background-color":"var(--ast-global-color-5)","background-image":"","background-repeat":"repeat","background-position":"center center","background-size":"auto","background-attachment":"scroll","background-type":"","background-media":"","overlay-type":"","overlay-color":"","overlay-opacity":"","overlay-gradient":""}},"footnotes":""},"class_list":["post-658","page","type-page","status-publish","hentry"],"post_mailing_queue_ids":[],"_links":{"self":[{"href":"https:\/\/agora.xtec.cat\/escolaforndanells\/wp-json\/wp\/v2\/pages\/658","targetHints":{"allow":["GET"]}}],"collection":[{"href":"https:\/\/agora.xtec.cat\/escolaforndanells\/wp-json\/wp\/v2\/pages"}],"about":[{"href":"https:\/\/agora.xtec.cat\/escolaforndanells\/wp-json\/wp\/v2\/types\/page"}],"author":[{"embeddable":true,"href":"https:\/\/agora.xtec.cat\/escolaforndanells\/wp-json\/wp\/v2\/users\/3"}],"replies":[{"embeddable":true,"href":"https:\/\/agora.xtec.cat\/escolaforndanells\/wp-json\/wp\/v2\/comments?post=658"}],"version-history":[{"count":7,"href":"https:\/\/agora.xtec.cat\/escolaforndanells\/wp-json\/wp\/v2\/pages\/658\/revisions"}],"predecessor-version":[{"id":9388,"href":"https:\/\/agora.xtec.cat\/escolaforndanells\/wp-json\/wp\/v2\/pages\/658\/revisions\/9388"}],"up":[{"embeddable":true,"href":"https:\/\/agora.xtec.cat\/escolaforndanells\/wp-json\/wp\/v2\/pages\/271"}],"wp:attachment":[{"href":"https:\/\/agora.xtec.cat\/escolaforndanells\/wp-json\/wp\/v2\/media?parent=658"}],"curies":[{"name":"wp","href":"https:\/\/api.w.org\/{rel}","templated":true}]}}