{"id":5230,"date":"2020-05-22T16:29:17","date_gmt":"2020-05-22T14:29:17","guid":{"rendered":"http:\/\/agora.xtec.cat\/escolaforndanells\/?page_id=5230"},"modified":"2026-02-02T11:06:50","modified_gmt":"2026-02-02T10:06:50","slug":"gestio-economica","status":"publish","type":"page","link":"https:\/\/agora.xtec.cat\/escolaforndanells\/transparencia\/gestio-economica\/","title":{"rendered":"Gesti\u00f3 econ\u00f2mica"},"content":{"rendered":"<ul>\n<li><strong>Aportacions volunt\u00e0ries de les fam\u00edlies<\/strong> per material escolar (llibres, llibretes, material de pl\u00e0stica i altre material complementari) per tot el curs i per activitats complement\u00e0ries pel curs 2025-2026:\n<ul>\n<li>Material complementari i pl\u00e0stica d&#8217;<strong>I3, I4 i I5<\/strong>: 90\u20ac<\/li>\n<li>Material complementari i pl\u00e0stica de <strong>1r a 6\u00e8<\/strong>: 150\u20ac<\/li>\n<li>Sortides i tallers: pagament per trimestres segons les activitats.<\/li>\n<\/ul>\n<\/li>\n<li><strong>Pressupost:<\/strong>\n<ul>\n<li><a href=\"https:\/\/agora.xtec.cat\/escolaforndanells\/wp-content\/uploads\/usu986\/2026\/02\/Liquidacio-del-pressupost-2025.pdf\" target=\"_blank\" rel=\"noopener\"><strong>Liquidaci\u00f3 del pressupost 2025<\/strong><\/a><\/li>\n<li><a href=\"https:\/\/agora.xtec.cat\/escolaforndanells\/wp-content\/uploads\/usu986\/2026\/02\/Pressupost-2026.pdf\" target=\"_blank\" rel=\"noopener\"><strong>Dades del pressupost 2026<\/strong><\/a><\/li>\n<\/ul>\n<\/li>\n<\/ul>\n<p><!--a=1--><\/p>\n<p><!--a=1--><\/p>\n<p><!--a=1--><\/p>\n<p><!--a=1--><\/p>\n<p><!--a=1--><\/p>\n<p><!--a=1--><\/p>\n<p><!--a=1--><\/p>\n","protected":false},"excerpt":{"rendered":"<p>Aportacions volunt\u00e0ries de les fam\u00edlies per material escolar (llibres, llibretes, material de pl\u00e0stica i altre material complementari) per tot el curs i per activitats complement\u00e0ries pel curs 2025-2026: Material complementari i pl\u00e0stica d&#8217;I3, I4 i I5: 90\u20ac Material complementari i pl\u00e0stica de 1r a 6\u00e8: 150\u20ac Sortides i tallers: pagament per trimestres segons les activitats. [&hellip;]<\/p>\n","protected":false},"author":3,"featured_media":0,"parent":5121,"menu_order":3,"comment_status":"closed","ping_status":"closed","template":"","meta":{"_bbp_topic_count":0,"_bbp_reply_count":0,"_bbp_total_topic_count":0,"_bbp_total_reply_count":0,"_bbp_voice_count":0,"_bbp_anonymous_reply_count":0,"_bbp_topic_count_hidden":0,"_bbp_reply_count_hidden":0,"_bbp_forum_subforum_count":0,"site-sidebar-layout":"default","site-content-layout":"","ast-site-content-layout":"default","site-content-style":"default","site-sidebar-style":"default","ast-global-header-display":"","ast-banner-title-visibility":"","ast-main-header-display":"","ast-hfb-above-header-display":"","ast-hfb-below-header-display":"","ast-hfb-mobile-header-display":"","site-post-title":"","ast-breadcrumbs-content":"","ast-featured-img":"","footer-sml-layout":"","theme-transparent-header-meta":"default","adv-header-id-meta":"","stick-header-meta":"","header-above-stick-meta":"","header-main-stick-meta":"","header-below-stick-meta":"","astra-migrate-meta-layouts":"set","ast-page-background-enabled":"default","ast-page-background-meta":{"desktop":{"background-color":"var(--ast-global-color-4)","background-image":"","background-repeat":"repeat","background-position":"center center","background-size":"auto","background-attachment":"scroll","background-type":"","background-media":"","overlay-type":"","overlay-color":"","overlay-opacity":"","overlay-gradient":""},"tablet":{"background-color":"","background-image":"","background-repeat":"repeat","background-position":"center center","background-size":"auto","background-attachment":"scroll","background-type":"","background-media":"","overlay-type":"","overlay-color":"","overlay-opacity":"","overlay-gradient":""},"mobile":{"background-color":"","background-image":"","background-repeat":"repeat","background-position":"center center","background-size":"auto","background-attachment":"scroll","background-type":"","background-media":"","overlay-type":"","overlay-color":"","overlay-opacity":"","overlay-gradient":""}},"ast-content-background-meta":{"desktop":{"background-color":"var(--ast-global-color-5)","background-image":"","background-repeat":"repeat","background-position":"center center","background-size":"auto","background-attachment":"scroll","background-type":"","background-media":"","overlay-type":"","overlay-color":"","overlay-opacity":"","overlay-gradient":""},"tablet":{"background-color":"var(--ast-global-color-5)","background-image":"","background-repeat":"repeat","background-position":"center center","background-size":"auto","background-attachment":"scroll","background-type":"","background-media":"","overlay-type":"","overlay-color":"","overlay-opacity":"","overlay-gradient":""},"mobile":{"background-color":"var(--ast-global-color-5)","background-image":"","background-repeat":"repeat","background-position":"center center","background-size":"auto","background-attachment":"scroll","background-type":"","background-media":"","overlay-type":"","overlay-color":"","overlay-opacity":"","overlay-gradient":""}},"footnotes":""},"class_list":["post-5230","page","type-page","status-publish","hentry"],"post_mailing_queue_ids":[],"_links":{"self":[{"href":"https:\/\/agora.xtec.cat\/escolaforndanells\/wp-json\/wp\/v2\/pages\/5230","targetHints":{"allow":["GET"]}}],"collection":[{"href":"https:\/\/agora.xtec.cat\/escolaforndanells\/wp-json\/wp\/v2\/pages"}],"about":[{"href":"https:\/\/agora.xtec.cat\/escolaforndanells\/wp-json\/wp\/v2\/types\/page"}],"author":[{"embeddable":true,"href":"https:\/\/agora.xtec.cat\/escolaforndanells\/wp-json\/wp\/v2\/users\/3"}],"replies":[{"embeddable":true,"href":"https:\/\/agora.xtec.cat\/escolaforndanells\/wp-json\/wp\/v2\/comments?post=5230"}],"version-history":[{"count":7,"href":"https:\/\/agora.xtec.cat\/escolaforndanells\/wp-json\/wp\/v2\/pages\/5230\/revisions"}],"predecessor-version":[{"id":9417,"href":"https:\/\/agora.xtec.cat\/escolaforndanells\/wp-json\/wp\/v2\/pages\/5230\/revisions\/9417"}],"up":[{"embeddable":true,"href":"https:\/\/agora.xtec.cat\/escolaforndanells\/wp-json\/wp\/v2\/pages\/5121"}],"wp:attachment":[{"href":"https:\/\/agora.xtec.cat\/escolaforndanells\/wp-json\/wp\/v2\/media?parent=5230"}],"curies":[{"name":"wp","href":"https:\/\/api.w.org\/{rel}","templated":true}]}}