{"id":260,"date":"2015-03-09T16:27:50","date_gmt":"2015-03-09T15:27:50","guid":{"rendered":"http:\/\/agora.xtec.cat\/escolaforndanells\/?page_id=260"},"modified":"2026-08-28T09:37:39","modified_gmt":"2026-08-28T07:37:39","slug":"coneix-lescola","status":"publish","type":"page","link":"https:\/\/agora.xtec.cat\/escolaforndanells\/lescola\/coneix-lescola\/","title":{"rendered":"Coneix l&#8217;escola"},"content":{"rendered":"<p style=\"text-align: justify;\">L\u2019Escola Forn d\u2019Anells \u00e9s l\u2019\u00fanica escola p\u00fablica de Fornells de la Selva. L\u2019actual edifici, per\u00f2, t\u00e9 una antiguitat de 35 anys i ja s\u2019han efectuat dues ampliacions, es va estrenar el curs 1990-1991. \u00c9s un centre d\u2019una l\u00ednia amb bonys (2n i 6\u00e8). Actualment, hi ha matriculats 191 alumnes repartits de la seg\u00fcent manera: I3 12, I4 15, I5 21, 1r 18, 2nA 14, 2nB 14, 3r 24, 4t 21, 5\u00e8 21, 6\u00e8A 15 i 6\u00e8B 15. El claustre est\u00e0 format per 18 mestres de plantilla (22 en total) m\u00e9s una TEI i una vetlladora.<\/p>\n<p style=\"text-align: justify;\">L\u2019equip directiu est\u00e0 format per: en Ferran Jim\u00e9nez com a director, la Marina \u00c1lvarez com a cap d\u2019estudis i l\u2019Aida Mel\u00e9ndez com a secret\u00e0ria.<\/p>\n<p style=\"text-align: justify;\">Disposem d\u2019una administrativa, la M. \u00c0ngels Gonz\u00e1lez , de 8 a 15h i d\u2019una conserge, l\u2019Inma Delgado, de 8.45 a 16.45h.<\/p>\n<p style=\"text-align: justify;\">La presidenta de l\u2019AFA \u00e9s la Pilar Cuf\u00ed. L\u2019AFA organitza l\u2019acollida matinal i de tardes a m\u00e9s d\u2019activitats extraescolars i porta la gesti\u00f3 del servei de menjador escolar.<\/p>\n<p style=\"text-align: justify;\">L\u2019horari del centre \u00e9s de 9 a 12.30h al mat\u00ed i a la tarda \u00e9s de 15 a 16.30h.<\/p>\n<p style=\"text-align: justify;\">L\u2019Escola Forn d\u2019Anells \u00e9s una escola de planta baixa amb 9 aules ordin\u00e0ries (una d\u2019elles polivalent de CM) \u00a0m\u00e9s 4 en dos m\u00f2duls prefabricats (una d\u2019elles \u00e9s l\u2019aula de ci\u00e8ncies i polivalent de CS), sala de fotoc\u00f2pies, 3 tutories, consergeria, despatx de secretaria, despatx de direcci\u00f3, sala de mestres, lavabos de mestres i d\u2019alumnes (en 2 espais diferents), gimn\u00e0s, aula de m\u00fasica, aula de rob\u00f2tica, aula de suport, aula polivalent de CI, aula de pl\u00e0stica, aula d\u2019angl\u00e8s i aules polivalents d\u2019EI 1 i 2.<\/p>\n<p><!--a=1--><\/p>\n","protected":false},"excerpt":{"rendered":"<p>L\u2019Escola Forn d\u2019Anells \u00e9s l\u2019\u00fanica escola p\u00fablica de Fornells de la Selva. L\u2019actual edifici, per\u00f2, t\u00e9 una antiguitat de 35 anys i ja s\u2019han efectuat dues ampliacions, es va estrenar el curs 1990-1991. \u00c9s un centre d\u2019una l\u00ednia amb bonys (2n i 6\u00e8). Actualment, hi ha matriculats 191 alumnes repartits de la seg\u00fcent manera: I3 [&hellip;]<\/p>\n","protected":false},"author":3,"featured_media":0,"parent":22,"menu_order":3,"comment_status":"closed","ping_status":"closed","template":"","meta":{"_bbp_topic_count":0,"_bbp_reply_count":0,"_bbp_total_topic_count":0,"_bbp_total_reply_count":0,"_bbp_voice_count":0,"_bbp_anonymous_reply_count":0,"_bbp_topic_count_hidden":0,"_bbp_reply_count_hidden":0,"_bbp_forum_subforum_count":0,"site-sidebar-layout":"default","site-content-layout":"","ast-site-content-layout":"default","site-content-style":"default","site-sidebar-style":"default","ast-global-header-display":"","ast-banner-title-visibility":"","ast-main-header-display":"","ast-hfb-above-header-display":"","ast-hfb-below-header-display":"","ast-hfb-mobile-header-display":"","site-post-title":"","ast-breadcrumbs-content":"","ast-featured-img":"","footer-sml-layout":"","theme-transparent-header-meta":"default","adv-header-id-meta":"","stick-header-meta":"","header-above-stick-meta":"","header-main-stick-meta":"","header-below-stick-meta":"","astra-migrate-meta-layouts":"set","ast-page-background-enabled":"default","ast-page-background-meta":{"desktop":{"background-color":"var(--ast-global-color-4)","background-image":"","background-repeat":"repeat","background-position":"center center","background-size":"auto","background-attachment":"scroll","background-type":"","background-media":"","overlay-type":"","overlay-color":"","overlay-opacity":"","overlay-gradient":""},"tablet":{"background-color":"","background-image":"","background-repeat":"repeat","background-position":"center center","background-size":"auto","background-attachment":"scroll","background-type":"","background-media":"","overlay-type":"","overlay-color":"","overlay-opacity":"","overlay-gradient":""},"mobile":{"background-color":"","background-image":"","background-repeat":"repeat","background-position":"center center","background-size":"auto","background-attachment":"scroll","background-type":"","background-media":"","overlay-type":"","overlay-color":"","overlay-opacity":"","overlay-gradient":""}},"ast-content-background-meta":{"desktop":{"background-color":"var(--ast-global-color-5)","background-image":"","background-repeat":"repeat","background-position":"center center","background-size":"auto","background-attachment":"scroll","background-type":"","background-media":"","overlay-type":"","overlay-color":"","overlay-opacity":"","overlay-gradient":""},"tablet":{"background-color":"var(--ast-global-color-5)","background-image":"","background-repeat":"repeat","background-position":"center center","background-size":"auto","background-attachment":"scroll","background-type":"","background-media":"","overlay-type":"","overlay-color":"","overlay-opacity":"","overlay-gradient":""},"mobile":{"background-color":"var(--ast-global-color-5)","background-image":"","background-repeat":"repeat","background-position":"center center","background-size":"auto","background-attachment":"scroll","background-type":"","background-media":"","overlay-type":"","overlay-color":"","overlay-opacity":"","overlay-gradient":""}},"footnotes":""},"class_list":["post-260","page","type-page","status-publish","hentry"],"post_mailing_queue_ids":[],"_links":{"self":[{"href":"https:\/\/agora.xtec.cat\/escolaforndanells\/wp-json\/wp\/v2\/pages\/260","targetHints":{"allow":["GET"]}}],"collection":[{"href":"https:\/\/agora.xtec.cat\/escolaforndanells\/wp-json\/wp\/v2\/pages"}],"about":[{"href":"https:\/\/agora.xtec.cat\/escolaforndanells\/wp-json\/wp\/v2\/types\/page"}],"author":[{"embeddable":true,"href":"https:\/\/agora.xtec.cat\/escolaforndanells\/wp-json\/wp\/v2\/users\/3"}],"replies":[{"embeddable":true,"href":"https:\/\/agora.xtec.cat\/escolaforndanells\/wp-json\/wp\/v2\/comments?post=260"}],"version-history":[{"count":6,"href":"https:\/\/agora.xtec.cat\/escolaforndanells\/wp-json\/wp\/v2\/pages\/260\/revisions"}],"predecessor-version":[{"id":9780,"href":"https:\/\/agora.xtec.cat\/escolaforndanells\/wp-json\/wp\/v2\/pages\/260\/revisions\/9780"}],"up":[{"embeddable":true,"href":"https:\/\/agora.xtec.cat\/escolaforndanells\/wp-json\/wp\/v2\/pages\/22"}],"wp:attachment":[{"href":"https:\/\/agora.xtec.cat\/escolaforndanells\/wp-json\/wp\/v2\/media?parent=260"}],"curies":[{"name":"wp","href":"https:\/\/api.w.org\/{rel}","templated":true}]}}

<p style="text-align: justify;">L’Escola Forn d’Anells és l’única escola pública de Fornells de la Selva. L’actual edifici, però, té una antiguitat de 35 anys i ja s’han efectuat dues ampliacions, es va estrenar el curs 1990-1991. És un centre d’una línia amb bonys (2n i 6è). Actualment, hi ha matriculats 191 alumnes repartits de la següent manera: I3 12, I4 15, I5 21, 1r 18, 2nA 14, 2nB 14, 3r 24, 4t 21, 5è 21, 6èA 15 i 6èB 15. El claustre està format per 18 mestres de plantilla (22 en total) més una TEI i una vetlladora.</p>
<p style="text-align: justify;">L’equip directiu està format per: en Ferran Jiménez com a director, la Marina Álvarez com a cap d’estudis i l’Aida Meléndez com a secretària.</p>
<p style="text-align: justify;">Disposem d’una administrativa, la M. Àngels González , de 8 a 15h i d’una conserge, l’Inma Delgado, de 8.45 a 16.45h.</p>
<p style="text-align: justify;">La presidenta de l’AFA és la Pilar Cufí. L’AFA organitza l’acollida matinal i de tardes a més d’activitats extraescolars i porta la gestió del servei de menjador escolar.</p>
<p style="text-align: justify;">L’horari del centre és de 9 a 12.30h al matí i a la tarda és de 15 a 16.30h.</p>
<p style="text-align: justify;">L’Escola Forn d’Anells és una escola de planta baixa amb 9 aules ordinàries (una d’elles polivalent de CM)  més 4 en dos mòduls prefabricats (una d’elles és l’aula de ciències i polivalent de CS), sala de fotocòpies, 3 tutories, consergeria, despatx de secretaria, despatx de direcció, sala de mestres, lavabos de mestres i d’alumnes (en 2 espais diferents), gimnàs, aula de música, aula de robòtica, aula de suport, aula polivalent de CI, aula de plàstica, aula d’anglès i aules polivalents d’EI 1 i 2.</p>
<p><!--a=1--></p>

<p>L’Escola Forn d’Anells és l’única escola pública de Fornells de la Selva. L’actual edifici, però, té una antiguitat de 35 anys i ja s’han efectuat dues ampliacions, es va estrenar el curs 1990-1991. És un centre d’una línia amb bonys (2n i 6è). Actualment, hi ha matriculats 191 alumnes repartits de la següent manera: I3 [&hellip;]</p>
