{"id":1527,"date":"2022-02-03T21:29:57","date_gmt":"2022-02-03T20:29:57","guid":{"rendered":"https:\/\/agora.xtec.cat\/escolafontdelanoia\/?page_id=1527"},"modified":"2025-07-15T17:57:14","modified_gmt":"2025-07-15T15:57:14","slug":"comissions","status":"publish","type":"page","link":"https:\/\/agora.xtec.cat\/escolafontdelanoia\/afa\/comissions\/","title":{"rendered":"Comissions"},"content":{"rendered":"<p dir=\"ltr\">L\u2019associaci\u00f3 tamb\u00e9 promou activitats que puguin aportar recursos econ\u00f2mics a l&#8217;escola.<\/p>\n<p dir=\"ltr\">Treballa en Comissions per poder compartir responsabilitats entre les fam\u00edlies.<\/p>\n<p dir=\"ltr\"><span style=\"text-align: center;\">Les comissions que es duen a terme son:<\/span><\/p>\n<p dir=\"ltr\" style=\"text-align: center;\"><a href=\"https:\/\/agora.xtec.cat\/escolafontdelanoia\/wp-content\/uploads\/usu2045\/2022\/03\/educacio-fisica-cooperativa.jpg\"><img loading=\"lazy\" decoding=\"async\" class=\"alignnone size-thumbnail wp-image-1621\" src=\"https:\/\/agora.xtec.cat\/escolafontdelanoia\/wp-content\/uploads\/usu2045\/2022\/03\/educacio-fisica-cooperativa-150x150.jpg\" alt=\"\" width=\"150\" height=\"150\" \/><\/a><\/p>\n<p dir=\"ltr\" style=\"text-align: center;\"><strong>Comissi\u00f3 Menjador<\/strong><\/p>\n<p dir=\"ltr\" style=\"text-align: center;\"><strong>Comissi\u00f3 Pati<\/strong><\/p>\n<p dir=\"ltr\" style=\"text-align: center;\"><strong>Comissi\u00f3 Festes<\/strong><\/p>\n<p dir=\"ltr\" style=\"text-align: center;\"><strong>Comissi\u00f3 Nadal<\/strong><\/p>\n<p dir=\"ltr\" style=\"text-align: center;\"><strong>Comissi\u00f3 Extraescolars<\/strong><\/p>\n","protected":false},"excerpt":{"rendered":"<p>L\u2019associaci\u00f3 tamb\u00e9 promou activitats que puguin aportar recursos econ\u00f2mics a l&#8217;escola.<br \/>\nTreballa en Comissions per poder compartir responsabilitats entre les fam\u00edlies.<br \/>\nLes comissions que es duen a terme son:<br \/>\n<a href=\"https:\/\/agora.xtec.cat\/escolafontdelanoia\/wp-content\/uploads\/usu2045\/2022\/03\/educacio-fisica-cooperativa.jpg\"><\/a><br \/>\nComissi\u00f3 Menjador<br \/>\nComissi\u00f3 Pati<br \/>\nComissi\u00f3 Festes<br \/>\nComissi\u00f3 Nadal<br \/>\nComissi\u00f3 Extraescolars<\/p>\n","protected":false},"author":1,"featured_media":0,"parent":1531,"menu_order":4,"comment_status":"closed","ping_status":"closed","template":"page-templates\/side-menu.php","meta":{"_bbp_topic_count":0,"_bbp_reply_count":0,"_bbp_total_topic_count":0,"_bbp_total_reply_count":0,"_bbp_voice_count":0,"_bbp_anonymous_reply_count":0,"_bbp_topic_count_hidden":0,"_bbp_reply_count_hidden":0,"_bbp_forum_subforum_count":0,"footnotes":""},"class_list":["post-1527","page","type-page","status-publish","hentry"],"post_mailing_queue_ids":[],"_links":{"self":[{"href":"https:\/\/agora.xtec.cat\/escolafontdelanoia\/wp-json\/wp\/v2\/pages\/1527","targetHints":{"allow":["GET"]}}],"collection":[{"href":"https:\/\/agora.xtec.cat\/escolafontdelanoia\/wp-json\/wp\/v2\/pages"}],"about":[{"href":"https:\/\/agora.xtec.cat\/escolafontdelanoia\/wp-json\/wp\/v2\/types\/page"}],"author":[{"embeddable":true,"href":"https:\/\/agora.xtec.cat\/escolafontdelanoia\/wp-json\/wp\/v2\/users\/1"}],"replies":[{"embeddable":true,"href":"https:\/\/agora.xtec.cat\/escolafontdelanoia\/wp-json\/wp\/v2\/comments?post=1527"}],"version-history":[{"count":4,"href":"https:\/\/agora.xtec.cat\/escolafontdelanoia\/wp-json\/wp\/v2\/pages\/1527\/revisions"}],"predecessor-version":[{"id":2106,"href":"https:\/\/agora.xtec.cat\/escolafontdelanoia\/wp-json\/wp\/v2\/pages\/1527\/revisions\/2106"}],"up":[{"embeddable":true,"href":"https:\/\/agora.xtec.cat\/escolafontdelanoia\/wp-json\/wp\/v2\/pages\/1531"}],"wp:attachment":[{"href":"https:\/\/agora.xtec.cat\/escolafontdelanoia\/wp-json\/wp\/v2\/media?parent=1527"}],"curies":[{"name":"wp","href":"https:\/\/api.w.org\/{rel}","templated":true}]}}