{"id":28,"date":"2014-09-18T12:29:35","date_gmt":"2014-09-18T11:29:35","guid":{"rendered":"http:\/\/agora.xtec.cat\/escolafmistral\/?page_id=28"},"modified":"2026-02-28T16:28:47","modified_gmt":"2026-02-28T15:28:47","slug":"consell-escolar","status":"publish","type":"page","link":"https:\/\/agora.xtec.cat\/escolafmistral\/curs\/consell-escolar\/","title":{"rendered":"Consell escolar"},"content":{"rendered":"<p><span style=\"color: #ff0000;\">P\u00c0GINA PENDENT D&#8217;ACTUALITZAR<\/span><\/p>\n<p>Els representants actuals del Consell Escolar s\u00f3n els seg\u00fcents:<\/p>\n<h4>Equip directiu<\/h4>\n<table>\n<tbody>\n<tr>\n<td><strong>President<\/strong><\/td>\n<td>Juanjo Mart\u00ednez<\/td>\n<\/tr>\n<tr>\n<td><strong>Cap d&#8217;estudis<\/strong><\/td>\n<td>Meritxell Velasco<\/td>\n<\/tr>\n<tr>\n<td><strong>Secret\u00e0ria<\/strong><\/td>\n<td>Immaculada Pujad\u00f3<\/td>\n<\/tr>\n<\/tbody>\n<\/table>\n<h4>Sector docent<\/h4>\n<div>Silvia Ortiz<\/div>\n<div>Ruth Tenza<\/div>\n<div>L\u00eddia G\u00f3mez\u00a0<\/div>\n<div>Araitz Garc\u00eda<\/div>\n<div>Pilar Mart\u00edn<\/div>\n<h4>Sector mares i pares\u00a0<\/h4>\n<div>Jeniffer Pizarro<br \/>Javier L\u00f3pez\u00a0<br \/>Alberto de la Pe\u00f1a<\/div>\n<div>Astrid Bertran i Losa<\/div>\n<div>Roc\u00edo Lorente<\/div>\n<h4>Ajuntament<\/h4>\n<p><span style=\"font-weight: 400;\">Im\u00e1n Asisa<\/span><\/p>\n<h4>AFA<\/h4>\n<p><span style=\"font-weight: 400;\">Jeniffer Pizarro<\/span><\/p>\n<h4>Personal d&#8217;Administraci\u00f3 i Serveis<\/h4>\n<p>Gustavo Rivas<\/p>\n\n\n<p><\/p>\n","protected":false},"excerpt":{"rendered":"<p>P\u00c0GINA PENDENT D&#8217;ACTUALITZAR Els representants actuals del Consell Escolar s\u00f3n els seg\u00fcents: Equip directiu President Juanjo Mart\u00ednez Cap d&#8217;estudis Meritxell Velasco Secret\u00e0ria Immaculada Pujad\u00f3 Sector docent Silvia Ortiz Ruth Tenza L\u00eddia G\u00f3mez\u00a0 Araitz Garc\u00eda Pilar Mart\u00edn Sector mares i pares\u00a0 Jeniffer PizarroJavier L\u00f3pez\u00a0Alberto de la Pe\u00f1a Astrid Bertran i Losa Roc\u00edo Lorente Ajuntament Im\u00e1n Asisa [&hellip;]<\/p>\n","protected":false},"author":1,"featured_media":0,"parent":204,"menu_order":40,"comment_status":"closed","ping_status":"closed","template":"","meta":{"_bbp_topic_count":0,"_bbp_reply_count":0,"_bbp_total_topic_count":0,"_bbp_total_reply_count":0,"_bbp_voice_count":0,"_bbp_anonymous_reply_count":0,"_bbp_topic_count_hidden":0,"_bbp_reply_count_hidden":0,"_bbp_forum_subforum_count":0,"site-sidebar-layout":"default","site-content-layout":"","ast-site-content-layout":"default","site-content-style":"default","site-sidebar-style":"default","ast-global-header-display":"","ast-banner-title-visibility":"","ast-main-header-display":"","ast-hfb-above-header-display":"","ast-hfb-below-header-display":"","ast-hfb-mobile-header-display":"","site-post-title":"","ast-breadcrumbs-content":"","ast-featured-img":"","footer-sml-layout":"","theme-transparent-header-meta":"","adv-header-id-meta":"","stick-header-meta":"","header-above-stick-meta":"","header-main-stick-meta":"","header-below-stick-meta":"","astra-migrate-meta-layouts":"set","ast-page-background-enabled":"default","ast-page-background-meta":{"desktop":{"background-color":"var(--ast-global-color-4)","background-image":"","background-repeat":"repeat","background-position":"center center","background-size":"auto","background-attachment":"scroll","background-type":"","background-media":"","overlay-type":"","overlay-color":"","overlay-opacity":"","overlay-gradient":""},"tablet":{"background-color":"","background-image":"","background-repeat":"repeat","background-position":"center center","background-size":"auto","background-attachment":"scroll","background-type":"","background-media":"","overlay-type":"","overlay-color":"","overlay-opacity":"","overlay-gradient":""},"mobile":{"background-color":"","background-image":"","background-repeat":"repeat","background-position":"center center","background-size":"auto","background-attachment":"scroll","background-type":"","background-media":"","overlay-type":"","overlay-color":"","overlay-opacity":"","overlay-gradient":""}},"ast-content-background-meta":{"desktop":{"background-color":"var(--ast-global-color-5)","background-image":"","background-repeat":"repeat","background-position":"center center","background-size":"auto","background-attachment":"scroll","background-type":"","background-media":"","overlay-type":"","overlay-color":"","overlay-opacity":"","overlay-gradient":""},"tablet":{"background-color":"var(--ast-global-color-5)","background-image":"","background-repeat":"repeat","background-position":"center center","background-size":"auto","background-attachment":"scroll","background-type":"","background-media":"","overlay-type":"","overlay-color":"","overlay-opacity":"","overlay-gradient":""},"mobile":{"background-color":"var(--ast-global-color-5)","background-image":"","background-repeat":"repeat","background-position":"center center","background-size":"auto","background-attachment":"scroll","background-type":"","background-media":"","overlay-type":"","overlay-color":"","overlay-opacity":"","overlay-gradient":""}},"footnotes":""},"class_list":["post-28","page","type-page","status-publish","hentry"],"post_mailing_queue_ids":[],"_links":{"self":[{"href":"https:\/\/agora.xtec.cat\/escolafmistral\/wp-json\/wp\/v2\/pages\/28","targetHints":{"allow":["GET"]}}],"collection":[{"href":"https:\/\/agora.xtec.cat\/escolafmistral\/wp-json\/wp\/v2\/pages"}],"about":[{"href":"https:\/\/agora.xtec.cat\/escolafmistral\/wp-json\/wp\/v2\/types\/page"}],"author":[{"embeddable":true,"href":"https:\/\/agora.xtec.cat\/escolafmistral\/wp-json\/wp\/v2\/users\/1"}],"replies":[{"embeddable":true,"href":"https:\/\/agora.xtec.cat\/escolafmistral\/wp-json\/wp\/v2\/comments?post=28"}],"version-history":[{"count":6,"href":"https:\/\/agora.xtec.cat\/escolafmistral\/wp-json\/wp\/v2\/pages\/28\/revisions"}],"predecessor-version":[{"id":17027,"href":"https:\/\/agora.xtec.cat\/escolafmistral\/wp-json\/wp\/v2\/pages\/28\/revisions\/17027"}],"up":[{"embeddable":true,"href":"https:\/\/agora.xtec.cat\/escolafmistral\/wp-json\/wp\/v2\/pages\/204"}],"wp:attachment":[{"href":"https:\/\/agora.xtec.cat\/escolafmistral\/wp-json\/wp\/v2\/media?parent=28"}],"curies":[{"name":"wp","href":"https:\/\/api.w.org\/{rel}","templated":true}]}}

<p><span style="color: #ff0000;">PÀGINA PENDENT D&#8217;ACTUALITZAR</span></p>
<p>Els representants actuals del Consell Escolar són els següents:</p>
<h4>Equip directiu</h4>
<table>
<tbody>
<tr>
<td><strong>President</strong></td>
<td>Juanjo Martínez</td>
</tr>
<tr>
<td><strong>Cap d&#8217;estudis</strong></td>
<td>Meritxell Velasco</td>
</tr>
<tr>
<td><strong>Secretària</strong></td>
<td>Immaculada Pujadó</td>
</tr>
</tbody>
</table>
<h4>Sector docent</h4>
<div>Silvia Ortiz</div>
<div>Ruth Tenza</div>
<div>Lídia Gómez </div>
<div>Araitz García</div>
<div>Pilar Martín</div>
<h4>Sector mares i pares </h4>
<div>Jeniffer Pizarro<br />Javier López <br />Alberto de la Peña</div>
<div>Astrid Bertran i Losa</div>
<div>Rocío Lorente</div>
<h4>Ajuntament</h4>
<p><span style="font-weight: 400;">Imán Asisa</span></p>
<h4>AFA</h4>
<p><span style="font-weight: 400;">Jeniffer Pizarro</span></p>
<h4>Personal d&#8217;Administració i Serveis</h4>
<p>Gustavo Rivas</p>


<p></p>

<p>PÀGINA PENDENT D&#8217;ACTUALITZAR Els representants actuals del Consell Escolar són els següents: Equip directiu President Juanjo Martínez Cap d&#8217;estudis Meritxell Velasco Secretària Immaculada Pujadó Sector docent Silvia Ortiz Ruth Tenza Lídia Gómez  Araitz García Pilar Martín Sector mares i pares  Jeniffer PizarroJavier López Alberto de la Peña Astrid Bertran i Losa Rocío Lorente Ajuntament Imán Asisa [&hellip;]</p>
