{"id":26,"date":"2014-09-18T12:24:32","date_gmt":"2014-09-18T11:24:32","guid":{"rendered":"http:\/\/agora.xtec.cat\/escolafmistral\/?page_id=26"},"modified":"2021-05-10T13:12:57","modified_gmt":"2021-05-10T11:12:57","slug":"historia","status":"publish","type":"page","link":"https:\/\/agora.xtec.cat\/escolafmistral\/escola\/historia\/","title":{"rendered":"Hist\u00f2ria"},"content":{"rendered":"<p style=\"text-align: justify;\">L\u2019escola Frederic Mistral data de l\u2019any 1974. Va ser constru\u00efda en el marc d\u2019un Pla d\u2019Emerg\u00e8ncia que volia dotar la societat del moment dels centres escolars necessaris per a assumir el fort augment de natalitat que s\u2019estava produint.<br \/>\nDes d\u2019aquell moment en\u00e7\u00e0 l\u2019escola ha anat evolucionant i adaptant-se a les necessitats i circumst\u00e0ncies de cada moment volent ser sempre un servei p\u00fablic comprom\u00e8s amb l\u2019educaci\u00f3 i la formaci\u00f3 humana dels nois i noies del barri.<\/p>\n<h6>2014 V\u00eddeo promocional del 40 aniversari de l&#8217;escola.<\/h6>\n<p><iframe loading=\"lazy\" src=\"https:\/\/www.youtube.com\/embed\/77Nm6tFJmEs\" width=\"560\" height=\"315\" frameborder=\"0\" data-mce-fragment=\"1\"><\/iframe><\/p>\n<p><iframe loading=\"lazy\" src=\"https:\/\/www.youtube.com\/embed\/-GCAofDmtBs\" width=\"560\" height=\"315\" frameborder=\"0\"><\/iframe><\/p>\n<h6>1973 Construcci\u00f3 de l&#8217;escola Frederic Mistral Granvia Sud l&#8217;Hospitalet Font: Centre d&#8217;Estudis de l&#8217;Hospitalet.<\/h6>\n<p><a href=\"https:\/\/agora.xtec.cat\/escolafmistral\/wp-content\/uploads\/usu688\/2019\/02\/escola-1973.jpg\"><img loading=\"lazy\" decoding=\"async\" class=\"alignnone size-large wp-image-10096\" src=\"https:\/\/agora.xtec.cat\/escolafmistral\/wp-content\/uploads\/usu688\/2019\/02\/escola-1973-1024x509.jpg\" alt=\"\" width=\"1024\" height=\"509\" srcset=\"https:\/\/agora.xtec.cat\/escolafmistral\/wp-content\/uploads\/usu688\/2019\/02\/escola-1973.jpg 1024w, https:\/\/agora.xtec.cat\/escolafmistral\/wp-content\/uploads\/usu688\/2019\/02\/escola-1973-300x149.jpg 300w, https:\/\/agora.xtec.cat\/escolafmistral\/wp-content\/uploads\/usu688\/2019\/02\/escola-1973-768x382.jpg 768w\" sizes=\"auto, (max-width: 1024px) 100vw, 1024px\" \/><\/a><\/p>\n<h6>1976 Aquesta fotografia feta per Bartolom\u00e9 Fit\u00e9 mostra els problemes d\u2019acc\u00e9s que tenia el barri a mitjans dels anys 70. Davant de l\u2019impossibilitat d\u2019accedir als sus habitatges per la Gran Via, havien de fer-lo a partir de la carretera del Prat, ficant-se pel descampat que havia al costat\u00a0d\u2019Ind\u00fastries\u00a0Alpur SA, que veieu a l\u2019esquerra, juntament amb el pati de l\u2019escola Frederic Mistral.<\/h6>\n<p><a href=\"https:\/\/agora.xtec.cat\/escolafmistral\/wp-content\/uploads\/usu688\/2019\/02\/escola-frederic-mistral-hito\u0300ria.jpg\"><img loading=\"lazy\" decoding=\"async\" class=\"alignnone size-large wp-image-10098\" src=\"https:\/\/agora.xtec.cat\/escolafmistral\/wp-content\/uploads\/usu688\/2019\/02\/escola-frederic-mistral-hito\u0300ria-1024x728.jpg\" alt=\"\" width=\"1024\" height=\"728\" srcset=\"https:\/\/agora.xtec.cat\/escolafmistral\/wp-content\/uploads\/usu688\/2019\/02\/escola-frederic-mistral-hito\u0300ria-1024x728.jpg 1024w, https:\/\/agora.xtec.cat\/escolafmistral\/wp-content\/uploads\/usu688\/2019\/02\/escola-frederic-mistral-hito\u0300ria-300x213.jpg 300w, https:\/\/agora.xtec.cat\/escolafmistral\/wp-content\/uploads\/usu688\/2019\/02\/escola-frederic-mistral-hito\u0300ria-768x546.jpg 768w\" sizes=\"auto, (max-width: 1024px) 100vw, 1024px\" \/><\/a><\/p>\n<p>&nbsp;<\/p>\n","protected":false},"excerpt":{"rendered":"<p>L\u2019escola Frederic Mistral data de l\u2019any 1974. Va ser constru\u00efda en el marc d\u2019un Pla d\u2019Emerg\u00e8ncia que volia dotar la societat del moment dels centres escolars necessaris per a assumir el fort augment de natalitat que s\u2019estava produint. Des d\u2019aquell moment en\u00e7\u00e0 l\u2019escola ha anat evolucionant i adaptant-se a les necessitats i circumst\u00e0ncies de cada [&hellip;]<\/p>\n","protected":false},"author":1,"featured_media":0,"parent":22,"menu_order":20,"comment_status":"closed","ping_status":"closed","template":"page-templates\/side-menu.php","meta":{"_bbp_topic_count":0,"_bbp_reply_count":0,"_bbp_total_topic_count":0,"_bbp_total_reply_count":0,"_bbp_voice_count":0,"_bbp_anonymous_reply_count":0,"_bbp_topic_count_hidden":0,"_bbp_reply_count_hidden":0,"_bbp_forum_subforum_count":0,"site-sidebar-layout":"default","site-content-layout":"","ast-site-content-layout":"","site-content-style":"default","site-sidebar-style":"default","ast-global-header-display":"","ast-banner-title-visibility":"","ast-main-header-display":"","ast-hfb-above-header-display":"","ast-hfb-below-header-display":"","ast-hfb-mobile-header-display":"","site-post-title":"","ast-breadcrumbs-content":"","ast-featured-img":"","footer-sml-layout":"","theme-transparent-header-meta":"","adv-header-id-meta":"","stick-header-meta":"","header-above-stick-meta":"","header-main-stick-meta":"","header-below-stick-meta":"","astra-migrate-meta-layouts":"default","ast-page-background-enabled":"default","ast-page-background-meta":{"desktop":{"background-color":"var(--ast-global-color-4)","background-image":"","background-repeat":"repeat","background-position":"center center","background-size":"auto","background-attachment":"scroll","background-type":"","background-media":"","overlay-type":"","overlay-color":"","overlay-opacity":"","overlay-gradient":""},"tablet":{"background-color":"","background-image":"","background-repeat":"repeat","background-position":"center center","background-size":"auto","background-attachment":"scroll","background-type":"","background-media":"","overlay-type":"","overlay-color":"","overlay-opacity":"","overlay-gradient":""},"mobile":{"background-color":"","background-image":"","background-repeat":"repeat","background-position":"center center","background-size":"auto","background-attachment":"scroll","background-type":"","background-media":"","overlay-type":"","overlay-color":"","overlay-opacity":"","overlay-gradient":""}},"ast-content-background-meta":{"desktop":{"background-color":"var(--ast-global-color-5)","background-image":"","background-repeat":"repeat","background-position":"center center","background-size":"auto","background-attachment":"scroll","background-type":"","background-media":"","overlay-type":"","overlay-color":"","overlay-opacity":"","overlay-gradient":""},"tablet":{"background-color":"var(--ast-global-color-5)","background-image":"","background-repeat":"repeat","background-position":"center center","background-size":"auto","background-attachment":"scroll","background-type":"","background-media":"","overlay-type":"","overlay-color":"","overlay-opacity":"","overlay-gradient":""},"mobile":{"background-color":"var(--ast-global-color-5)","background-image":"","background-repeat":"repeat","background-position":"center center","background-size":"auto","background-attachment":"scroll","background-type":"","background-media":"","overlay-type":"","overlay-color":"","overlay-opacity":"","overlay-gradient":""}},"footnotes":""},"class_list":["post-26","page","type-page","status-publish","hentry"],"post_mailing_queue_ids":[],"_links":{"self":[{"href":"https:\/\/agora.xtec.cat\/escolafmistral\/wp-json\/wp\/v2\/pages\/26","targetHints":{"allow":["GET"]}}],"collection":[{"href":"https:\/\/agora.xtec.cat\/escolafmistral\/wp-json\/wp\/v2\/pages"}],"about":[{"href":"https:\/\/agora.xtec.cat\/escolafmistral\/wp-json\/wp\/v2\/types\/page"}],"author":[{"embeddable":true,"href":"https:\/\/agora.xtec.cat\/escolafmistral\/wp-json\/wp\/v2\/users\/1"}],"replies":[{"embeddable":true,"href":"https:\/\/agora.xtec.cat\/escolafmistral\/wp-json\/wp\/v2\/comments?post=26"}],"version-history":[{"count":4,"href":"https:\/\/agora.xtec.cat\/escolafmistral\/wp-json\/wp\/v2\/pages\/26\/revisions"}],"predecessor-version":[{"id":14590,"href":"https:\/\/agora.xtec.cat\/escolafmistral\/wp-json\/wp\/v2\/pages\/26\/revisions\/14590"}],"up":[{"embeddable":true,"href":"https:\/\/agora.xtec.cat\/escolafmistral\/wp-json\/wp\/v2\/pages\/22"}],"wp:attachment":[{"href":"https:\/\/agora.xtec.cat\/escolafmistral\/wp-json\/wp\/v2\/media?parent=26"}],"curies":[{"name":"wp","href":"https:\/\/api.w.org\/{rel}","templated":true}]}}

Història

<p style="text-align: justify;">L’escola Frederic Mistral data de l’any 1974. Va ser construïda en el marc d’un Pla d’Emergència que volia dotar la societat del moment dels centres escolars necessaris per a assumir el fort augment de natalitat que s’estava produint.<br />
Des d’aquell moment ençà l’escola ha anat evolucionant i adaptant-se a les necessitats i circumstàncies de cada moment volent ser sempre un servei públic compromès amb l’educació i la formació humana dels nois i noies del barri.</p>
<h6>2014 Vídeo promocional del 40 aniversari de l&#8217;escola.</h6>
<p><iframe loading="lazy" src="https://www.youtube.com/embed/77Nm6tFJmEs" width="560" height="315" frameborder="0" data-mce-fragment="1"></iframe></p>
<p><iframe loading="lazy" src="https://www.youtube.com/embed/-GCAofDmtBs" width="560" height="315" frameborder="0"></iframe></p>
<h6>1973 Construcció de l&#8217;escola Frederic Mistral Granvia Sud l&#8217;Hospitalet Font: Centre d&#8217;Estudis de l&#8217;Hospitalet.</h6>
<p><a href="https://agora.xtec.cat/escolafmistral/wp-content/uploads/usu688/2019/02/escola-1973.jpg"><img loading="lazy" decoding="async" class="alignnone size-large wp-image-10096" src="https://agora.xtec.cat/escolafmistral/wp-content/uploads/usu688/2019/02/escola-1973-1024x509.jpg" alt="" width="1024" height="509" srcset="https://agora.xtec.cat/escolafmistral/wp-content/uploads/usu688/2019/02/escola-1973.jpg 1024w, https://agora.xtec.cat/escolafmistral/wp-content/uploads/usu688/2019/02/escola-1973-300x149.jpg 300w, https://agora.xtec.cat/escolafmistral/wp-content/uploads/usu688/2019/02/escola-1973-768x382.jpg 768w" sizes="auto, (max-width: 1024px) 100vw, 1024px" /></a></p>
<h6>1976 Aquesta fotografia feta per Bartolomé Fité mostra els problemes d’accés que tenia el barri a mitjans dels anys 70. Davant de l’impossibilitat d’accedir als sus habitatges per la Gran Via, havien de fer-lo a partir de la carretera del Prat, ficant-se pel descampat que havia al costat d’Indústries Alpur SA, que veieu a l’esquerra, juntament amb el pati de l’escola Frederic Mistral.</h6>
<p><a href="https://agora.xtec.cat/escolafmistral/wp-content/uploads/usu688/2019/02/escola-frederic-mistral-hitòria.jpg"><img loading="lazy" decoding="async" class="alignnone size-large wp-image-10098" src="https://agora.xtec.cat/escolafmistral/wp-content/uploads/usu688/2019/02/escola-frederic-mistral-hitòria-1024x728.jpg" alt="" width="1024" height="728" srcset="https://agora.xtec.cat/escolafmistral/wp-content/uploads/usu688/2019/02/escola-frederic-mistral-hitòria-1024x728.jpg 1024w, https://agora.xtec.cat/escolafmistral/wp-content/uploads/usu688/2019/02/escola-frederic-mistral-hitòria-300x213.jpg 300w, https://agora.xtec.cat/escolafmistral/wp-content/uploads/usu688/2019/02/escola-frederic-mistral-hitòria-768x546.jpg 768w" sizes="auto, (max-width: 1024px) 100vw, 1024px" /></a></p>
<p>&nbsp;</p>

<p>L’escola Frederic Mistral data de l’any 1974. Va ser construïda en el marc d’un Pla d’Emergència que volia dotar la societat del moment dels centres escolars necessaris per a assumir el fort augment de natalitat que s’estava produint. Des d’aquell moment ençà l’escola ha anat evolucionant i adaptant-se a les necessitats i circumstàncies de cada [&hellip;]</p>
