{"id":16968,"date":"2026-01-29T12:20:29","date_gmt":"2026-01-29T11:20:29","guid":{"rendered":"https:\/\/agora.xtec.cat\/escolafmistral\/?page_id=16968"},"modified":"2026-02-28T15:54:36","modified_gmt":"2026-02-28T14:54:36","slug":"tandem-tv-lh","status":"publish","type":"page","link":"https:\/\/agora.xtec.cat\/escolafmistral\/projectes\/tandem-tv-lh\/","title":{"rendered":"T\u00e0ndem TV L&#8217;H"},"content":{"rendered":"\n<p>A la nostra escola participem en el projecte T\u00e0ndem amb\u00a0<a href=\"https:\/\/lhdigital.cat\/televisio-lh\/\">Televisi\u00f3 de L\u2019Hospitalet<\/a>, una experi\u00e8ncia que apropa el m\u00f3n audiovisual als nostres alumnes.<\/p>\n\n\n\n<p>A trav\u00e9s del projecte\u00a0<strong><a href=\"https:\/\/lhdigital.cat\/programes\/connexio-frederic-mistral\/\">Connexions Frederic<\/a><\/strong>, els infants es converteixen en reporters i reporteres, preparant not\u00edcies, entrevistes i continguts propis. Durant el proc\u00e9s treballen especialment l\u2019expressi\u00f3 oral, la seguretat davant la c\u00e0mera, la preparaci\u00f3 de guions i el treball en equip.<\/p>\n\n\n\n<p>El projecte culmina amb la visita a les instal\u00b7lacions de la televisi\u00f3, on tenen l\u2019oportunitat de participar en l\u2019enregistrament d\u2019un programa real. \u00c9s una experi\u00e8ncia molt motivadora que refor\u00e7a les compet\u00e8ncies comunicatives i digitals del nostre alumnat.<\/p>\n\n\n\n<p>\u00daltims programes curs 2025-2026<\/p>\n\n\n\n<div class=\"wp-block-columns is-layout-flex wp-container-core-columns-is-layout-1 wp-block-columns-is-layout-flex\">\n<div class=\"wp-block-column is-layout-flow wp-block-column-is-layout-flow\">\n<iframe src=\"https:\/\/player.instantvideocloud.net\/#\/embed\/2d8f57f9b3\/97d1cef5-1f56-acea-0b24-dd7612e536f1\" style=\"width: 560px;height: 395px\" allowfullscreen webkitallowfullscreen mozAllowFullScreen frameborder=\"0\" allow=\"accelerometer *; autoplay *; encrypted-media *; gyroscope *; picture-in-picture *\"><\/iframe>\n\n\n\n<p><a href=\"https:\/\/lhdigital.cat\/programa\/aula-lh\/connexio-frederic-mistral\/clip-aula-lh-25-02-2026-connexio-frederic-mistral-linformatiu-de-4t-b\/\">Clip Aula L\u2019H 25-02-2026 \u2013 Connexi\u00f3 Frederic Mistral. L\u2019Informatiu de 4t B<\/a><\/p>\n<\/div>\n\n\n\n<div class=\"wp-block-column is-layout-flow wp-block-column-is-layout-flow\">\n<iframe src=\"https:\/\/player.instantvideocloud.net\/#\/embed\/2d8f57f9b3\/3b4fe2c8-3188-4870-bbfe-2debc7f03920\" style=\"width: 560px;height: 395px\" allowfullscreen webkitallowfullscreen mozAllowFullScreen frameborder=\"0\" allow=\"accelerometer *; autoplay *; encrypted-media *; gyroscope *; picture-in-picture *\"><\/iframe>\n\n\n\n<p><a href=\"https:\/\/lhdigital.cat\/programa\/aula-lh\/connexio-frederic-mistral\/clip-aula-lh-18-02-2026-connexio-frederic-mistral-linformatiu-de-4t-a\/\">Clip Aula L\u2019H 18-02-2026 \u2013 Connexi\u00f3 Frederic Mistral. L\u2019Informatiu de 4t A<\/a><\/p>\n<\/div>\n<\/div>\n\n\n\n<div class=\"wp-block-columns is-layout-flex wp-container-core-columns-is-layout-2 wp-block-columns-is-layout-flex\">\n<div class=\"wp-block-column is-layout-flow wp-block-column-is-layout-flow\">\n<iframe src=\"https:\/\/player.instantvideocloud.net\/#\/embed\/2d8f57f9b3\/5372aa93-ef71-24b1-4fca-10214bc56342\" style=\"width: 560px;height: 395px\" allowfullscreen webkitallowfullscreen mozAllowFullScreen frameborder=\"0\" allow=\"accelerometer *; autoplay *; encrypted-media *; gyroscope *; picture-in-picture *\"><\/iframe>\n\n\n\n<p><a href=\"https:\/\/lhdigital.cat\/programa\/aula-lh\/connexio-frederic-mistral\/clip-aula-lh-25-02-2026-connexio-frederic-mistral-linformatiu-de-4t-b\/\"><a href=\"https:\/\/lhdigital.cat\/programa\/aula-lh\/connexio-frederic-mistral\/clip-aula-lh-17-12-2025-connexio-frederic-mistral-nadal-en-diferents-paisos\/\">Clip Aula L\u2019H 17-12-2025 \u2013 Connexi\u00f3 Frederic Mistral. Nadal en diferents pa\u00efsos<\/a><\/a><\/p>\n<\/div>\n\n\n\n<div class=\"wp-block-column is-layout-flow wp-block-column-is-layout-flow\">\n<iframe src=\"https:\/\/player.instantvideocloud.net\/#\/embed\/2d8f57f9b3\/5b4ff65f-7768-f51b-c7b9-6d79befce9dd\" style=\"width: 560px;height: 395px\" allowfullscreen webkitallowfullscreen mozAllowFullScreen frameborder=\"0\" allow=\"accelerometer *; autoplay *; encrypted-media *; gyroscope *; picture-in-picture *\"><\/iframe>\n\n\n\n<p><a href=\"https:\/\/lhdigital.cat\/programa\/aula-lh\/connexio-frederic-mistral\/clip-aula-lh-18-02-2026-connexio-frederic-mistral-linformatiu-de-4t-a\/\"><a href=\"https:\/\/lhdigital.cat\/programa\/aula-lh\/connexio-frederic-mistral\/clip-aula-lh-29-10-2025-connexio-frederic-mistral-arreglem-el-pati\/\">Clip Aula L\u2019H 29-10-2025 \u2013 Connexi\u00f3 Frederic Mistral. Arreglem el pati<\/a><\/a><\/p>\n<\/div>\n<\/div>\n\n\n\n<p><\/p>\n","protected":false},"excerpt":{"rendered":"<p>A la nostra escola participem en el projecte T\u00e0ndem amb\u00a0Televisi\u00f3 de L\u2019Hospitalet, una experi\u00e8ncia que apropa el m\u00f3n audiovisual als nostres alumnes. A trav\u00e9s del projecte\u00a0Connexions Frederic, els infants es converteixen en reporters i reporteres, preparant not\u00edcies, entrevistes i continguts propis. Durant el proc\u00e9s treballen especialment l\u2019expressi\u00f3 oral, la seguretat davant la c\u00e0mera, la preparaci\u00f3 [&hellip;]<\/p>\n","protected":false},"author":26,"featured_media":0,"parent":16909,"menu_order":0,"comment_status":"closed","ping_status":"closed","template":"","meta":{"_bbp_topic_count":0,"_bbp_reply_count":0,"_bbp_total_topic_count":0,"_bbp_total_reply_count":0,"_bbp_voice_count":0,"_bbp_anonymous_reply_count":0,"_bbp_topic_count_hidden":0,"_bbp_reply_count_hidden":0,"_bbp_forum_subforum_count":0,"site-sidebar-layout":"default","site-content-layout":"","ast-site-content-layout":"default","site-content-style":"default","site-sidebar-style":"default","ast-global-header-display":"","ast-banner-title-visibility":"","ast-main-header-display":"","ast-hfb-above-header-display":"","ast-hfb-below-header-display":"","ast-hfb-mobile-header-display":"","site-post-title":"","ast-breadcrumbs-content":"","ast-featured-img":"","footer-sml-layout":"","theme-transparent-header-meta":"","adv-header-id-meta":"","stick-header-meta":"","header-above-stick-meta":"","header-main-stick-meta":"","header-below-stick-meta":"","astra-migrate-meta-layouts":"set","ast-page-background-enabled":"default","ast-page-background-meta":{"desktop":{"background-color":"var(--ast-global-color-4)","background-image":"","background-repeat":"repeat","background-position":"center center","background-size":"auto","background-attachment":"scroll","background-type":"","background-media":"","overlay-type":"","overlay-color":"","overlay-opacity":"","overlay-gradient":""},"tablet":{"background-color":"","background-image":"","background-repeat":"repeat","background-position":"center center","background-size":"auto","background-attachment":"scroll","background-type":"","background-media":"","overlay-type":"","overlay-color":"","overlay-opacity":"","overlay-gradient":""},"mobile":{"background-color":"","background-image":"","background-repeat":"repeat","background-position":"center center","background-size":"auto","background-attachment":"scroll","background-type":"","background-media":"","overlay-type":"","overlay-color":"","overlay-opacity":"","overlay-gradient":""}},"ast-content-background-meta":{"desktop":{"background-color":"var(--ast-global-color-5)","background-image":"","background-repeat":"repeat","background-position":"center center","background-size":"auto","background-attachment":"scroll","background-type":"","background-media":"","overlay-type":"","overlay-color":"","overlay-opacity":"","overlay-gradient":""},"tablet":{"background-color":"var(--ast-global-color-5)","background-image":"","background-repeat":"repeat","background-position":"center center","background-size":"auto","background-attachment":"scroll","background-type":"","background-media":"","overlay-type":"","overlay-color":"","overlay-opacity":"","overlay-gradient":""},"mobile":{"background-color":"var(--ast-global-color-5)","background-image":"","background-repeat":"repeat","background-position":"center center","background-size":"auto","background-attachment":"scroll","background-type":"","background-media":"","overlay-type":"","overlay-color":"","overlay-opacity":"","overlay-gradient":""}},"footnotes":""},"class_list":["post-16968","page","type-page","status-publish","hentry"],"post_mailing_queue_ids":[],"_links":{"self":[{"href":"https:\/\/agora.xtec.cat\/escolafmistral\/wp-json\/wp\/v2\/pages\/16968","targetHints":{"allow":["GET"]}}],"collection":[{"href":"https:\/\/agora.xtec.cat\/escolafmistral\/wp-json\/wp\/v2\/pages"}],"about":[{"href":"https:\/\/agora.xtec.cat\/escolafmistral\/wp-json\/wp\/v2\/types\/page"}],"author":[{"embeddable":true,"href":"https:\/\/agora.xtec.cat\/escolafmistral\/wp-json\/wp\/v2\/users\/26"}],"replies":[{"embeddable":true,"href":"https:\/\/agora.xtec.cat\/escolafmistral\/wp-json\/wp\/v2\/comments?post=16968"}],"version-history":[{"count":6,"href":"https:\/\/agora.xtec.cat\/escolafmistral\/wp-json\/wp\/v2\/pages\/16968\/revisions"}],"predecessor-version":[{"id":17022,"href":"https:\/\/agora.xtec.cat\/escolafmistral\/wp-json\/wp\/v2\/pages\/16968\/revisions\/17022"}],"up":[{"embeddable":true,"href":"https:\/\/agora.xtec.cat\/escolafmistral\/wp-json\/wp\/v2\/pages\/16909"}],"wp:attachment":[{"href":"https:\/\/agora.xtec.cat\/escolafmistral\/wp-json\/wp\/v2\/media?parent=16968"}],"curies":[{"name":"wp","href":"https:\/\/api.w.org\/{rel}","templated":true}]}}