{"id":16919,"date":"2026-01-29T10:22:24","date_gmt":"2026-01-29T09:22:24","guid":{"rendered":"https:\/\/agora.xtec.cat\/escolafmistral\/?page_id=16919"},"modified":"2026-03-03T09:33:24","modified_gmt":"2026-03-03T08:33:24","slug":"escola-sostenible","status":"publish","type":"page","link":"https:\/\/agora.xtec.cat\/escolafmistral\/projectes\/escola-sostenible\/","title":{"rendered":"Escola sostenible"},"content":{"rendered":"\n<p class=\"has-vivid-red-color has-text-color has-link-color wp-elements-60e058f1a18488621e57f2b2d274ad86\">P\u00e0gina web en construcci\u00f3<\/p>\n\n\n\n<p class=\"has-black-color has-text-color has-link-color has-medium-font-size wp-elements-74e4bd78d481eca484018e707185d33f\">Som una escola compromesa amb la sostenibilitat i la cura del nostre entorn. Eduquem els infants en el respecte pel medi ambient i fomentem h\u00e0bits ecol\u00f2gics i responsables en el dia a dia.<\/p>\n\n\n\n<p class=\"has-black-color has-text-color has-link-color wp-elements-86e6134b4c63e3d036ca65960bff2be1\">Promovem el reciclatge i la correcta gesti\u00f3 dels residus amb l\u2019ajuda de la Patrulla Verda, un grup d\u2019infants que col\u00b7laboren activament en la tasca de recollida selectiva i sensibilitzaci\u00f3 dins l\u2019escola. D\u2019aquesta manera, els infants esdevenen protagonistes del canvi i referents per als seus companys i companyes.<\/p>\n\n\n\n<p class=\"has-black-color has-text-color has-link-color has-medium-font-size wp-elements-2883f12d69e1c501d41bbe88b2d518e4\">A m\u00e9s, reforcem aquest comprom\u00eds mitjan\u00e7ant tallers, activitats i visites culturals relacionades amb el respecte al planeta, que ajuden a ampliar la mirada i a entendre la import\u00e0ncia de cuidar el nostre m\u00f3n. Fem difusi\u00f3 amb la r\u00e0dio de l&#8217;escola &#8221; Ecofrederic&#8221; i el projecte T\u00e0ndem que fem a 4t de Prim\u00e0ria amb Televisi\u00f3 Hospitalet.<\/p>\n\n\n\n<div class=\"wp-block-getwid-advanced-heading\"><span class=\"wp-block-getwid-advanced-heading__content\"><br><br><br><\/span><\/div>\n\n\n\n<div class=\"wp-block-getwid-advanced-heading\"><span class=\"wp-block-getwid-advanced-heading__content\"><strong>Hort<\/strong><br>A la nostra escola disposem d\u2019un hort que \u00e9s cuidat pels mateixos alumnes. Aquest espai \u00e9s molt m\u00e9s que un lloc per plantar: \u00e9s un entorn d\u2019aprenentatge viu on els infants observen el cicle de la natura, aprenen a tenir cura de les plantes i desenvolupen responsabilitat i treball en equip.<br><br>L\u2019hort tamb\u00e9 forma part dels moments m\u00e9s significatius de la vida escolar. Quan els infants comencen I3, plantem un arbre com a s\u00edmbol de l\u2019inici del seu cam\u00ed a l\u2019escola. I quan finalitzen l\u2019etapa de Prim\u00e0ria, a sis\u00e8, en plantem un altre com a comiat i record del seu pas pel centre.<\/span><\/div>\n\n\n\n<figure class=\"wp-block-image size-full\"><a href=\"https:\/\/agora.xtec.cat\/escolafmistral\/wp-content\/uploads\/usu688\/2026\/01\/cartell-hort-frederic.png\"><img loading=\"lazy\" decoding=\"async\" width=\"845\" height=\"650\" src=\"https:\/\/agora.xtec.cat\/escolafmistral\/wp-content\/uploads\/usu688\/2026\/01\/cartell-hort-frederic.png\" alt=\"\" class=\"wp-image-16961\" srcset=\"https:\/\/agora.xtec.cat\/escolafmistral\/wp-content\/uploads\/usu688\/2026\/01\/cartell-hort-frederic.png 845w, https:\/\/agora.xtec.cat\/escolafmistral\/wp-content\/uploads\/usu688\/2026\/01\/cartell-hort-frederic-300x231.png 300w, https:\/\/agora.xtec.cat\/escolafmistral\/wp-content\/uploads\/usu688\/2026\/01\/cartell-hort-frederic-768x591.png 768w\" sizes=\"auto, (max-width: 845px) 100vw, 845px\" \/><\/a><\/figure>\n\n\n\n<p><\/p>\n","protected":false},"excerpt":{"rendered":"<p>P\u00e0gina web en construcci\u00f3 Som una escola compromesa amb la sostenibilitat i la cura del nostre entorn. Eduquem els infants en el respecte pel medi ambient i fomentem h\u00e0bits ecol\u00f2gics i responsables en el dia a dia. Promovem el reciclatge i la correcta gesti\u00f3 dels residus amb l\u2019ajuda de la Patrulla Verda, un grup d\u2019infants [&hellip;]<\/p>\n","protected":false},"author":26,"featured_media":0,"parent":16909,"menu_order":0,"comment_status":"closed","ping_status":"closed","template":"","meta":{"_bbp_topic_count":0,"_bbp_reply_count":0,"_bbp_total_topic_count":0,"_bbp_total_reply_count":0,"_bbp_voice_count":0,"_bbp_anonymous_reply_count":0,"_bbp_topic_count_hidden":0,"_bbp_reply_count_hidden":0,"_bbp_forum_subforum_count":0,"site-sidebar-layout":"default","site-content-layout":"","ast-site-content-layout":"default","site-content-style":"default","site-sidebar-style":"default","ast-global-header-display":"","ast-banner-title-visibility":"","ast-main-header-display":"","ast-hfb-above-header-display":"","ast-hfb-below-header-display":"","ast-hfb-mobile-header-display":"","site-post-title":"","ast-breadcrumbs-content":"","ast-featured-img":"","footer-sml-layout":"","theme-transparent-header-meta":"","adv-header-id-meta":"","stick-header-meta":"","header-above-stick-meta":"","header-main-stick-meta":"","header-below-stick-meta":"","astra-migrate-meta-layouts":"set","ast-page-background-enabled":"default","ast-page-background-meta":{"desktop":{"background-color":"var(--ast-global-color-4)","background-image":"","background-repeat":"repeat","background-position":"center center","background-size":"auto","background-attachment":"scroll","background-type":"","background-media":"","overlay-type":"","overlay-color":"","overlay-opacity":"","overlay-gradient":""},"tablet":{"background-color":"","background-image":"","background-repeat":"repeat","background-position":"center center","background-size":"auto","background-attachment":"scroll","background-type":"","background-media":"","overlay-type":"","overlay-color":"","overlay-opacity":"","overlay-gradient":""},"mobile":{"background-color":"","background-image":"","background-repeat":"repeat","background-position":"center center","background-size":"auto","background-attachment":"scroll","background-type":"","background-media":"","overlay-type":"","overlay-color":"","overlay-opacity":"","overlay-gradient":""}},"ast-content-background-meta":{"desktop":{"background-color":"var(--ast-global-color-5)","background-image":"","background-repeat":"repeat","background-position":"center center","background-size":"auto","background-attachment":"scroll","background-type":"","background-media":"","overlay-type":"","overlay-color":"","overlay-opacity":"","overlay-gradient":""},"tablet":{"background-color":"var(--ast-global-color-5)","background-image":"","background-repeat":"repeat","background-position":"center center","background-size":"auto","background-attachment":"scroll","background-type":"","background-media":"","overlay-type":"","overlay-color":"","overlay-opacity":"","overlay-gradient":""},"mobile":{"background-color":"var(--ast-global-color-5)","background-image":"","background-repeat":"repeat","background-position":"center center","background-size":"auto","background-attachment":"scroll","background-type":"","background-media":"","overlay-type":"","overlay-color":"","overlay-opacity":"","overlay-gradient":""}},"footnotes":""},"class_list":["post-16919","page","type-page","status-publish","hentry"],"post_mailing_queue_ids":[],"_links":{"self":[{"href":"https:\/\/agora.xtec.cat\/escolafmistral\/wp-json\/wp\/v2\/pages\/16919","targetHints":{"allow":["GET"]}}],"collection":[{"href":"https:\/\/agora.xtec.cat\/escolafmistral\/wp-json\/wp\/v2\/pages"}],"about":[{"href":"https:\/\/agora.xtec.cat\/escolafmistral\/wp-json\/wp\/v2\/types\/page"}],"author":[{"embeddable":true,"href":"https:\/\/agora.xtec.cat\/escolafmistral\/wp-json\/wp\/v2\/users\/26"}],"replies":[{"embeddable":true,"href":"https:\/\/agora.xtec.cat\/escolafmistral\/wp-json\/wp\/v2\/comments?post=16919"}],"version-history":[{"count":4,"href":"https:\/\/agora.xtec.cat\/escolafmistral\/wp-json\/wp\/v2\/pages\/16919\/revisions"}],"predecessor-version":[{"id":17036,"href":"https:\/\/agora.xtec.cat\/escolafmistral\/wp-json\/wp\/v2\/pages\/16919\/revisions\/17036"}],"up":[{"embeddable":true,"href":"https:\/\/agora.xtec.cat\/escolafmistral\/wp-json\/wp\/v2\/pages\/16909"}],"wp:attachment":[{"href":"https:\/\/agora.xtec.cat\/escolafmistral\/wp-json\/wp\/v2\/media?parent=16919"}],"curies":[{"name":"wp","href":"https:\/\/api.w.org\/{rel}","templated":true}]}}

<p class="has-vivid-red-color has-text-color has-link-color wp-elements-60e058f1a18488621e57f2b2d274ad86">Pàgina web en construcció</p>



<p class="has-black-color has-text-color has-link-color has-medium-font-size wp-elements-74e4bd78d481eca484018e707185d33f">Som una escola compromesa amb la sostenibilitat i la cura del nostre entorn. Eduquem els infants en el respecte pel medi ambient i fomentem hàbits ecològics i responsables en el dia a dia.</p>



<p class="has-black-color has-text-color has-link-color wp-elements-86e6134b4c63e3d036ca65960bff2be1">Promovem el reciclatge i la correcta gestió dels residus amb l’ajuda de la Patrulla Verda, un grup d’infants que col·laboren activament en la tasca de recollida selectiva i sensibilització dins l’escola. D’aquesta manera, els infants esdevenen protagonistes del canvi i referents per als seus companys i companyes.</p>



<p class="has-black-color has-text-color has-link-color has-medium-font-size wp-elements-2883f12d69e1c501d41bbe88b2d518e4">A més, reforcem aquest compromís mitjançant tallers, activitats i visites culturals relacionades amb el respecte al planeta, que ajuden a ampliar la mirada i a entendre la importància de cuidar el nostre món. Fem difusió amb la ràdio de l&#8217;escola &#8221; Ecofrederic&#8221; i el projecte Tàndem que fem a 4t de Primària amb Televisió Hospitalet.</p>



<div class="wp-block-getwid-advanced-heading"><span class="wp-block-getwid-advanced-heading__content"><br><br><br></span></div>



<div class="wp-block-getwid-advanced-heading"><span class="wp-block-getwid-advanced-heading__content"><strong>Hort</strong><br>A la nostra escola disposem d’un hort que és cuidat pels mateixos alumnes. Aquest espai és molt més que un lloc per plantar: és un entorn d’aprenentatge viu on els infants observen el cicle de la natura, aprenen a tenir cura de les plantes i desenvolupen responsabilitat i treball en equip.<br><br>L’hort també forma part dels moments més significatius de la vida escolar. Quan els infants comencen I3, plantem un arbre com a símbol de l’inici del seu camí a l’escola. I quan finalitzen l’etapa de Primària, a sisè, en plantem un altre com a comiat i record del seu pas pel centre.</span></div>



<figure class="wp-block-image size-full"><a href="https://agora.xtec.cat/escolafmistral/wp-content/uploads/usu688/2026/01/cartell-hort-frederic.png"><img loading="lazy" decoding="async" width="845" height="650" src="https://agora.xtec.cat/escolafmistral/wp-content/uploads/usu688/2026/01/cartell-hort-frederic.png" alt="" class="wp-image-16961" srcset="https://agora.xtec.cat/escolafmistral/wp-content/uploads/usu688/2026/01/cartell-hort-frederic.png 845w, https://agora.xtec.cat/escolafmistral/wp-content/uploads/usu688/2026/01/cartell-hort-frederic-300x231.png 300w, https://agora.xtec.cat/escolafmistral/wp-content/uploads/usu688/2026/01/cartell-hort-frederic-768x591.png 768w" sizes="auto, (max-width: 845px) 100vw, 845px" /></a></figure>



<p></p>

<p>Pàgina web en construcció Som una escola compromesa amb la sostenibilitat i la cura del nostre entorn. Eduquem els infants en el respecte pel medi ambient i fomentem hàbits ecològics i responsables en el dia a dia. Promovem el reciclatge i la correcta gestió dels residus amb l’ajuda de la Patrulla Verda, un grup d’infants [&hellip;]</p>
