{"id":16771,"date":"2025-12-01T11:33:50","date_gmt":"2025-12-01T10:33:50","guid":{"rendered":"https:\/\/agora.xtec.cat\/escolafmistral\/?page_id=16771"},"modified":"2026-02-28T16:20:02","modified_gmt":"2026-02-28T15:20:02","slug":"radio-escolar","status":"publish","type":"page","link":"https:\/\/agora.xtec.cat\/escolafmistral\/projectes\/radio-escolar\/","title":{"rendered":"R\u00e0dio escolar"},"content":{"rendered":"\n<figure class=\"wp-block-image size-large\"><a href=\"https:\/\/agora.xtec.cat\/escolafmistral\/wp-content\/uploads\/usu688\/2026\/02\/fem-radio.png\"><img loading=\"lazy\" decoding=\"async\" width=\"1024\" height=\"576\" src=\"https:\/\/agora.xtec.cat\/escolafmistral\/wp-content\/uploads\/usu688\/2026\/02\/fem-radio-1024x576.png\" alt=\"\" class=\"wp-image-17024\" srcset=\"https:\/\/agora.xtec.cat\/escolafmistral\/wp-content\/uploads\/usu688\/2026\/02\/fem-radio-1024x576.png 1024w, https:\/\/agora.xtec.cat\/escolafmistral\/wp-content\/uploads\/usu688\/2026\/02\/fem-radio-300x169.png 300w, https:\/\/agora.xtec.cat\/escolafmistral\/wp-content\/uploads\/usu688\/2026\/02\/fem-radio-768x432.png 768w, https:\/\/agora.xtec.cat\/escolafmistral\/wp-content\/uploads\/usu688\/2026\/02\/fem-radio.png 1200w\" sizes=\"auto, (max-width: 1024px) 100vw, 1024px\" \/><\/a><\/figure>\n\n\n\n<p>A la nostra escola iniciem el treball de r\u00e0dio a partir de tercer de Prim\u00e0ria com a eina per potenciar l\u2019expressi\u00f3 oral i la comprensi\u00f3 lectora. La r\u00e0dio es converteix en un mitj\u00e0 motivador que ajuda l\u2019alumnat a preparar textos, millorar la lectura en veu alta i comunicar-se amb claredat i seguretat.<\/p>\n\n\n\n<p>A tercer i quart, els alumnes elaboren i enregistren els seus propis podcasts a l\u2019escola, treballant la preparaci\u00f3 de continguts, l\u2019estructura del text i el treball en equip.<\/p>\n\n\n\n<p>A sis\u00e8, fem un pas m\u00e9s i anem a un estudi de r\u00e0dio professional,&nbsp;Torre Barrina, on els alumnes preparen el seu propi gui\u00f3 i viuen l\u2019experi\u00e8ncia d\u2019enregistrar en un entorn real. \u00c9s una activitat molt enriquidora que culmina el treball fet al llarg dels cursos i refor\u00e7a la seva confian\u00e7a i compet\u00e8ncia comunicativa.<\/p>\n\n\n\n<p>Aquest curs l&#8217;alumnat de l&#8217;Aula d&#8217;Acollida participa al Veu @ Veu, el p\u00f2dcast de l&#8217;Aula d&#8217;acollida.<\/p>\n\n\n\n<p>En aquest espai podreu trobar tots els p\u00f2dcasts que anem enregistrant a la r\u00e0dio escolar. <\/p>\n\n\n\n<div class=\"wp-block-getwid-toggle has-icon-left\">\n<div class=\"wp-block-getwid-toggle__row\"><div class=\"wp-block-getwid-toggle__header-wrapper\"><span class=\"wp-block-getwid-toggle__header\"><a href=\"#\"><span class=\"wp-block-getwid-toggle__header-title\">3r<\/span><span class=\"wp-block-getwid-toggle__icon is-active\"><i class=\"fas fa-plus\"><\/i><\/span><span class=\"wp-block-getwid-toggle__icon is-passive\"><i class=\"fas fa-minus\"><\/i><\/span><\/a><\/span><\/div><div class=\"wp-block-getwid-toggle__content-wrapper\"><div class=\"wp-block-getwid-toggle__content\">\n<p><a href=\"https:\/\/drive.google.com\/file\/d\/1Nox7jibznXjvJukZmlCXPzQH4MAhyIZr\/view?usp=drive_link\"><strong>P\u00f2dcast 1r trimestre 2025 &#8211; 2026 &#8211; 3r A<\/strong><\/a><\/p>\n\n\n\n<iframe loading=\"lazy\" src=\"https:\/\/drive.google.com\/file\/d\/1Nox7jibznXjvJukZmlCXPzQH4MAhyIZr\/preview\" width=\"320\" height=\"240\" allow=\"autoplay\"><\/iframe>\n\n\n\n<p><br><a href=\"https:\/\/drive.google.com\/file\/d\/1CxRalH1sN9LvFmv1OIcDbk7_lhf8MR16\/view?usp=sharing\"><strong>P\u00f2dcast 1r trimestre 2025 &#8211; 2026 &#8211; 3r B<\/strong><\/a><\/p>\n\n\n\n<iframe loading=\"lazy\" src=\"https:\/\/drive.google.com\/file\/d\/1CxRalH1sN9LvFmv1OIcDbk7_lhf8MR16\/preview\" width=\"320\" height=\"240\" allow=\"autoplay\"><\/iframe>\n<\/div><\/div><\/div>\n\n\n\n<div class=\"wp-block-getwid-toggle__row\"><div class=\"wp-block-getwid-toggle__header-wrapper\"><span class=\"wp-block-getwid-toggle__header\"><a href=\"#\"><span class=\"wp-block-getwid-toggle__header-title\">4t<\/span><span class=\"wp-block-getwid-toggle__icon is-active\"><i class=\"fas fa-plus\"><\/i><\/span><span class=\"wp-block-getwid-toggle__icon is-passive\"><i class=\"fas fa-minus\"><\/i><\/span><\/a><\/span><\/div><div class=\"wp-block-getwid-toggle__content-wrapper\"><div class=\"wp-block-getwid-toggle__content\">\n<p><a href=\"https:\/\/drive.google.com\/file\/d\/1BS24n1UhKEBy844yJE6brzDNSwOsJAa6\/view?usp=drive_link\"><strong>P\u00f2dcast 1r trimestre 2025 &#8211; 2026 &#8211; 4r A<\/strong><\/a><\/p>\n\n\n\n<iframe loading=\"lazy\" src=\"https:\/\/drive.google.com\/file\/d\/1BS24n1UhKEBy844yJE6brzDNSwOsJAa6\/preview\" width=\"320\" height=\"240\" allow=\"autoplay\"><\/iframe>\n\n\n\n<p><br><a href=\"https:\/\/drive.google.com\/file\/d\/1KusJrjBGT4mnLxYScwEMBvf6eKi4XPkk\/view?usp=sharing\"><strong>P\u00f2dcast 1r trimestre 2025 &#8211; 2026 &#8211; 4r B<\/strong><\/a><\/p>\n\n\n\n<iframe loading=\"lazy\" src=\"https:\/\/drive.google.com\/file\/d\/1KusJrjBGT4mnLxYScwEMBvf6eKi4XPkk\/preview\" width=\"320\" height=\"240\" allow=\"autoplay\"><\/iframe>\n<\/div><\/div><\/div>\n<\/div>\n\n\n\n<p><\/p>\n","protected":false},"excerpt":{"rendered":"<p>A la nostra escola iniciem el treball de r\u00e0dio a partir de tercer de Prim\u00e0ria com a eina per potenciar l\u2019expressi\u00f3 oral i la comprensi\u00f3 lectora. La r\u00e0dio es converteix en un mitj\u00e0 motivador que ajuda l\u2019alumnat a preparar textos, millorar la lectura en veu alta i comunicar-se amb claredat i seguretat. A tercer i [&hellip;]<\/p>\n","protected":false},"author":26,"featured_media":0,"parent":16909,"menu_order":0,"comment_status":"closed","ping_status":"closed","template":"","meta":{"_bbp_topic_count":0,"_bbp_reply_count":0,"_bbp_total_topic_count":0,"_bbp_total_reply_count":0,"_bbp_voice_count":0,"_bbp_anonymous_reply_count":0,"_bbp_topic_count_hidden":0,"_bbp_reply_count_hidden":0,"_bbp_forum_subforum_count":0,"site-sidebar-layout":"default","site-content-layout":"","ast-site-content-layout":"default","site-content-style":"default","site-sidebar-style":"default","ast-global-header-display":"","ast-banner-title-visibility":"","ast-main-header-display":"","ast-hfb-above-header-display":"","ast-hfb-below-header-display":"","ast-hfb-mobile-header-display":"","site-post-title":"","ast-breadcrumbs-content":"","ast-featured-img":"","footer-sml-layout":"","theme-transparent-header-meta":"","adv-header-id-meta":"","stick-header-meta":"","header-above-stick-meta":"","header-main-stick-meta":"","header-below-stick-meta":"","astra-migrate-meta-layouts":"set","ast-page-background-enabled":"default","ast-page-background-meta":{"desktop":{"background-color":"var(--ast-global-color-4)","background-image":"","background-repeat":"repeat","background-position":"center center","background-size":"auto","background-attachment":"scroll","background-type":"","background-media":"","overlay-type":"","overlay-color":"","overlay-opacity":"","overlay-gradient":""},"tablet":{"background-color":"","background-image":"","background-repeat":"repeat","background-position":"center center","background-size":"auto","background-attachment":"scroll","background-type":"","background-media":"","overlay-type":"","overlay-color":"","overlay-opacity":"","overlay-gradient":""},"mobile":{"background-color":"","background-image":"","background-repeat":"repeat","background-position":"center center","background-size":"auto","background-attachment":"scroll","background-type":"","background-media":"","overlay-type":"","overlay-color":"","overlay-opacity":"","overlay-gradient":""}},"ast-content-background-meta":{"desktop":{"background-color":"var(--ast-global-color-5)","background-image":"","background-repeat":"repeat","background-position":"center center","background-size":"auto","background-attachment":"scroll","background-type":"","background-media":"","overlay-type":"","overlay-color":"","overlay-opacity":"","overlay-gradient":""},"tablet":{"background-color":"var(--ast-global-color-5)","background-image":"","background-repeat":"repeat","background-position":"center center","background-size":"auto","background-attachment":"scroll","background-type":"","background-media":"","overlay-type":"","overlay-color":"","overlay-opacity":"","overlay-gradient":""},"mobile":{"background-color":"var(--ast-global-color-5)","background-image":"","background-repeat":"repeat","background-position":"center center","background-size":"auto","background-attachment":"scroll","background-type":"","background-media":"","overlay-type":"","overlay-color":"","overlay-opacity":"","overlay-gradient":""}},"footnotes":""},"class_list":["post-16771","page","type-page","status-publish","hentry"],"post_mailing_queue_ids":[],"_links":{"self":[{"href":"https:\/\/agora.xtec.cat\/escolafmistral\/wp-json\/wp\/v2\/pages\/16771","targetHints":{"allow":["GET"]}}],"collection":[{"href":"https:\/\/agora.xtec.cat\/escolafmistral\/wp-json\/wp\/v2\/pages"}],"about":[{"href":"https:\/\/agora.xtec.cat\/escolafmistral\/wp-json\/wp\/v2\/types\/page"}],"author":[{"embeddable":true,"href":"https:\/\/agora.xtec.cat\/escolafmistral\/wp-json\/wp\/v2\/users\/26"}],"replies":[{"embeddable":true,"href":"https:\/\/agora.xtec.cat\/escolafmistral\/wp-json\/wp\/v2\/comments?post=16771"}],"version-history":[{"count":5,"href":"https:\/\/agora.xtec.cat\/escolafmistral\/wp-json\/wp\/v2\/pages\/16771\/revisions"}],"predecessor-version":[{"id":17025,"href":"https:\/\/agora.xtec.cat\/escolafmistral\/wp-json\/wp\/v2\/pages\/16771\/revisions\/17025"}],"up":[{"embeddable":true,"href":"https:\/\/agora.xtec.cat\/escolafmistral\/wp-json\/wp\/v2\/pages\/16909"}],"wp:attachment":[{"href":"https:\/\/agora.xtec.cat\/escolafmistral\/wp-json\/wp\/v2\/media?parent=16771"}],"curies":[{"name":"wp","href":"https:\/\/api.w.org\/{rel}","templated":true}]}}

Ràdio escolar

<figure class="wp-block-image size-large"><a href="https://agora.xtec.cat/escolafmistral/wp-content/uploads/usu688/2026/02/fem-radio.png"><img loading="lazy" decoding="async" width="1024" height="576" src="https://agora.xtec.cat/escolafmistral/wp-content/uploads/usu688/2026/02/fem-radio-1024x576.png" alt="" class="wp-image-17024" srcset="https://agora.xtec.cat/escolafmistral/wp-content/uploads/usu688/2026/02/fem-radio-1024x576.png 1024w, https://agora.xtec.cat/escolafmistral/wp-content/uploads/usu688/2026/02/fem-radio-300x169.png 300w, https://agora.xtec.cat/escolafmistral/wp-content/uploads/usu688/2026/02/fem-radio-768x432.png 768w, https://agora.xtec.cat/escolafmistral/wp-content/uploads/usu688/2026/02/fem-radio.png 1200w" sizes="auto, (max-width: 1024px) 100vw, 1024px" /></a></figure>



<p>A la nostra escola iniciem el treball de ràdio a partir de tercer de Primària com a eina per potenciar l’expressió oral i la comprensió lectora. La ràdio es converteix en un mitjà motivador que ajuda l’alumnat a preparar textos, millorar la lectura en veu alta i comunicar-se amb claredat i seguretat.</p>



<p>A tercer i quart, els alumnes elaboren i enregistren els seus propis podcasts a l’escola, treballant la preparació de continguts, l’estructura del text i el treball en equip.</p>



<p>A sisè, fem un pas més i anem a un estudi de ràdio professional,&nbsp;Torre Barrina, on els alumnes preparen el seu propi guió i viuen l’experiència d’enregistrar en un entorn real. És una activitat molt enriquidora que culmina el treball fet al llarg dels cursos i reforça la seva confiança i competència comunicativa.</p>



<p>Aquest curs l&#8217;alumnat de l&#8217;Aula d&#8217;Acollida participa al Veu @ Veu, el pòdcast de l&#8217;Aula d&#8217;acollida.</p>



<p>En aquest espai podreu trobar tots els pòdcasts que anem enregistrant a la ràdio escolar. </p>



<div class="wp-block-getwid-toggle has-icon-left">
<div class="wp-block-getwid-toggle__row"><div class="wp-block-getwid-toggle__header-wrapper"><span class="wp-block-getwid-toggle__header"><a href="#"><span class="wp-block-getwid-toggle__header-title">3r</span><span class="wp-block-getwid-toggle__icon is-active"><i class="fas fa-plus"></i></span><span class="wp-block-getwid-toggle__icon is-passive"><i class="fas fa-minus"></i></span></a></span></div><div class="wp-block-getwid-toggle__content-wrapper"><div class="wp-block-getwid-toggle__content">
<p><a href="https://drive.google.com/file/d/1Nox7jibznXjvJukZmlCXPzQH4MAhyIZr/view?usp=drive_link"><strong>Pòdcast 1r trimestre 2025 &#8211; 2026 &#8211; 3r A</strong></a></p>



<iframe loading="lazy" src="https://drive.google.com/file/d/1Nox7jibznXjvJukZmlCXPzQH4MAhyIZr/preview" width="320" height="240" allow="autoplay"></iframe>



<p><br><a href="https://drive.google.com/file/d/1CxRalH1sN9LvFmv1OIcDbk7_lhf8MR16/view?usp=sharing"><strong>Pòdcast 1r trimestre 2025 &#8211; 2026 &#8211; 3r B</strong></a></p>



<iframe loading="lazy" src="https://drive.google.com/file/d/1CxRalH1sN9LvFmv1OIcDbk7_lhf8MR16/preview" width="320" height="240" allow="autoplay"></iframe>
</div></div></div>



<div class="wp-block-getwid-toggle__row"><div class="wp-block-getwid-toggle__header-wrapper"><span class="wp-block-getwid-toggle__header"><a href="#"><span class="wp-block-getwid-toggle__header-title">4t</span><span class="wp-block-getwid-toggle__icon is-active"><i class="fas fa-plus"></i></span><span class="wp-block-getwid-toggle__icon is-passive"><i class="fas fa-minus"></i></span></a></span></div><div class="wp-block-getwid-toggle__content-wrapper"><div class="wp-block-getwid-toggle__content">
<p><a href="https://drive.google.com/file/d/1BS24n1UhKEBy844yJE6brzDNSwOsJAa6/view?usp=drive_link"><strong>Pòdcast 1r trimestre 2025 &#8211; 2026 &#8211; 4r A</strong></a></p>



<iframe loading="lazy" src="https://drive.google.com/file/d/1BS24n1UhKEBy844yJE6brzDNSwOsJAa6/preview" width="320" height="240" allow="autoplay"></iframe>



<p><br><a href="https://drive.google.com/file/d/1KusJrjBGT4mnLxYScwEMBvf6eKi4XPkk/view?usp=sharing"><strong>Pòdcast 1r trimestre 2025 &#8211; 2026 &#8211; 4r B</strong></a></p>



<iframe loading="lazy" src="https://drive.google.com/file/d/1KusJrjBGT4mnLxYScwEMBvf6eKi4XPkk/preview" width="320" height="240" allow="autoplay"></iframe>
</div></div></div>
</div>



<p></p>

<p>A la nostra escola iniciem el treball de ràdio a partir de tercer de Primària com a eina per potenciar l’expressió oral i la comprensió lectora. La ràdio es converteix en un mitjà motivador que ajuda l’alumnat a preparar textos, millorar la lectura en veu alta i comunicar-se amb claredat i seguretat. A tercer i [&hellip;]</p>
