{"id":15789,"date":"2022-06-20T13:59:15","date_gmt":"2022-06-20T11:59:15","guid":{"rendered":"https:\/\/agora.xtec.cat\/escolafmistral\/?page_id=15789"},"modified":"2026-03-15T20:02:39","modified_gmt":"2026-03-15T19:02:39","slug":"edc-estrategia-digital-de-centre","status":"publish","type":"page","link":"https:\/\/agora.xtec.cat\/escolafmistral\/edc-estrategia-digital-de-centre\/","title":{"rendered":"Estrat\u00e8gia Digital de Centre"},"content":{"rendered":"\n<p>En la seg\u00fcent taula trobareu els 5 objectius de l&#8217;<strong>Estrat\u00e8gia Digital de Centre (EDC)<\/strong> per als cursos 2025-26 i 2026-27, aquests dos cursos seran una ampliaci\u00f3 de l&#8217;anterior EDC (2022-23, 2023-24 i 2024-25).<\/p>\n\n\n\n<div data-wp-interactive=\"core\/file\" class=\"wp-block-file\"><object data-wp-bind--hidden=\"!state.hasPdfPreview\" hidden class=\"wp-block-file__embed\" data=\"https:\/\/agora.xtec.cat\/escolafmistral\/wp-content\/uploads\/usu688\/2026\/03\/ESTRATEGICA-DIGITAL-DE-CENTRE-25-26_26-27_revisat.pdf\" type=\"application\/pdf\" style=\"width:100%;height:600px\" aria-label=\"Incrustaci\u00f3 del fitxer ESTRAT\u00c8GICA DIGITAL DE CENTRE 25-26_26-27_revisat.\"><\/object><a id=\"wp-block-file--media-b061e1cb-4e7b-4700-99de-039ba9024fc4\" href=\"https:\/\/agora.xtec.cat\/escolafmistral\/wp-content\/uploads\/usu688\/2026\/03\/ESTRATEGICA-DIGITAL-DE-CENTRE-25-26_26-27_revisat.pdf\">ESTRAT\u00c8GICA DIGITAL DE CENTRE 25-26_26-27_revisat<\/a><a href=\"https:\/\/agora.xtec.cat\/escolafmistral\/wp-content\/uploads\/usu688\/2026\/03\/ESTRATEGICA-DIGITAL-DE-CENTRE-25-26_26-27_revisat.pdf\" class=\"wp-block-file__button wp-element-button\" download aria-describedby=\"wp-block-file--media-b061e1cb-4e7b-4700-99de-039ba9024fc4\">Baixa<\/a><\/div>\n\n\n<h1><strong>Cultura digital del centre<\/strong><\/h1>\n<p>En <strong><a href=\"https:\/\/agora.xtec.cat\/escolafmistral\/cultura-digital-de-centre\/\">aquesta p\u00e0gina<\/a><\/strong> trobareu tots els documents generats referents a l&#8217;EDC: resum de l&#8217;EDC, Cultura digital de centre, diagnosi, plans d&#8217;acollida digital. Aquesta p\u00e0gina nom\u00e9s \u00e9s d&#8217;\u00fas intern.<\/p>\n<h3>Recursos del departament<\/h3>\n<table style=\"border-collapse: collapse; width: 100%;\">\n<tbody>\n<tr>\n<td style=\"width: 50%;\"><a href=\"https:\/\/educacio.gencat.cat\/ca\/departament\/publicacions\/colleccions\/pla-educacio-digital\/estrategia-digital-centre\/index.html\"><img loading=\"lazy\" decoding=\"async\" class=\"alignnone size-full wp-image-15969\" src=\"https:\/\/agora.xtec.cat\/escolafmistral\/wp-content\/uploads\/usu688\/2023\/03\/departament-1.png\" alt=\"\" width=\"360\" height=\"330\" srcset=\"https:\/\/agora.xtec.cat\/escolafmistral\/wp-content\/uploads\/usu688\/2023\/03\/departament-1.png 360w, https:\/\/agora.xtec.cat\/escolafmistral\/wp-content\/uploads\/usu688\/2023\/03\/departament-1-300x275.png 300w\" sizes=\"auto, (max-width: 360px) 100vw, 360px\" \/><\/a><\/td>\n<td style=\"width: 50%;\"><a href=\"https:\/\/projectes.xtec.cat\/edc-suport\/\"><img loading=\"lazy\" decoding=\"async\" class=\"alignnone size-full wp-image-15970\" src=\"https:\/\/agora.xtec.cat\/escolafmistral\/wp-content\/uploads\/usu688\/2023\/03\/departament-2.png\" alt=\"\" width=\"532\" height=\"287\" srcset=\"https:\/\/agora.xtec.cat\/escolafmistral\/wp-content\/uploads\/usu688\/2023\/03\/departament-2.png 532w, https:\/\/agora.xtec.cat\/escolafmistral\/wp-content\/uploads\/usu688\/2023\/03\/departament-2-300x162.png 300w\" sizes=\"auto, (max-width: 532px) 100vw, 532px\" \/><\/a><\/td>\n<\/tr>\n<\/tbody>\n<\/table>\n\n\n<figure class=\"wp-block-image size-large\"><a href=\"https:\/\/agora.xtec.cat\/escolafmistral\/wp-content\/uploads\/usu688\/2025\/12\/Logos-4.0.png\"><img loading=\"lazy\" decoding=\"async\" width=\"1024\" height=\"117\" src=\"https:\/\/agora.xtec.cat\/escolafmistral\/wp-content\/uploads\/usu688\/2025\/12\/Logos-4.0-1024x117.png\" alt=\"\" class=\"wp-image-16785\" srcset=\"https:\/\/agora.xtec.cat\/escolafmistral\/wp-content\/uploads\/usu688\/2025\/12\/Logos-4.0-1024x117.png 1024w, https:\/\/agora.xtec.cat\/escolafmistral\/wp-content\/uploads\/usu688\/2025\/12\/Logos-4.0-300x34.png 300w, https:\/\/agora.xtec.cat\/escolafmistral\/wp-content\/uploads\/usu688\/2025\/12\/Logos-4.0-768x88.png 768w, https:\/\/agora.xtec.cat\/escolafmistral\/wp-content\/uploads\/usu688\/2025\/12\/Logos-4.0-1536x176.png 1536w, https:\/\/agora.xtec.cat\/escolafmistral\/wp-content\/uploads\/usu688\/2025\/12\/Logos-4.0-2048x235.png 2048w\" sizes=\"auto, (max-width: 1024px) 100vw, 1024px\" \/><\/a><\/figure>\n","protected":false},"excerpt":{"rendered":"<p>En la seg\u00fcent taula trobareu els 5 objectius de l&#8217;Estrat\u00e8gia Digital de Centre (EDC) per als cursos 2025-26 i 2026-27, aquests dos cursos seran una ampliaci\u00f3 de l&#8217;anterior EDC (2022-23, 2023-24 i 2024-25). Cultura digital del centre En aquesta p\u00e0gina trobareu tots els documents generats referents a l&#8217;EDC: resum de l&#8217;EDC, Cultura digital de centre, [&hellip;]<\/p>\n","protected":false},"author":17,"featured_media":0,"parent":0,"menu_order":0,"comment_status":"closed","ping_status":"closed","template":"","meta":{"_bbp_topic_count":0,"_bbp_reply_count":0,"_bbp_total_topic_count":0,"_bbp_total_reply_count":0,"_bbp_voice_count":0,"_bbp_anonymous_reply_count":0,"_bbp_topic_count_hidden":0,"_bbp_reply_count_hidden":0,"_bbp_forum_subforum_count":0,"site-sidebar-layout":"default","site-content-layout":"","ast-site-content-layout":"default","site-content-style":"default","site-sidebar-style":"default","ast-global-header-display":"","ast-banner-title-visibility":"","ast-main-header-display":"","ast-hfb-above-header-display":"","ast-hfb-below-header-display":"","ast-hfb-mobile-header-display":"","site-post-title":"","ast-breadcrumbs-content":"","ast-featured-img":"","footer-sml-layout":"","theme-transparent-header-meta":"","adv-header-id-meta":"","stick-header-meta":"","header-above-stick-meta":"","header-main-stick-meta":"","header-below-stick-meta":"","astra-migrate-meta-layouts":"set","ast-page-background-enabled":"default","ast-page-background-meta":{"desktop":{"background-color":"var(--ast-global-color-4)","background-image":"","background-repeat":"repeat","background-position":"center center","background-size":"auto","background-attachment":"scroll","background-type":"","background-media":"","overlay-type":"","overlay-color":"","overlay-opacity":"","overlay-gradient":""},"tablet":{"background-color":"","background-image":"","background-repeat":"repeat","background-position":"center center","background-size":"auto","background-attachment":"scroll","background-type":"","background-media":"","overlay-type":"","overlay-color":"","overlay-opacity":"","overlay-gradient":""},"mobile":{"background-color":"","background-image":"","background-repeat":"repeat","background-position":"center center","background-size":"auto","background-attachment":"scroll","background-type":"","background-media":"","overlay-type":"","overlay-color":"","overlay-opacity":"","overlay-gradient":""}},"ast-content-background-meta":{"desktop":{"background-color":"var(--ast-global-color-5)","background-image":"","background-repeat":"repeat","background-position":"center center","background-size":"auto","background-attachment":"scroll","background-type":"","background-media":"","overlay-type":"","overlay-color":"","overlay-opacity":"","overlay-gradient":""},"tablet":{"background-color":"var(--ast-global-color-5)","background-image":"","background-repeat":"repeat","background-position":"center center","background-size":"auto","background-attachment":"scroll","background-type":"","background-media":"","overlay-type":"","overlay-color":"","overlay-opacity":"","overlay-gradient":""},"mobile":{"background-color":"var(--ast-global-color-5)","background-image":"","background-repeat":"repeat","background-position":"center center","background-size":"auto","background-attachment":"scroll","background-type":"","background-media":"","overlay-type":"","overlay-color":"","overlay-opacity":"","overlay-gradient":""}},"footnotes":""},"class_list":["post-15789","page","type-page","status-publish","hentry"],"post_mailing_queue_ids":[],"_links":{"self":[{"href":"https:\/\/agora.xtec.cat\/escolafmistral\/wp-json\/wp\/v2\/pages\/15789","targetHints":{"allow":["GET"]}}],"collection":[{"href":"https:\/\/agora.xtec.cat\/escolafmistral\/wp-json\/wp\/v2\/pages"}],"about":[{"href":"https:\/\/agora.xtec.cat\/escolafmistral\/wp-json\/wp\/v2\/types\/page"}],"author":[{"embeddable":true,"href":"https:\/\/agora.xtec.cat\/escolafmistral\/wp-json\/wp\/v2\/users\/17"}],"replies":[{"embeddable":true,"href":"https:\/\/agora.xtec.cat\/escolafmistral\/wp-json\/wp\/v2\/comments?post=15789"}],"version-history":[{"count":6,"href":"https:\/\/agora.xtec.cat\/escolafmistral\/wp-json\/wp\/v2\/pages\/15789\/revisions"}],"predecessor-version":[{"id":17064,"href":"https:\/\/agora.xtec.cat\/escolafmistral\/wp-json\/wp\/v2\/pages\/15789\/revisions\/17064"}],"wp:attachment":[{"href":"https:\/\/agora.xtec.cat\/escolafmistral\/wp-json\/wp\/v2\/media?parent=15789"}],"curies":[{"name":"wp","href":"https:\/\/api.w.org\/{rel}","templated":true}]}}

Estratègia Digital de Centre

<p>En la següent taula trobareu els 5 objectius de l&#8217;<strong>Estratègia Digital de Centre (EDC)</strong> per als cursos 2025-26 i 2026-27, aquests dos cursos seran una ampliació de l&#8217;anterior EDC (2022-23, 2023-24 i 2024-25).</p>



<div data-wp-interactive="core/file" class="wp-block-file"><object data-wp-bind--hidden="!state.hasPdfPreview" hidden class="wp-block-file__embed" data="https://agora.xtec.cat/escolafmistral/wp-content/uploads/usu688/2026/03/ESTRATEGICA-DIGITAL-DE-CENTRE-25-26_26-27_revisat.pdf" type="application/pdf" style="width:100%;height:600px" aria-label="Incrustació del fitxer ESTRATÈGICA DIGITAL DE CENTRE 25-26_26-27_revisat."></object><a id="wp-block-file--media-b061e1cb-4e7b-4700-99de-039ba9024fc4" href="https://agora.xtec.cat/escolafmistral/wp-content/uploads/usu688/2026/03/ESTRATEGICA-DIGITAL-DE-CENTRE-25-26_26-27_revisat.pdf">ESTRATÈGICA DIGITAL DE CENTRE 25-26_26-27_revisat</a><a href="https://agora.xtec.cat/escolafmistral/wp-content/uploads/usu688/2026/03/ESTRATEGICA-DIGITAL-DE-CENTRE-25-26_26-27_revisat.pdf" class="wp-block-file__button wp-element-button" download aria-describedby="wp-block-file--media-b061e1cb-4e7b-4700-99de-039ba9024fc4">Baixa</a></div>


<h1><strong>Cultura digital del centre</strong></h1>
<p>En <strong><a href="https://agora.xtec.cat/escolafmistral/cultura-digital-de-centre/">aquesta pàgina</a></strong> trobareu tots els documents generats referents a l&#8217;EDC: resum de l&#8217;EDC, Cultura digital de centre, diagnosi, plans d&#8217;acollida digital. Aquesta pàgina només és d&#8217;ús intern.</p>
<h3>Recursos del departament</h3>
<table style="border-collapse: collapse; width: 100%;">
<tbody>
<tr>
<td style="width: 50%;"><a href="https://educacio.gencat.cat/ca/departament/publicacions/colleccions/pla-educacio-digital/estrategia-digital-centre/index.html"><img loading="lazy" decoding="async" class="alignnone size-full wp-image-15969" src="https://agora.xtec.cat/escolafmistral/wp-content/uploads/usu688/2023/03/departament-1.png" alt="" width="360" height="330" srcset="https://agora.xtec.cat/escolafmistral/wp-content/uploads/usu688/2023/03/departament-1.png 360w, https://agora.xtec.cat/escolafmistral/wp-content/uploads/usu688/2023/03/departament-1-300x275.png 300w" sizes="auto, (max-width: 360px) 100vw, 360px" /></a></td>
<td style="width: 50%;"><a href="https://projectes.xtec.cat/edc-suport/"><img loading="lazy" decoding="async" class="alignnone size-full wp-image-15970" src="https://agora.xtec.cat/escolafmistral/wp-content/uploads/usu688/2023/03/departament-2.png" alt="" width="532" height="287" srcset="https://agora.xtec.cat/escolafmistral/wp-content/uploads/usu688/2023/03/departament-2.png 532w, https://agora.xtec.cat/escolafmistral/wp-content/uploads/usu688/2023/03/departament-2-300x162.png 300w" sizes="auto, (max-width: 532px) 100vw, 532px" /></a></td>
</tr>
</tbody>
</table>


<figure class="wp-block-image size-large"><a href="https://agora.xtec.cat/escolafmistral/wp-content/uploads/usu688/2025/12/Logos-4.0.png"><img loading="lazy" decoding="async" width="1024" height="117" src="https://agora.xtec.cat/escolafmistral/wp-content/uploads/usu688/2025/12/Logos-4.0-1024x117.png" alt="" class="wp-image-16785" srcset="https://agora.xtec.cat/escolafmistral/wp-content/uploads/usu688/2025/12/Logos-4.0-1024x117.png 1024w, https://agora.xtec.cat/escolafmistral/wp-content/uploads/usu688/2025/12/Logos-4.0-300x34.png 300w, https://agora.xtec.cat/escolafmistral/wp-content/uploads/usu688/2025/12/Logos-4.0-768x88.png 768w, https://agora.xtec.cat/escolafmistral/wp-content/uploads/usu688/2025/12/Logos-4.0-1536x176.png 1536w, https://agora.xtec.cat/escolafmistral/wp-content/uploads/usu688/2025/12/Logos-4.0-2048x235.png 2048w" sizes="auto, (max-width: 1024px) 100vw, 1024px" /></a></figure>

<p>En la següent taula trobareu els 5 objectius de l&#8217;Estratègia Digital de Centre (EDC) per als cursos 2025-26 i 2026-27, aquests dos cursos seran una ampliació de l&#8217;anterior EDC (2022-23, 2023-24 i 2024-25). Cultura digital del centre En aquesta pàgina trobareu tots els documents generats referents a l&#8217;EDC: resum de l&#8217;EDC, Cultura digital de centre, [&hellip;]</p>
