{"id":11802,"date":"2020-04-17T13:49:46","date_gmt":"2020-04-17T11:49:46","guid":{"rendered":"http:\/\/agora.xtec.cat\/escolafmistral\/?page_id=11802"},"modified":"2026-04-28T12:50:38","modified_gmt":"2026-04-28T10:50:38","slug":"preinscripcio","status":"publish","type":"page","link":"https:\/\/agora.xtec.cat\/escolafmistral\/preinscripcio\/","title":{"rendered":"Preinscripci\u00f3 Curs 2026-27"},"content":{"rendered":"\n<div style=\"height:30px\" aria-hidden=\"true\" class=\"wp-block-spacer\"><\/div>\n\n\n\n<div class=\"wp-block-getwid-advanced-heading has-custom-font-size\" style=\"font-size:40px\"><span class=\"wp-block-getwid-advanced-heading__content has-text-color has-vivid-red-color has-background has-light-green-cyan-background-color\" style=\"font-family:&quot;ABeeZee&quot;;font-weight:normal;font-style:inherit;text-transform:uppercase\">CALENDARI<\/span><\/div>\n\n\n\n<p><\/p>\n\n\n\n<p><mark style=\"background-color:rgba(0, 0, 0, 0)\" class=\"has-inline-color has-ast-global-color-0-color\"><strong>Educaci\u00f3 infantil de segon cicle i educaci\u00f3 prim\u00e0ria<\/strong>: <strong>del 4 al 18 de mar\u00e7 de 2026<\/strong><\/mark><\/p>\n\n\n\n<p class=\"has-vivid-green-cyan-color has-text-color has-link-color has-medium-font-size wp-elements-0511cdaa1d54e54f605228ec6907e209\"><a href=\"https:\/\/agora.xtec.cat\/escolafmistral\/wp-content\/uploads\/usu688\/2026\/03\/INFORME_OFERTA_OME_INFORME_OFERTA.pdf\"><strong><mark>Publicaci\u00f3 de l&#8217;oferta inicial: 3 de mar\u00e7<\/mark><\/strong> FES CLIC!<\/a><\/p>\n\n\n\n<p><strong>Publicaci\u00f3 de&nbsp;la&nbsp;<a href=\"https:\/\/agora.xtec.cat\/escolafmistral\/wp-content\/uploads\/usu688\/2026\/04\/INFORME_BAREM_PROVISIONAL_BAREM.pdf\">llista de sol\u00b7licituds amb la puntuaci\u00f3 provisional<\/a><\/strong>: <strong>15 d&#8217;abril<\/strong><\/p>\n\n\n\n<p><strong>Presentaci\u00f3 de reclamacions&nbsp;a la llista amb la puntuaci\u00f3&nbsp;provisional: del 15 al 20 d&#8217;abril <\/strong><\/p>\n\n\n\n<p><strong>Publicaci\u00f3 de&nbsp;la <a href=\"https:\/\/agora.xtec.cat\/escolafmistral\/wp-content\/uploads\/usu688\/2026\/04\/INFORME_BAREM_RESOLTES_BAREM.pdf\">llista&nbsp;amb&nbsp;la puntuaci\u00f3, resoltes&nbsp;les reclamacions<\/a>: 23 d&#8217;abril<\/strong><\/p>\n\n\n\n<p>Publicaci\u00f3 del <a href=\"https:\/\/agora.xtec.cat\/escolafmistral\/wp-content\/uploads\/usu688\/2026\/04\/numero-desempat-preinscripcio-26_27-1.pdf\">n\u00famero de desempat (42129)<\/a> : 28 d&#8217;abril<\/p>\n\n\n\n<p><strong>Publicaci\u00f3 de la llista ordenada: 29 d&#8217;abril<\/strong><\/p>\n\n\n\n<p><strong>Publicaci\u00f3 de l\u2019oferta final: 10 de juny<\/strong><\/p>\n\n\n\n<p><strong>Publicaci\u00f3 de&nbsp;la llista d\u2019admesos&nbsp;i&nbsp;la&nbsp;llista d\u2019espera: 10 de juny<\/strong><\/p>\n\n\n\n<p><strong>Per\u00edode per interposar reclamacions a les llistes d&#8217;alumnes amb pla\u00e7a assignada davant la comissi\u00f3 de&nbsp;garanties d&#8217;admissi\u00f3&nbsp;(CGA)&nbsp;: del 10 al 12 de juny<\/strong><\/p>\n\n\n\n<p><strong>Per\u00edode de matr\u00edcula&nbsp;de l\u2019Educaci\u00f3 Infantil, Prim\u00e0ria i&nbsp;ESO: Del 22&nbsp;al 30 de juny<\/strong><\/p>\n\n\n\n<div class=\"wp-block-getwid-advanced-heading has-custom-font-size\" style=\"font-size:40px\"><span class=\"wp-block-getwid-advanced-heading__content has-text-color has-vivid-red-color has-background has-light-green-cyan-background-color\" style=\"font-family:&quot;ABeeZee&quot;;font-weight:normal;font-style:inherit;text-transform:uppercase\">PUBLICACI\u00d3 DOCUMENTS<\/span><\/div>\n\n\n\n<ul class=\"wp-block-list\">\n<li><a href=\"https:\/\/agora.xtec.cat\/escolafmistral\/wp-content\/uploads\/usu688\/2026\/03\/INFORME_OFERTA_OME_INFORME_OFERTA.pdf\"><strong><mark>Publicaci\u00f3 de l&#8217;oferta inicial<\/mark><\/strong><\/a><\/li>\n\n\n\n<li><a href=\"https:\/\/agora.xtec.cat\/escolafmistral\/wp-content\/uploads\/usu688\/2026\/04\/INFORME_BAREM_PROVISIONAL_BAREM.pdf\">Publicaci\u00f3 sol\u00b7licituds i barem provisional.<\/a> <\/li>\n\n\n\n<li><a href=\"https:\/\/agora.xtec.cat\/escolafmistral\/wp-content\/uploads\/usu688\/2026\/04\/INFORME_BAREM_RESOLTES_BAREM.pdf\">Llista sol\u00b7licituds puntuaci\u00f3 resolta<\/a><\/li>\n\n\n\n<li><a href=\"https:\/\/agora.xtec.cat\/escolafmistral\/wp-content\/uploads\/usu688\/2026\/04\/numero-desempat-preinscripcio-26_27-1.pdf\">N\u00famero de desempat<\/a><\/li>\n\n\n\n<li><s>Llistat definitiu assignacions<\/s><\/li>\n\n\n\n<li><mark><mark><mark><mark style=\"background-color:#ffffff\" class=\"has-inline-color\"><s>Llista sol\u00b7licituds endre\u00e7ada<\/s><\/mark><\/mark><\/mark><\/mark><\/li>\n\n\n\n<li><s>N\u00famero de desempat<\/s><\/li>\n\n\n\n<li><del>Alumnat assignat al centre amb indicaci\u00f3 de la primera petici\u00f3&nbsp;<\/del><a href=\"https:\/\/agora.xtec.cat\/escolafmistral\/wp-content\/uploads\/usu688\/2024\/03\/INFORME_OFERTA_OME_INFORME_OFERTA.pdf\"><\/a><\/li>\n\n\n\n<li><del>Llista d\u2019espera&nbsp;<a href=\"https:\/\/agora.xtec.cat\/escolafmistral\/wp-content\/uploads\/usu688\/2024\/03\/INFORME_OFERTA_OME_INFORME_OFERTA.pdf\"><\/a><\/del><\/li>\n<\/ul>\n\n\n\n<div class=\"wp-block-getwid-advanced-heading has-custom-font-size\" style=\"font-size:40px\"><span class=\"wp-block-getwid-advanced-heading__content has-text-color has-vivid-red-color has-background has-light-green-cyan-background-color\" style=\"font-family:&quot;ABeeZee&quot;;font-weight:normal;font-style:inherit;text-transform:uppercase\">WEB OFICIAL I RECURSOS<\/span><\/div>\n\n\n\n<p><\/p>\n\n\n\n<p><a href=\"https:\/\/preinscripcio.gencat.cat\/ca\/inici\/\">WEB OFICIAL PREINSCRIPCI\u00d3<\/a><\/p>\n\n\n\n<p><\/p>\n","protected":false},"excerpt":{"rendered":"<p>Educaci\u00f3 infantil de segon cicle i educaci\u00f3 prim\u00e0ria: del 4 al 18 de mar\u00e7 de 2026 Publicaci\u00f3 de l&#8217;oferta inicial: 3 de mar\u00e7 FES CLIC! Publicaci\u00f3 de&nbsp;la&nbsp;llista de sol\u00b7licituds amb la puntuaci\u00f3 provisional: 15 d&#8217;abril Presentaci\u00f3 de reclamacions&nbsp;a la llista amb la puntuaci\u00f3&nbsp;provisional: del 15 al 20 d&#8217;abril Publicaci\u00f3 de&nbsp;la llista&nbsp;amb&nbsp;la puntuaci\u00f3, resoltes&nbsp;les reclamacions: 23 [&hellip;]<\/p>\n","protected":false},"author":17,"featured_media":0,"parent":0,"menu_order":0,"comment_status":"closed","ping_status":"closed","template":"","meta":{"_bbp_topic_count":0,"_bbp_reply_count":0,"_bbp_total_topic_count":0,"_bbp_total_reply_count":0,"_bbp_voice_count":0,"_bbp_anonymous_reply_count":0,"_bbp_topic_count_hidden":0,"_bbp_reply_count_hidden":0,"_bbp_forum_subforum_count":0,"site-sidebar-layout":"default","site-content-layout":"","ast-site-content-layout":"default","site-content-style":"default","site-sidebar-style":"default","ast-global-header-display":"","ast-banner-title-visibility":"","ast-main-header-display":"","ast-hfb-above-header-display":"","ast-hfb-below-header-display":"","ast-hfb-mobile-header-display":"","site-post-title":"","ast-breadcrumbs-content":"","ast-featured-img":"","footer-sml-layout":"","theme-transparent-header-meta":"","adv-header-id-meta":"","stick-header-meta":"","header-above-stick-meta":"","header-main-stick-meta":"","header-below-stick-meta":"","astra-migrate-meta-layouts":"set","ast-page-background-enabled":"default","ast-page-background-meta":{"desktop":{"background-color":"var(--ast-global-color-4)","background-image":"","background-repeat":"repeat","background-position":"center center","background-size":"auto","background-attachment":"scroll","background-type":"","background-media":"","overlay-type":"","overlay-color":"","overlay-opacity":"","overlay-gradient":""},"tablet":{"background-color":"","background-image":"","background-repeat":"repeat","background-position":"center center","background-size":"auto","background-attachment":"scroll","background-type":"","background-media":"","overlay-type":"","overlay-color":"","overlay-opacity":"","overlay-gradient":""},"mobile":{"background-color":"","background-image":"","background-repeat":"repeat","background-position":"center center","background-size":"auto","background-attachment":"scroll","background-type":"","background-media":"","overlay-type":"","overlay-color":"","overlay-opacity":"","overlay-gradient":""}},"ast-content-background-meta":{"desktop":{"background-color":"var(--ast-global-color-5)","background-image":"","background-repeat":"repeat","background-position":"center center","background-size":"auto","background-attachment":"scroll","background-type":"","background-media":"","overlay-type":"","overlay-color":"","overlay-opacity":"","overlay-gradient":""},"tablet":{"background-color":"var(--ast-global-color-5)","background-image":"","background-repeat":"repeat","background-position":"center center","background-size":"auto","background-attachment":"scroll","background-type":"","background-media":"","overlay-type":"","overlay-color":"","overlay-opacity":"","overlay-gradient":""},"mobile":{"background-color":"var(--ast-global-color-5)","background-image":"","background-repeat":"repeat","background-position":"center center","background-size":"auto","background-attachment":"scroll","background-type":"","background-media":"","overlay-type":"","overlay-color":"","overlay-opacity":"","overlay-gradient":""}},"footnotes":""},"class_list":["post-11802","page","type-page","status-publish","hentry"],"post_mailing_queue_ids":[],"_links":{"self":[{"href":"https:\/\/agora.xtec.cat\/escolafmistral\/wp-json\/wp\/v2\/pages\/11802","targetHints":{"allow":["GET"]}}],"collection":[{"href":"https:\/\/agora.xtec.cat\/escolafmistral\/wp-json\/wp\/v2\/pages"}],"about":[{"href":"https:\/\/agora.xtec.cat\/escolafmistral\/wp-json\/wp\/v2\/types\/page"}],"author":[{"embeddable":true,"href":"https:\/\/agora.xtec.cat\/escolafmistral\/wp-json\/wp\/v2\/users\/17"}],"replies":[{"embeddable":true,"href":"https:\/\/agora.xtec.cat\/escolafmistral\/wp-json\/wp\/v2\/comments?post=11802"}],"version-history":[{"count":6,"href":"https:\/\/agora.xtec.cat\/escolafmistral\/wp-json\/wp\/v2\/pages\/11802\/revisions"}],"predecessor-version":[{"id":17097,"href":"https:\/\/agora.xtec.cat\/escolafmistral\/wp-json\/wp\/v2\/pages\/11802\/revisions\/17097"}],"wp:attachment":[{"href":"https:\/\/agora.xtec.cat\/escolafmistral\/wp-json\/wp\/v2\/media?parent=11802"}],"curies":[{"name":"wp","href":"https:\/\/api.w.org\/{rel}","templated":true}]}}

Preinscripció Curs 2026-27

<div style="height:30px" aria-hidden="true" class="wp-block-spacer"></div>



<div class="wp-block-getwid-advanced-heading has-custom-font-size" style="font-size:40px"><span class="wp-block-getwid-advanced-heading__content has-text-color has-vivid-red-color has-background has-light-green-cyan-background-color" style="font-family:&quot;ABeeZee&quot;;font-weight:normal;font-style:inherit;text-transform:uppercase">CALENDARI</span></div>



<p></p>



<p><mark style="background-color:rgba(0, 0, 0, 0)" class="has-inline-color has-ast-global-color-0-color"><strong>Educació infantil de segon cicle i educació primària</strong>: <strong>del 4 al 18 de març de 2026</strong></mark></p>



<p class="has-vivid-green-cyan-color has-text-color has-link-color has-medium-font-size wp-elements-0511cdaa1d54e54f605228ec6907e209"><a href="https://agora.xtec.cat/escolafmistral/wp-content/uploads/usu688/2026/03/INFORME_OFERTA_OME_INFORME_OFERTA.pdf"><strong><mark>Publicació de l&#8217;oferta inicial: 3 de març</mark></strong> FES CLIC!</a></p>



<p><strong>Publicació de&nbsp;la&nbsp;<a href="https://agora.xtec.cat/escolafmistral/wp-content/uploads/usu688/2026/04/INFORME_BAREM_PROVISIONAL_BAREM.pdf">llista de sol·licituds amb la puntuació provisional</a></strong>: <strong>15 d&#8217;abril</strong></p>



<p><strong>Presentació de reclamacions&nbsp;a la llista amb la puntuació&nbsp;provisional: del 15 al 20 d&#8217;abril </strong></p>



<p><strong>Publicació de&nbsp;la <a href="https://agora.xtec.cat/escolafmistral/wp-content/uploads/usu688/2026/04/INFORME_BAREM_RESOLTES_BAREM.pdf">llista&nbsp;amb&nbsp;la puntuació, resoltes&nbsp;les reclamacions</a>: 23 d&#8217;abril</strong></p>



<p>Publicació del <a href="https://agora.xtec.cat/escolafmistral/wp-content/uploads/usu688/2026/04/numero-desempat-preinscripcio-26_27-1.pdf">número de desempat (42129)</a> : 28 d&#8217;abril</p>



<p><strong>Publicació de la llista ordenada: 29 d&#8217;abril</strong></p>



<p><strong>Publicació de l’oferta final: 10 de juny</strong></p>



<p><strong>Publicació de&nbsp;la llista d’admesos&nbsp;i&nbsp;la&nbsp;llista d’espera: 10 de juny</strong></p>



<p><strong>Període per interposar reclamacions a les llistes d&#8217;alumnes amb plaça assignada davant la comissió de&nbsp;garanties d&#8217;admissió&nbsp;(CGA)&nbsp;: del 10 al 12 de juny</strong></p>



<p><strong>Període de matrícula&nbsp;de l’Educació Infantil, Primària i&nbsp;ESO: Del 22&nbsp;al 30 de juny</strong></p>



<div class="wp-block-getwid-advanced-heading has-custom-font-size" style="font-size:40px"><span class="wp-block-getwid-advanced-heading__content has-text-color has-vivid-red-color has-background has-light-green-cyan-background-color" style="font-family:&quot;ABeeZee&quot;;font-weight:normal;font-style:inherit;text-transform:uppercase">PUBLICACIÓ DOCUMENTS</span></div>



<ul class="wp-block-list">
<li><a href="https://agora.xtec.cat/escolafmistral/wp-content/uploads/usu688/2026/03/INFORME_OFERTA_OME_INFORME_OFERTA.pdf"><strong><mark>Publicació de l&#8217;oferta inicial</mark></strong></a></li>



<li><a href="https://agora.xtec.cat/escolafmistral/wp-content/uploads/usu688/2026/04/INFORME_BAREM_PROVISIONAL_BAREM.pdf">Publicació sol·licituds i barem provisional.</a> </li>



<li><a href="https://agora.xtec.cat/escolafmistral/wp-content/uploads/usu688/2026/04/INFORME_BAREM_RESOLTES_BAREM.pdf">Llista sol·licituds puntuació resolta</a></li>



<li><a href="https://agora.xtec.cat/escolafmistral/wp-content/uploads/usu688/2026/04/numero-desempat-preinscripcio-26_27-1.pdf">Número de desempat</a></li>



<li><s>Llistat definitiu assignacions</s></li>



<li><mark><mark><mark><mark style="background-color:#ffffff" class="has-inline-color"><s>Llista sol·licituds endreçada</s></mark></mark></mark></mark></li>



<li><s>Número de desempat</s></li>



<li><del>Alumnat assignat al centre amb indicació de la primera petició&nbsp;</del><a href="https://agora.xtec.cat/escolafmistral/wp-content/uploads/usu688/2024/03/INFORME_OFERTA_OME_INFORME_OFERTA.pdf"></a></li>



<li><del>Llista d’espera&nbsp;<a href="https://agora.xtec.cat/escolafmistral/wp-content/uploads/usu688/2024/03/INFORME_OFERTA_OME_INFORME_OFERTA.pdf"></a></del></li>
</ul>



<div class="wp-block-getwid-advanced-heading has-custom-font-size" style="font-size:40px"><span class="wp-block-getwid-advanced-heading__content has-text-color has-vivid-red-color has-background has-light-green-cyan-background-color" style="font-family:&quot;ABeeZee&quot;;font-weight:normal;font-style:inherit;text-transform:uppercase">WEB OFICIAL I RECURSOS</span></div>



<p></p>



<p><a href="https://preinscripcio.gencat.cat/ca/inici/">WEB OFICIAL PREINSCRIPCIÓ</a></p>



<p></p>

<p>Educació infantil de segon cicle i educació primària: del 4 al 18 de març de 2026 Publicació de l&#8217;oferta inicial: 3 de març FES CLIC! Publicació de&nbsp;la&nbsp;llista de sol·licituds amb la puntuació provisional: 15 d&#8217;abril Presentació de reclamacions&nbsp;a la llista amb la puntuació&nbsp;provisional: del 15 al 20 d&#8217;abril Publicació de&nbsp;la llista&nbsp;amb&nbsp;la puntuació, resoltes&nbsp;les reclamacions: 23 [&hellip;]</p>
