{"id":7,"date":"2014-09-17T15:07:41","date_gmt":"2014-09-17T14:07:41","guid":{"rendered":"http:\/\/agora.xtec.cat\/ceipfmacia-suria\/?page_id=7"},"modified":"2026-09-02T09:19:08","modified_gmt":"2026-09-02T07:19:08","slug":"pagines-dinici","status":"publish","type":"page","link":"https:\/\/agora.xtec.cat\/escolafmacia-suria\/","title":{"rendered":"P\u00e0gines d&#8217;inici"},"content":{"rendered":"<table style=\"border-collapse: collapse; width: 100%;\">\n<tbody>\n<tr>\n<td style=\"width: 100%;\"><strong>Menjador Escolar \u2013 Gesti\u00f3 pel curs 2026-2027<\/strong><\/p>\n<p>Trobareu tota la informaci\u00f3 a l&#8217;espai de Menjador Escolar de la p\u00e0gina web (vegeu men\u00fa de la part superior dreta de la p\u00e0gina d&#8217;inici)<\/p>\n<p>Compartim la\u00a0<a href=\"https:\/\/drive.google.com\/file\/d\/1rhUAgquI-49lvzDJIyyeGDFZ7JFaaLQX\/view?usp=drive_link\">carta de benvinguda<\/a>\u00a0de l\u2019empresa SehrsFood amb la informaci\u00f3 de gesti\u00f3 del servei de menjador per a l\u2019actual curs escolar. Trobareu informaci\u00f3 rellevant per completar l\u2019alta d\u2019usuari, el codi de centre, els preus del tiquet habitual i tiquet espor\u00e0dic. Tamb\u00e9 trobareu com informar d\u2019al\u00b7l\u00e8rgens i dietes i les dades per contactar amb els responsables de coordinaci\u00f3 amb l\u2019empresa.<\/p>\n<p><a href=\"https:\/\/drive.google.com\/file\/d\/1rhUAgquI-49lvzDJIyyeGDFZ7JFaaLQX\/view?usp=drive_link\">Carta de benvinguda<\/a><\/p>\n<p><a href=\"https:\/\/drive.google.com\/file\/d\/1rhUAgquI-49lvzDJIyyeGDFZ7JFaaLQX\/view\"><img loading=\"lazy\" decoding=\"async\" class=\"aligncenter size-medium wp-image-6682\" src=\"https:\/\/agora.xtec.cat\/escolafmacia-suria\/wp-content\/uploads\/usu1594\/2026\/09\/carta_benvinguda_26-27_sehrsfood-225x300.jpg\" alt=\"\" width=\"225\" height=\"300\" srcset=\"https:\/\/agora.xtec.cat\/escolafmacia-suria\/wp-content\/uploads\/usu1594\/2026\/09\/carta_benvinguda_26-27_sehrsfood-225x300.jpg 225w, https:\/\/agora.xtec.cat\/escolafmacia-suria\/wp-content\/uploads\/usu1594\/2026\/09\/carta_benvinguda_26-27_sehrsfood.jpg 598w\" sizes=\"auto, (max-width: 225px) 100vw, 225px\" \/>Plataforma de gesti\u00f3<\/a><\/p>\n<p><a href=\"https:\/\/iara.serhsfoodeduca.com\/\" target=\"_blank\" rel=\"noopener\"><img loading=\"lazy\" decoding=\"async\" class=\"wp-image-5571 aligncenter\" src=\"https:\/\/agora.xtec.cat\/escolafmacia-suria\/wp-content\/uploads\/usu1594\/2023\/09\/menjador-1-300x208.jpg\" alt=\"\" width=\"210\" height=\"146\" srcset=\"https:\/\/agora.xtec.cat\/escolafmacia-suria\/wp-content\/uploads\/usu1594\/2023\/09\/menjador-1-300x208.jpg 300w, https:\/\/agora.xtec.cat\/escolafmacia-suria\/wp-content\/uploads\/usu1594\/2023\/09\/menjador-1-1024x712.jpg 1024w, https:\/\/agora.xtec.cat\/escolafmacia-suria\/wp-content\/uploads\/usu1594\/2023\/09\/menjador-1-768x534.jpg 768w, https:\/\/agora.xtec.cat\/escolafmacia-suria\/wp-content\/uploads\/usu1594\/2023\/09\/menjador-1.jpg 1167w\" sizes=\"auto, (max-width: 210px) 100vw, 210px\" \/><\/a><\/td>\n<\/tr>\n<tr>\n<td style=\"width: 100%;\"><img loading=\"lazy\" decoding=\"async\" class=\"aligncenter wp-image-6680\" src=\"https:\/\/agora.xtec.cat\/escolafmacia-suria\/wp-content\/uploads\/usu1594\/2026\/07\/calendari-escolar.pdf-212x300.jpg\" alt=\"\" width=\"1025\" height=\"1450\" srcset=\"https:\/\/agora.xtec.cat\/escolafmacia-suria\/wp-content\/uploads\/usu1594\/2026\/07\/calendari-escolar.pdf-212x300.jpg 212w, https:\/\/agora.xtec.cat\/escolafmacia-suria\/wp-content\/uploads\/usu1594\/2026\/07\/calendari-escolar.pdf-724x1024.jpg 724w, https:\/\/agora.xtec.cat\/escolafmacia-suria\/wp-content\/uploads\/usu1594\/2026\/07\/calendari-escolar.pdf-768x1086.jpg 768w, https:\/\/agora.xtec.cat\/escolafmacia-suria\/wp-content\/uploads\/usu1594\/2026\/07\/calendari-escolar.pdf-1086x1536.jpg 1086w, https:\/\/agora.xtec.cat\/escolafmacia-suria\/wp-content\/uploads\/usu1594\/2026\/07\/calendari-escolar.pdf.jpg 1414w\" sizes=\"auto, (max-width: 1025px) 100vw, 1025px\" \/><\/td>\n<\/tr>\n<\/tbody>\n<\/table>\n<p>&nbsp;<\/p>\n","protected":false},"excerpt":{"rendered":"<p>Menjador Escolar \u2013 Gesti\u00f3 pel curs 2026-2027 Trobareu tota la informaci\u00f3 a l&#8217;espai de Menjador Escolar de la p\u00e0gina web (vegeu men\u00fa de la part superior dreta de la p\u00e0gina d&#8217;inici) Compartim la\u00a0carta de benvinguda\u00a0de l\u2019empresa SehrsFood amb la informaci\u00f3 de gesti\u00f3 del servei de menjador per a l\u2019actual curs escolar. Trobareu informaci\u00f3 rellevant per [&hellip;]<\/p>\n","protected":false},"author":1,"featured_media":0,"parent":0,"menu_order":0,"comment_status":"closed","ping_status":"closed","template":"","meta":{"_bbp_topic_count":0,"_bbp_reply_count":0,"_bbp_total_topic_count":0,"_bbp_total_reply_count":0,"_bbp_voice_count":0,"_bbp_anonymous_reply_count":0,"_bbp_topic_count_hidden":0,"_bbp_reply_count_hidden":0,"_bbp_forum_subforum_count":0,"site-sidebar-layout":"default","site-content-layout":"","ast-site-content-layout":"default","site-content-style":"default","site-sidebar-style":"default","ast-global-header-display":"","ast-banner-title-visibility":"","ast-main-header-display":"","ast-hfb-above-header-display":"","ast-hfb-below-header-display":"","ast-hfb-mobile-header-display":"","site-post-title":"","ast-breadcrumbs-content":"","ast-featured-img":"","footer-sml-layout":"","theme-transparent-header-meta":"default","adv-header-id-meta":"","stick-header-meta":"","header-above-stick-meta":"","header-main-stick-meta":"","header-below-stick-meta":"","astra-migrate-meta-layouts":"set","ast-page-background-enabled":"default","ast-page-background-meta":{"desktop":{"background-color":"var(--ast-global-color-4)","background-image":"","background-repeat":"repeat","background-position":"center center","background-size":"auto","background-attachment":"scroll","background-type":"","background-media":"","overlay-type":"","overlay-color":"","overlay-opacity":"","overlay-gradient":""},"tablet":{"background-color":"","background-image":"","background-repeat":"repeat","background-position":"center center","background-size":"auto","background-attachment":"scroll","background-type":"","background-media":"","overlay-type":"","overlay-color":"","overlay-opacity":"","overlay-gradient":""},"mobile":{"background-color":"","background-image":"","background-repeat":"repeat","background-position":"center center","background-size":"auto","background-attachment":"scroll","background-type":"","background-media":"","overlay-type":"","overlay-color":"","overlay-opacity":"","overlay-gradient":""}},"ast-content-background-meta":{"desktop":{"background-color":"var(--ast-global-color-5)","background-image":"","background-repeat":"repeat","background-position":"center center","background-size":"auto","background-attachment":"scroll","background-type":"","background-media":"","overlay-type":"","overlay-color":"","overlay-opacity":"","overlay-gradient":""},"tablet":{"background-color":"var(--ast-global-color-5)","background-image":"","background-repeat":"repeat","background-position":"center center","background-size":"auto","background-attachment":"scroll","background-type":"","background-media":"","overlay-type":"","overlay-color":"","overlay-opacity":"","overlay-gradient":""},"mobile":{"background-color":"var(--ast-global-color-5)","background-image":"","background-repeat":"repeat","background-position":"center center","background-size":"auto","background-attachment":"scroll","background-type":"","background-media":"","overlay-type":"","overlay-color":"","overlay-opacity":"","overlay-gradient":""}},"footnotes":""},"class_list":["post-7","page","type-page","status-publish","hentry"],"post_mailing_queue_ids":[],"_links":{"self":[{"href":"https:\/\/agora.xtec.cat\/escolafmacia-suria\/wp-json\/wp\/v2\/pages\/7","targetHints":{"allow":["GET"]}}],"collection":[{"href":"https:\/\/agora.xtec.cat\/escolafmacia-suria\/wp-json\/wp\/v2\/pages"}],"about":[{"href":"https:\/\/agora.xtec.cat\/escolafmacia-suria\/wp-json\/wp\/v2\/types\/page"}],"author":[{"embeddable":true,"href":"https:\/\/agora.xtec.cat\/escolafmacia-suria\/wp-json\/wp\/v2\/users\/1"}],"replies":[{"embeddable":true,"href":"https:\/\/agora.xtec.cat\/escolafmacia-suria\/wp-json\/wp\/v2\/comments?post=7"}],"version-history":[{"count":9,"href":"https:\/\/agora.xtec.cat\/escolafmacia-suria\/wp-json\/wp\/v2\/pages\/7\/revisions"}],"predecessor-version":[{"id":6685,"href":"https:\/\/agora.xtec.cat\/escolafmacia-suria\/wp-json\/wp\/v2\/pages\/7\/revisions\/6685"}],"wp:attachment":[{"href":"https:\/\/agora.xtec.cat\/escolafmacia-suria\/wp-json\/wp\/v2\/media?parent=7"}],"curies":[{"name":"wp","href":"https:\/\/api.w.org\/{rel}","templated":true}]}}

Pàgines d&#8217;inici

<table style="border-collapse: collapse; width: 100%;">
<tbody>
<tr>
<td style="width: 100%;"><strong>Menjador Escolar – Gestió pel curs 2026-2027</strong></p>
<p>Trobareu tota la informació a l&#8217;espai de Menjador Escolar de la pàgina web (vegeu menú de la part superior dreta de la pàgina d&#8217;inici)</p>
<p>Compartim la <a href="https://drive.google.com/file/d/1rhUAgquI-49lvzDJIyyeGDFZ7JFaaLQX/view?usp=drive_link">carta de benvinguda</a> de l’empresa SehrsFood amb la informació de gestió del servei de menjador per a l’actual curs escolar. Trobareu informació rellevant per completar l’alta d’usuari, el codi de centre, els preus del tiquet habitual i tiquet esporàdic. També trobareu com informar d’al·lèrgens i dietes i les dades per contactar amb els responsables de coordinació amb l’empresa.</p>
<p><a href="https://drive.google.com/file/d/1rhUAgquI-49lvzDJIyyeGDFZ7JFaaLQX/view?usp=drive_link">Carta de benvinguda</a></p>
<p><a href="https://drive.google.com/file/d/1rhUAgquI-49lvzDJIyyeGDFZ7JFaaLQX/view"><img loading="lazy" decoding="async" class="aligncenter size-medium wp-image-6682" src="https://agora.xtec.cat/escolafmacia-suria/wp-content/uploads/usu1594/2026/09/carta_benvinguda_26-27_sehrsfood-225x300.jpg" alt="" width="225" height="300" srcset="https://agora.xtec.cat/escolafmacia-suria/wp-content/uploads/usu1594/2026/09/carta_benvinguda_26-27_sehrsfood-225x300.jpg 225w, https://agora.xtec.cat/escolafmacia-suria/wp-content/uploads/usu1594/2026/09/carta_benvinguda_26-27_sehrsfood.jpg 598w" sizes="auto, (max-width: 225px) 100vw, 225px" />Plataforma de gestió</a></p>
<p><a href="https://iara.serhsfoodeduca.com/" target="_blank" rel="noopener"><img loading="lazy" decoding="async" class="wp-image-5571 aligncenter" src="https://agora.xtec.cat/escolafmacia-suria/wp-content/uploads/usu1594/2023/09/menjador-1-300x208.jpg" alt="" width="210" height="146" srcset="https://agora.xtec.cat/escolafmacia-suria/wp-content/uploads/usu1594/2023/09/menjador-1-300x208.jpg 300w, https://agora.xtec.cat/escolafmacia-suria/wp-content/uploads/usu1594/2023/09/menjador-1-1024x712.jpg 1024w, https://agora.xtec.cat/escolafmacia-suria/wp-content/uploads/usu1594/2023/09/menjador-1-768x534.jpg 768w, https://agora.xtec.cat/escolafmacia-suria/wp-content/uploads/usu1594/2023/09/menjador-1.jpg 1167w" sizes="auto, (max-width: 210px) 100vw, 210px" /></a></td>
</tr>
<tr>
<td style="width: 100%;"><img loading="lazy" decoding="async" class="aligncenter wp-image-6680" src="https://agora.xtec.cat/escolafmacia-suria/wp-content/uploads/usu1594/2026/07/calendari-escolar.pdf-212x300.jpg" alt="" width="1025" height="1450" srcset="https://agora.xtec.cat/escolafmacia-suria/wp-content/uploads/usu1594/2026/07/calendari-escolar.pdf-212x300.jpg 212w, https://agora.xtec.cat/escolafmacia-suria/wp-content/uploads/usu1594/2026/07/calendari-escolar.pdf-724x1024.jpg 724w, https://agora.xtec.cat/escolafmacia-suria/wp-content/uploads/usu1594/2026/07/calendari-escolar.pdf-768x1086.jpg 768w, https://agora.xtec.cat/escolafmacia-suria/wp-content/uploads/usu1594/2026/07/calendari-escolar.pdf-1086x1536.jpg 1086w, https://agora.xtec.cat/escolafmacia-suria/wp-content/uploads/usu1594/2026/07/calendari-escolar.pdf.jpg 1414w" sizes="auto, (max-width: 1025px) 100vw, 1025px" /></td>
</tr>
</tbody>
</table>
<p>&nbsp;</p>

<p>Menjador Escolar – Gestió pel curs 2026-2027 Trobareu tota la informació a l&#8217;espai de Menjador Escolar de la pàgina web (vegeu menú de la part superior dreta de la pàgina d&#8217;inici) Compartim la carta de benvinguda de l’empresa SehrsFood amb la informació de gestió del servei de menjador per a l’actual curs escolar. Trobareu informació rellevant per [&hellip;]</p>
