{"id":9711,"date":"2025-11-26T11:52:23","date_gmt":"2025-11-26T10:52:23","guid":{"rendered":"https:\/\/agora.xtec.cat\/escolaflorestasabadell\/?page_id=9711"},"modified":"2025-11-26T11:59:34","modified_gmt":"2025-11-26T10:59:34","slug":"estrategia-digital-de-centre","status":"publish","type":"page","link":"https:\/\/agora.xtec.cat\/escolaflorestasabadell\/estrategia-digital-de-centre\/","title":{"rendered":"Estrat\u00e8gia digital de centre"},"content":{"rendered":"\n<p><strong>Presentem el Pla de&nbsp;digitalitzaci\u00f3 responsable.<\/strong><\/p>\n\n\n\n<p>Aquest pla&nbsp;t\u00e9 com a objectiu promoure l&#8217;adquisici\u00f3 de la compet\u00e8ncia digital de l&#8217;alumnat i fomentar un \u00fas adequat, \u00e8tic, saludable i responsable dels dispositius digitals, posant-los al servei de l&#8217;aprenentatge.<\/p>\n\n\n\n<p>En primer lloc us compartim la&nbsp;<a href=\"https:\/\/educacio.gencat.cat\/web\/.content\/home\/departament\/publicacions\/monografies\/mon-digital\/guia-families-menys-pantalles\/guia-families.pdf\" target=\"_blank\" rel=\"noreferrer noopener\">Guia d&#8217;acompanyament a les fam\u00edlies<\/a>, amb els&nbsp;Fonaments per a un \u00fas saludable i conscient.&nbsp;<\/p>\n\n\n\n<p>Tamb\u00e9 us adjuntem un exemple de&nbsp;<a href=\"https:\/\/educacio.gencat.cat\/web\/.content\/home\/departament\/linies-estrategiques\/pla-digitalitzacio-responsable\/pla-digital-familiar.pdf\" target=\"_blank\" rel=\"noreferrer noopener\">Pla de digitalitzaci\u00f3 familiar<\/a>, per crear acords de fam\u00edlia en relaci\u00f3 a l&#8217;\u00fas de les pantalles en l&#8217;\u00e0mbit familiar.<\/p>\n\n\n\n<p><a href=\"https:\/\/educacio.gencat.cat\/ca\/departament\/linies-estrategiques\/pla-digitalitzacio-responsable\/index.html\" target=\"_blank\" rel=\"noreferrer noopener\">Aqu\u00ed<\/a>&nbsp;podeu accedir a tota la informaci\u00f3 del Pla i llegir els articles fets per experts en relaci\u00f3 a l&#8217;\u00fas de pantalles a les escoles.<\/p>\n","protected":false},"excerpt":{"rendered":"<p>Presentem el Pla de&nbsp;digitalitzaci\u00f3 responsable.<\/p>\n<p>Aquest pla&nbsp;t\u00e9 com a objectiu promoure l&#8217;adquisici\u00f3 de la compet\u00e8ncia digital de l&#8217;alumnat i fomentar un \u00fas adequat, \u00e8tic, saludable i responsable dels dispositius digitals, posant-los al servei de l&#8217;aprenentatge.<\/p>\n<p>En primer lloc us compartim la&nbsp;<a href=\"https:\/\/educacio.gencat.cat\/web\/.content\/home\/departament\/publicacions\/monografies\/mon-digital\/guia-families-menys-pantalles\/guia-families.pdf\" target=\"_blank\" rel=\"noreferrer noopener\">Guia d&#8217;acompanyament a&hellip;  <a href=\"https:\/\/agora.xtec.cat\/escolaflorestasabadell\/estrategia-digital-de-centre\/\" title=\"Read Estrat\u00e8gia digital de centre\">Llegeix m\u00e9s\u00bb<\/a><\/p>\n","protected":false},"author":1,"featured_media":0,"parent":0,"menu_order":0,"comment_status":"closed","ping_status":"close","template":"","meta":{"_bbp_topic_count":0,"_bbp_reply_count":0,"_bbp_total_topic_count":0,"_bbp_total_reply_count":0,"_bbp_voice_count":0,"_bbp_anonymous_reply_count":0,"_bbp_topic_count_hidden":0,"_bbp_reply_count_hidden":0,"_bbp_forum_subforum_count":0,"footnotes":""},"class_list":["post-9711","page","type-page","status-publish","hentry"],"post_mailing_queue_ids":[],"_links":{"self":[{"href":"https:\/\/agora.xtec.cat\/escolaflorestasabadell\/wp-json\/wp\/v2\/pages\/9711","targetHints":{"allow":["GET"]}}],"collection":[{"href":"https:\/\/agora.xtec.cat\/escolaflorestasabadell\/wp-json\/wp\/v2\/pages"}],"about":[{"href":"https:\/\/agora.xtec.cat\/escolaflorestasabadell\/wp-json\/wp\/v2\/types\/page"}],"author":[{"embeddable":true,"href":"https:\/\/agora.xtec.cat\/escolaflorestasabadell\/wp-json\/wp\/v2\/users\/1"}],"replies":[{"embeddable":true,"href":"https:\/\/agora.xtec.cat\/escolaflorestasabadell\/wp-json\/wp\/v2\/comments?post=9711"}],"version-history":[{"count":2,"href":"https:\/\/agora.xtec.cat\/escolaflorestasabadell\/wp-json\/wp\/v2\/pages\/9711\/revisions"}],"predecessor-version":[{"id":9718,"href":"https:\/\/agora.xtec.cat\/escolaflorestasabadell\/wp-json\/wp\/v2\/pages\/9711\/revisions\/9718"}],"wp:attachment":[{"href":"https:\/\/agora.xtec.cat\/escolaflorestasabadell\/wp-json\/wp\/v2\/media?parent=9711"}],"curies":[{"name":"wp","href":"https:\/\/api.w.org\/{rel}","templated":true}]}}