{"id":1997,"date":"2016-05-23T09:59:38","date_gmt":"2016-05-23T08:59:38","guid":{"rendered":"http:\/\/agora.xtec.cat\/escolaflorestasabadell\/?page_id=1997"},"modified":"2025-04-09T22:03:55","modified_gmt":"2025-04-09T20:03:55","slug":"projecte-40-aniversari-de-lescola-floresta","status":"publish","type":"page","link":"https:\/\/agora.xtec.cat\/escolaflorestasabadell\/projecte-40-aniversari-de-lescola-floresta\/","title":{"rendered":"Projecte &#8220;40 aniversari de l&#8217;Escola Floresta&#8221;"},"content":{"rendered":"<h2 style=\"text-align: center;\"><span style=\"font-size: medium;\">El curs 2014-2015 la nostra escola va fer 40 anys.<br \/>\nAquest curs 2015-2016 ho hem celebrat dedicant el nostre eix transversal anual a la recerca i creaci\u00f3 de treballs relacionats amb la hist\u00f2ria de l&#8217;Escola Floresta. En aquesta p\u00e0gina us presentem els treballs que han fet dels nens i nenes amb molta dedicaci\u00f3 i esfor\u00e7!<\/span><\/h2>\n<p><a href=\"https:\/\/drive.google.com\/file\/d\/18iboNlBhyM-C1jfECksU1fWWEQ0KEAQm\/view?usp=drive_link\"><img loading=\"lazy\" decoding=\"async\" class=\"alignleft size-full wp-image-9140\" src=\"https:\/\/agora.xtec.cat\/escolaflorestasabadell\/wp-content\/uploads\/usu478\/2025\/02\/Captura.png\" alt=\"\" width=\"1173\" height=\"548\" srcset=\"https:\/\/agora.xtec.cat\/escolaflorestasabadell\/wp-content\/uploads\/usu478\/2025\/02\/Captura.png 1173w, https:\/\/agora.xtec.cat\/escolaflorestasabadell\/wp-content\/uploads\/usu478\/2025\/02\/Captura-300x140.png 300w, https:\/\/agora.xtec.cat\/escolaflorestasabadell\/wp-content\/uploads\/usu478\/2025\/02\/Captura-1024x478.png 1024w, https:\/\/agora.xtec.cat\/escolaflorestasabadell\/wp-content\/uploads\/usu478\/2025\/02\/Captura-768x359.png 768w\" sizes=\"auto, (max-width: 1173px) 100vw, 1173px\" \/><\/a><\/p>\n","protected":false},"excerpt":{"rendered":"<p>El curs 2014-2015 la nostra escola va fer 40 anys.<br \/>\nAquest curs 2015-2016 ho hem celebrat dedicant el nostre eix transversal anual a la recerca i creaci\u00f3 de treballs relacionats amb la hist\u00f2ria de l&#8217;Escola Floresta. En aquesta p\u00e0gina us presentem els treballs que han fet&hellip;  <a href=\"https:\/\/agora.xtec.cat\/escolaflorestasabadell\/projecte-40-aniversari-de-lescola-floresta\/\" title=\"Read Projecte &#8220;40 aniversari de l&#8217;Escola Floresta&#8221;\">Llegeix m\u00e9s\u00bb<\/a><\/p>\n","protected":false},"author":3,"featured_media":0,"parent":0,"menu_order":0,"comment_status":"closed","ping_status":"closed","template":"page-templates\/side-menu.php","meta":{"_bbp_topic_count":0,"_bbp_reply_count":0,"_bbp_total_topic_count":0,"_bbp_total_reply_count":0,"_bbp_voice_count":0,"_bbp_anonymous_reply_count":0,"_bbp_topic_count_hidden":0,"_bbp_reply_count_hidden":0,"_bbp_forum_subforum_count":0,"footnotes":""},"class_list":["post-1997","page","type-page","status-publish","hentry"],"post_mailing_queue_ids":[],"_links":{"self":[{"href":"https:\/\/agora.xtec.cat\/escolaflorestasabadell\/wp-json\/wp\/v2\/pages\/1997","targetHints":{"allow":["GET"]}}],"collection":[{"href":"https:\/\/agora.xtec.cat\/escolaflorestasabadell\/wp-json\/wp\/v2\/pages"}],"about":[{"href":"https:\/\/agora.xtec.cat\/escolaflorestasabadell\/wp-json\/wp\/v2\/types\/page"}],"author":[{"embeddable":true,"href":"https:\/\/agora.xtec.cat\/escolaflorestasabadell\/wp-json\/wp\/v2\/users\/3"}],"replies":[{"embeddable":true,"href":"https:\/\/agora.xtec.cat\/escolaflorestasabadell\/wp-json\/wp\/v2\/comments?post=1997"}],"version-history":[{"count":6,"href":"https:\/\/agora.xtec.cat\/escolaflorestasabadell\/wp-json\/wp\/v2\/pages\/1997\/revisions"}],"predecessor-version":[{"id":9320,"href":"https:\/\/agora.xtec.cat\/escolaflorestasabadell\/wp-json\/wp\/v2\/pages\/1997\/revisions\/9320"}],"wp:attachment":[{"href":"https:\/\/agora.xtec.cat\/escolaflorestasabadell\/wp-json\/wp\/v2\/media?parent=1997"}],"curies":[{"name":"wp","href":"https:\/\/api.w.org\/{rel}","templated":true}]}}