{"id":626,"date":"2018-10-27T16:20:32","date_gmt":"2018-10-27T14:20:32","guid":{"rendered":"http:\/\/agora.xtec.cat\/escolafinestres\/?page_id=626"},"modified":"2025-09-25T18:16:44","modified_gmt":"2025-09-25T16:16:44","slug":"afa","status":"publish","type":"page","link":"https:\/\/agora.xtec.cat\/escolafinestres\/afa\/","title":{"rendered":"AFA"},"content":{"rendered":"<p>&nbsp;<\/p>\n<p><strong>BENVINGUDA<br \/>\n<\/strong><span style=\"font-weight: 400;\">Benvingudes a l&#8217;escola! Us presentem l&#8217;AFA, la nostra associaci\u00f3 de fam\u00edlies.<\/span><\/p>\n<p><b>Qui som?<br \/>\n<\/b><span style=\"font-weight: 400;\">Som les fam\u00edlies de l&#8217;escola p\u00fablica, catalana i rural del poble, que ens organitzem de forma volunt\u00e0ria i sense \u00e0nim de lucre al servei de la comunitat educativa.<\/span><\/p>\n<p><b>Qu\u00e8 ens mou?<br \/>\n<\/b><span style=\"font-weight: 400;\">Conscients del poder i del valor de la organitzaci\u00f3 de les fam\u00edlies<\/span> <span style=\"font-weight: 400;\">a l&#8217;escola,<\/span> <span style=\"font-weight: 400;\">participem en la construcci\u00f3 d&#8217;una comunitat educativa forta i viva per al creixement i aprenentatge de tots els seus membres.<\/span><\/p>\n<p><b>Qu\u00e8 fem?<br \/>\n<\/b><span style=\"font-weight: 400;\">L&#8217;activitat de la nostra associaci\u00f3 enriqueix el projecte educatiu de l&#8217;escola:<\/span><a href=\"https:\/\/agora.xtec.cat\/escolafinestres\/principis-missio-visio-i-valors\/\"> <span style=\"font-weight: 400;\">https:\/\/agora.xtec.cat\/escolafinestres\/principis-missio-visio-i-valors\/<\/span><\/a><span style=\"font-weight: 400;\">.<\/span><span style=\"font-weight: 400;\"> Les fam\u00edlies organitzades a trav\u00e9s de l&#8217;AFA fem possible diverses activitats:<\/span><\/p>\n<ul>\n<li><b><i>Activitats extraescolars<\/i><\/b><span style=\"font-weight: 400;\">: Organitzem diferents activitats extraescolars segons les necessitats i oportunitats que sorgeixen: nataci\u00f3, circ, m\u00fasica, art\u2026 Des del curs 21-22 algunes es coordinen amb l&#8217;AFA de Santa Pau, per oferir un ventall m\u00e9s ampli d&#8217;activitats i obrir un espai de trobada amb la mainada de diferents poblacions.<\/span><\/li>\n<li><b><i>La castanyada<\/i><\/b><span style=\"font-weight: 400;\">: Cada curs participem animant la festa de la tardor, per compartir en fam\u00edlia totes juntes. Busquem una castanyera que visita l&#8217;escola i torrem castanyes i moniatos per tothom.<\/span><\/li>\n<li><b><i>El Ti\u00f3 de l&#8217;escola<\/i><\/b><span style=\"font-weight: 400;\">: L&#8217;AFA fa una aportaci\u00f3 econ\u00f2mica per materials pedag\u00f2gics. Tamb\u00e9 donem un cop de m\u00e0 en la log\u00edstica d&#8217;aquest dia .<\/span><\/li>\n<li><b><i>Carnestoltes:<\/i><\/b> <span style=\"font-weight: 400;\">Participem de la Rua de Carnestoltes del poble i preparem alguna sorpresa per animar el recorregut. Tamb\u00e9 donem suport quan comen\u00e7a la festa per fer arribar a l&#8217;escola en Tom\u00e0s Esvalot i Sarau.<\/span><\/li>\n<li><b><i>Formaci\u00f3 per a pares i mares:<\/i><\/b> <span style=\"font-weight: 400;\">Proposem i organitzem una<\/span> <span style=\"font-weight: 400;\">oferta formativa per les mares i pares de l&#8217;escola, segons les necessitats o interessos de les fam\u00edlies. Debats, xerrades, tallers i activitats per construir coneixement i obrir espais i processos de reflexi\u00f3 conjunta sobre tem\u00e0tiques relacionades amb l\u2019educaci\u00f3 i la crian\u00e7a.<\/span><\/li>\n<li><b><i>Programa \u00abNeda a l&#8217;escola\u00bb<\/i><\/b><span style=\"font-weight: 400;\">: Els cursos 21-22\u00a0 i 22-23 vam participar<\/span><span style=\"font-weight: 400;\"> en el programa \u00abNeda a l&#8217;escola\u00bb de la Diputaci\u00f3 de Girona perqu\u00e8 l&#8217;alumnat pugui aprendre a nedar. Es va realitzar en el Club Nataci\u00f3 de Banyoles durant vuit setmanes en una sessi\u00f3 setmanal. S&#8217;ofertava com a volunt\u00e0ria a les fam\u00edlies per l&#8217;alumnat d&#8217;infantil i obligat\u00f2ria per a prim\u00e0ria. S&#8217;emmarcava dins el curr\u00edculum educatiu per l&#8217;alumnat de prim\u00e0ria.<\/span><\/li>\n<li><b><i>Projecte Pati<\/i><\/b><span style=\"font-weight: 400;\">: Des del curs 14-15 s&#8217;impulsa des de l&#8217;AFA un projecte de co-creaci\u00f3 dels espais d&#8217;aprenentatge i les estructures de joc del pati amb l&#8217;alumnat i les mestres per participar en el disseny i la construcci\u00f3 a trav\u00e9s de processos participatius.<\/span><\/li>\n<li><b><i>Projecte Art\u00edstic<\/i><\/b><span style=\"font-weight: 400;\">: Busquem i aportem recursos a l&#8217;escola en coordinaci\u00f3 amb les mestres per fomentar el desenvolupament de l&#8217;educaci\u00f3 art\u00edstica. Un dels \u00e0mbits espec\u00edfics \u00e9s la contribuci\u00f3 en les propostes que es presenten en els ambients d&#8217;aprenentatge.<\/span><\/li>\n<li><b><i>Ludoteca Can Mosquera<\/i><\/b><span style=\"font-weight: 400;\">: Participem en la creaci\u00f3 de l&#8217;espai de joc i trobada per la mainada del poble ubicat dins l&#8217;espai p\u00fablic de Can Mosquera.<\/span><\/li>\n<li><b><i>Festa de Fi de curs<\/i><\/b><span style=\"font-weight: 400;\">: Les fam\u00edlies de l&#8217;alumnat de 6\u00e8 contribueixen en la organitzaci\u00f3 de la festa en coordinaci\u00f3 amb les mestres per acomiadar el curs.<\/span><\/li>\n<li><b><i>Casal d&#8217;estiu: <\/i><\/b><span style=\"font-weight: 400;\">Des del curs 91-92 fem possible l&#8217;execuci\u00f3 d&#8217;un projecte de casal amb les monitores que l&#8217;organitzen, obert a tota la mainada de l&#8217;escola, del poble i poblacions ve\u00efnes que han cursat de P3 fins a 6\u00e8 aquell curs.<\/span><\/li>\n<\/ul>\n<p><span style=\"font-weight: 400;\">Des de l&#8217;AFA aportem tot aix\u00f2 i tamb\u00e9 moltes altres coses que passen cada curs:<\/span><\/p>\n<ul>\n<li style=\"font-weight: 400;\" aria-level=\"1\"><span style=\"font-weight: 400;\">Organitzem i\/o financem projectes, tallers, excursions, sortides i altres activitats puntuals amb la mainada i\/o en fam\u00edlia dins i fora de l&#8217;horari lectiu. <\/span><\/li>\n<li style=\"font-weight: 400;\" aria-level=\"1\"><span style=\"font-weight: 400;\">Contribu\u00efm a cobrir necessitats log\u00edstiques i materials concretes de l&#8217;escola de forma puntual.<\/span><\/li>\n<li style=\"font-weight: 400;\" aria-level=\"1\"><span style=\"font-weight: 400;\">Ens encarreguem del manteniment del pati i dels espais interiors de l\u2019escola conjuntament amb l\u2019Ajuntament.<\/span><\/li>\n<li style=\"font-weight: 400;\" aria-level=\"1\"><span style=\"font-weight: 400;\">Donem suport al model de jornada cont\u00ednua de la nostra escola amb el<\/span> <span style=\"font-weight: 400;\">100%<\/span> <span style=\"font-weight: 400;\">del suport de fam\u00edlies. I oferim els serveis que calgui a les fam\u00edlies per mantenir aquest horari escolar.<\/span><\/li>\n<li style=\"font-weight: 400;\" aria-level=\"1\"><span style=\"font-weight: 400;\">Ens mantenim dins la Comissi\u00f3 de Menjador, tot i que el servei el gestiona el Consell Comarcal de la Garrotxa des del curs 05-06.<\/span><\/li>\n<li style=\"font-weight: 400;\" aria-level=\"1\"><span style=\"font-weight: 400;\">Formem part del Consell Escolar i del Consell de Poble i hi participem de forma peri\u00f2dica.<\/span><\/li>\n<\/ul>\n<p><b>Com ho fem?<br \/>\n<\/b><span style=\"font-weight: 400;\">El nostre funcionament est\u00e0 basat en el voluntariat, el di\u00e0leg, el consens i el treball en equip de totes les fam\u00edlies que la conformem. Som una AFA molt activa amb m\u00e9s de trenta anys d&#8217;hist\u00f2ria. Us hi esperem! Si ens deixeu les vostres adreces de correu electr\u00f2nic ens posarem en contacte amb vosaltres per explicar-vos els detalls sobre com ho fem realitat.<\/span><\/p>\n<p>&nbsp;<\/p>\n<hr \/>\n<p><strong>CONTACTE<\/strong><br \/>\n<span style=\"font-size: large;\">Si voleu posar-vos en contacte amb l&#8217;AMiPA de l&#8217;escola Finestres, podeu enviar un correu a l&#8217;adre\u00e7a: <a href=\"mailto:amipaceipfinestres.mieres@gmail.com\"><span style=\"font-size: small;\">amipaceipfinestres.mieres<span class=\"\">@gmail.com<\/span><\/span><\/a><\/span><\/p>\n<p><a href=\"amipaceipfinestres.mieres@gmail.com\"><img loading=\"lazy\" decoding=\"async\" class=\"alignleft wp-image-1748\" src=\"https:\/\/agora.xtec.cat\/escolafinestres\/wp-content\/uploads\/usu1904\/2024\/06\/email-3.jpg-3-150x150.jpg\" alt=\"\" width=\"67\" height=\"50\" srcset=\"https:\/\/agora.xtec.cat\/escolafinestres\/wp-content\/uploads\/usu1904\/2024\/06\/email-3.jpg-3-300x225.jpg 300w, https:\/\/agora.xtec.cat\/escolafinestres\/wp-content\/uploads\/usu1904\/2024\/06\/email-3.jpg-3-768x576.jpg 768w, https:\/\/agora.xtec.cat\/escolafinestres\/wp-content\/uploads\/usu1904\/2024\/06\/email-3.jpg-3-200x150.jpg 200w, https:\/\/agora.xtec.cat\/escolafinestres\/wp-content\/uploads\/usu1904\/2024\/06\/email-3.jpg-3.jpg 866w\" sizes=\"auto, (max-width: 67px) 100vw, 67px\" \/><\/a><\/p>\n<p>&nbsp;<\/p>\n<p>&nbsp;<\/p>\n<p>&nbsp;<\/p>\n","protected":false},"excerpt":{"rendered":"<p>&nbsp;<br \/>\nBENVINGUDA<br \/>\nBenvingudes a l&#8217;escola! Us presentem l&#8217;AFA, la nostra associaci\u00f3 de fam\u00edlies.<br \/>\nQui som?<br \/>\nSom les fam\u00edlies de l&#8217;escola p\u00fablica, catalana i rural del poble, que ens organitzem de forma volunt\u00e0ria i sense \u00e0nim de lucre al servei de la comunitat educativa.<br \/>\nQu\u00e8 ens mou?<br \/>\nConscients del poder i del&hellip;  <a href=\"https:\/\/agora.xtec.cat\/escolafinestres\/afa\/\" title=\"Read AFA\">Llegeix m\u00e9s\u00bb<\/a><\/p>\n","protected":false},"author":1,"featured_media":0,"parent":0,"menu_order":0,"comment_status":"closed","ping_status":"closed","template":"","meta":{"_bbp_topic_count":0,"_bbp_reply_count":0,"_bbp_total_topic_count":0,"_bbp_total_reply_count":0,"_bbp_voice_count":0,"_bbp_anonymous_reply_count":0,"_bbp_topic_count_hidden":0,"_bbp_reply_count_hidden":0,"_bbp_forum_subforum_count":0,"footnotes":""},"class_list":["post-626","page","type-page","status-publish","hentry"],"post_mailing_queue_ids":[],"_links":{"self":[{"href":"https:\/\/agora.xtec.cat\/escolafinestres\/wp-json\/wp\/v2\/pages\/626","targetHints":{"allow":["GET"]}}],"collection":[{"href":"https:\/\/agora.xtec.cat\/escolafinestres\/wp-json\/wp\/v2\/pages"}],"about":[{"href":"https:\/\/agora.xtec.cat\/escolafinestres\/wp-json\/wp\/v2\/types\/page"}],"author":[{"embeddable":true,"href":"https:\/\/agora.xtec.cat\/escolafinestres\/wp-json\/wp\/v2\/users\/1"}],"replies":[{"embeddable":true,"href":"https:\/\/agora.xtec.cat\/escolafinestres\/wp-json\/wp\/v2\/comments?post=626"}],"version-history":[{"count":6,"href":"https:\/\/agora.xtec.cat\/escolafinestres\/wp-json\/wp\/v2\/pages\/626\/revisions"}],"predecessor-version":[{"id":1847,"href":"https:\/\/agora.xtec.cat\/escolafinestres\/wp-json\/wp\/v2\/pages\/626\/revisions\/1847"}],"wp:attachment":[{"href":"https:\/\/agora.xtec.cat\/escolafinestres\/wp-json\/wp\/v2\/media?parent=626"}],"curies":[{"name":"wp","href":"https:\/\/api.w.org\/{rel}","templated":true}]}}

<p>&nbsp;</p>
<p><strong>BENVINGUDA<br />
</strong><span style="font-weight: 400;">Benvingudes a l&#8217;escola! Us presentem l&#8217;AFA, la nostra associació de famílies.</span></p>
<p><b>Qui som?<br />
</b><span style="font-weight: 400;">Som les famílies de l&#8217;escola pública, catalana i rural del poble, que ens organitzem de forma voluntària i sense ànim de lucre al servei de la comunitat educativa.</span></p>
<p><b>Què ens mou?<br />
</b><span style="font-weight: 400;">Conscients del poder i del valor de la organització de les famílies</span> <span style="font-weight: 400;">a l&#8217;escola,</span> <span style="font-weight: 400;">participem en la construcció d&#8217;una comunitat educativa forta i viva per al creixement i aprenentatge de tots els seus membres.</span></p>
<p><b>Què fem?<br />
</b><span style="font-weight: 400;">L&#8217;activitat de la nostra associació enriqueix el projecte educatiu de l&#8217;escola:</span><a href="https://agora.xtec.cat/escolafinestres/principis-missio-visio-i-valors/"> <span style="font-weight: 400;">https://agora.xtec.cat/escolafinestres/principis-missio-visio-i-valors/</span></a><span style="font-weight: 400;">.</span><span style="font-weight: 400;"> Les famílies organitzades a través de l&#8217;AFA fem possible diverses activitats:</span></p>
<ul>
<li><b><i>Activitats extraescolars</i></b><span style="font-weight: 400;">: Organitzem diferents activitats extraescolars segons les necessitats i oportunitats que sorgeixen: natació, circ, música, art… Des del curs 21-22 algunes es coordinen amb l&#8217;AFA de Santa Pau, per oferir un ventall més ampli d&#8217;activitats i obrir un espai de trobada amb la mainada de diferents poblacions.</span></li>
<li><b><i>La castanyada</i></b><span style="font-weight: 400;">: Cada curs participem animant la festa de la tardor, per compartir en família totes juntes. Busquem una castanyera que visita l&#8217;escola i torrem castanyes i moniatos per tothom.</span></li>
<li><b><i>El Tió de l&#8217;escola</i></b><span style="font-weight: 400;">: L&#8217;AFA fa una aportació econòmica per materials pedagògics. També donem un cop de mà en la logística d&#8217;aquest dia .</span></li>
<li><b><i>Carnestoltes:</i></b> <span style="font-weight: 400;">Participem de la Rua de Carnestoltes del poble i preparem alguna sorpresa per animar el recorregut. També donem suport quan comença la festa per fer arribar a l&#8217;escola en Tomàs Esvalot i Sarau.</span></li>
<li><b><i>Formació per a pares i mares:</i></b> <span style="font-weight: 400;">Proposem i organitzem una</span> <span style="font-weight: 400;">oferta formativa per les mares i pares de l&#8217;escola, segons les necessitats o interessos de les famílies. Debats, xerrades, tallers i activitats per construir coneixement i obrir espais i processos de reflexió conjunta sobre temàtiques relacionades amb l’educació i la criança.</span></li>
<li><b><i>Programa «Neda a l&#8217;escola»</i></b><span style="font-weight: 400;">: Els cursos 21-22  i 22-23 vam participar</span><span style="font-weight: 400;"> en el programa «Neda a l&#8217;escola» de la Diputació de Girona perquè l&#8217;alumnat pugui aprendre a nedar. Es va realitzar en el Club Natació de Banyoles durant vuit setmanes en una sessió setmanal. S&#8217;ofertava com a voluntària a les famílies per l&#8217;alumnat d&#8217;infantil i obligatòria per a primària. S&#8217;emmarcava dins el currículum educatiu per l&#8217;alumnat de primària.</span></li>
<li><b><i>Projecte Pati</i></b><span style="font-weight: 400;">: Des del curs 14-15 s&#8217;impulsa des de l&#8217;AFA un projecte de co-creació dels espais d&#8217;aprenentatge i les estructures de joc del pati amb l&#8217;alumnat i les mestres per participar en el disseny i la construcció a través de processos participatius.</span></li>
<li><b><i>Projecte Artístic</i></b><span style="font-weight: 400;">: Busquem i aportem recursos a l&#8217;escola en coordinació amb les mestres per fomentar el desenvolupament de l&#8217;educació artística. Un dels àmbits específics és la contribució en les propostes que es presenten en els ambients d&#8217;aprenentatge.</span></li>
<li><b><i>Ludoteca Can Mosquera</i></b><span style="font-weight: 400;">: Participem en la creació de l&#8217;espai de joc i trobada per la mainada del poble ubicat dins l&#8217;espai públic de Can Mosquera.</span></li>
<li><b><i>Festa de Fi de curs</i></b><span style="font-weight: 400;">: Les famílies de l&#8217;alumnat de 6è contribueixen en la organització de la festa en coordinació amb les mestres per acomiadar el curs.</span></li>
<li><b><i>Casal d&#8217;estiu: </i></b><span style="font-weight: 400;">Des del curs 91-92 fem possible l&#8217;execució d&#8217;un projecte de casal amb les monitores que l&#8217;organitzen, obert a tota la mainada de l&#8217;escola, del poble i poblacions veïnes que han cursat de P3 fins a 6è aquell curs.</span></li>
</ul>
<p><span style="font-weight: 400;">Des de l&#8217;AFA aportem tot això i també moltes altres coses que passen cada curs:</span></p>
<ul>
<li style="font-weight: 400;" aria-level="1"><span style="font-weight: 400;">Organitzem i/o financem projectes, tallers, excursions, sortides i altres activitats puntuals amb la mainada i/o en família dins i fora de l&#8217;horari lectiu. </span></li>
<li style="font-weight: 400;" aria-level="1"><span style="font-weight: 400;">Contribuïm a cobrir necessitats logístiques i materials concretes de l&#8217;escola de forma puntual.</span></li>
<li style="font-weight: 400;" aria-level="1"><span style="font-weight: 400;">Ens encarreguem del manteniment del pati i dels espais interiors de l’escola conjuntament amb l’Ajuntament.</span></li>
<li style="font-weight: 400;" aria-level="1"><span style="font-weight: 400;">Donem suport al model de jornada contínua de la nostra escola amb el</span> <span style="font-weight: 400;">100%</span> <span style="font-weight: 400;">del suport de famílies. I oferim els serveis que calgui a les famílies per mantenir aquest horari escolar.</span></li>
<li style="font-weight: 400;" aria-level="1"><span style="font-weight: 400;">Ens mantenim dins la Comissió de Menjador, tot i que el servei el gestiona el Consell Comarcal de la Garrotxa des del curs 05-06.</span></li>
<li style="font-weight: 400;" aria-level="1"><span style="font-weight: 400;">Formem part del Consell Escolar i del Consell de Poble i hi participem de forma periòdica.</span></li>
</ul>
<p><b>Com ho fem?<br />
</b><span style="font-weight: 400;">El nostre funcionament està basat en el voluntariat, el diàleg, el consens i el treball en equip de totes les famílies que la conformem. Som una AFA molt activa amb més de trenta anys d&#8217;història. Us hi esperem! Si ens deixeu les vostres adreces de correu electrònic ens posarem en contacte amb vosaltres per explicar-vos els detalls sobre com ho fem realitat.</span></p>
<p>&nbsp;</p>
<hr />
<p><strong>CONTACTE</strong><br />
<span style="font-size: large;">Si voleu posar-vos en contacte amb l&#8217;AMiPA de l&#8217;escola Finestres, podeu enviar un correu a l&#8217;adreça: <a href="mailto:amipaceipfinestres.mieres@gmail.com"><span style="font-size: small;">amipaceipfinestres.mieres<span class="">@gmail.com</span></span></a></span></p>
<p><a href="amipaceipfinestres.mieres@gmail.com"><img loading="lazy" decoding="async" class="alignleft wp-image-1748" src="https://agora.xtec.cat/escolafinestres/wp-content/uploads/usu1904/2024/06/email-3.jpg-3-150x150.jpg" alt="" width="67" height="50" srcset="https://agora.xtec.cat/escolafinestres/wp-content/uploads/usu1904/2024/06/email-3.jpg-3-300x225.jpg 300w, https://agora.xtec.cat/escolafinestres/wp-content/uploads/usu1904/2024/06/email-3.jpg-3-768x576.jpg 768w, https://agora.xtec.cat/escolafinestres/wp-content/uploads/usu1904/2024/06/email-3.jpg-3-200x150.jpg 200w, https://agora.xtec.cat/escolafinestres/wp-content/uploads/usu1904/2024/06/email-3.jpg-3.jpg 866w" sizes="auto, (max-width: 67px) 100vw, 67px" /></a></p>
<p>&nbsp;</p>
<p>&nbsp;</p>
<p>&nbsp;</p>

<p>&nbsp;<br />
BENVINGUDA<br />
Benvingudes a l&#8217;escola! Us presentem l&#8217;AFA, la nostra associació de famílies.<br />
Qui som?<br />
Som les famílies de l&#8217;escola pública, catalana i rural del poble, que ens organitzem de forma voluntària i sense ànim de lucre al servei de la comunitat educativa.<br />
Què ens mou?<br />
Conscients del poder i del&hellip;  <a href="https://agora.xtec.cat/escolafinestres/afa/" title="Read AFA">Llegeix més»</a></p>
