{"id":1404,"date":"2023-10-25T19:58:05","date_gmt":"2023-10-25T17:58:05","guid":{"rendered":"https:\/\/agora.xtec.cat\/escolafinestres\/?page_id=1404"},"modified":"2024-09-10T19:48:48","modified_gmt":"2024-09-10T17:48:48","slug":"menjador","status":"publish","type":"page","link":"https:\/\/agora.xtec.cat\/escolafinestres\/serveis-2\/menjador\/","title":{"rendered":"Servei de menjador"},"content":{"rendered":"<p>El servei de menjador escolar\u00a0 est\u00e0 gestionat pel Consell Comarcal de la Garrotxa.<\/p>\n<p>L&#8217;estona de menjador comen\u00e7a a les 14 h i acaba a les 16 h.<\/p>\n<p>En el seg\u00fcent enlla\u00e7 trobareu aquella informaci\u00f3 publicada pel Consell Comarcal de la Garrotxa.<a href=\"https:\/\/www.garrotxa.cat\/arees\/educacio-i-joventut\/menjador-infantil-i-primaria\/\"><img loading=\"lazy\" decoding=\"async\" class=\"wp-image-1661 alignleft\" src=\"https:\/\/agora.xtec.cat\/escolafinestres\/wp-content\/uploads\/usu1904\/2024\/01\/Captura-consell-comarcal-1024x328.jpg\" alt=\"\" width=\"431\" height=\"138\" srcset=\"https:\/\/agora.xtec.cat\/escolafinestres\/wp-content\/uploads\/usu1904\/2024\/01\/Captura-consell-comarcal-1024x328.jpg 1024w, https:\/\/agora.xtec.cat\/escolafinestres\/wp-content\/uploads\/usu1904\/2024\/01\/Captura-consell-comarcal-300x96.jpg 300w, https:\/\/agora.xtec.cat\/escolafinestres\/wp-content\/uploads\/usu1904\/2024\/01\/Captura-consell-comarcal-768x246.jpg 768w, https:\/\/agora.xtec.cat\/escolafinestres\/wp-content\/uploads\/usu1904\/2024\/01\/Captura-consell-comarcal-1536x492.jpg 1536w, https:\/\/agora.xtec.cat\/escolafinestres\/wp-content\/uploads\/usu1904\/2024\/01\/Captura-consell-comarcal.jpg 1723w\" sizes=\"auto, (max-width: 431px) 100vw, 431px\" \/><\/a><\/p>\n<p>&nbsp;<\/p>\n<p>&nbsp;<\/p>\n","protected":false},"excerpt":{"rendered":"<p>El servei de menjador escolar\u00a0 est\u00e0 gestionat pel Consell Comarcal de la Garrotxa.<br \/>\nL&#8217;estona de menjador comen\u00e7a a les 14 h i acaba a les 16 h.<br \/>\nEn el seg\u00fcent enlla\u00e7 trobareu aquella informaci\u00f3 publicada pel Consell Comarcal de la Garrotxa.<a href=\"https:\/\/www.garrotxa.cat\/arees\/educacio-i-joventut\/menjador-infantil-i-primaria\/\"><\/a><br \/>\n&nbsp;<br \/>\n&nbsp;<\/p>\n","protected":false},"author":1,"featured_media":0,"parent":1549,"menu_order":0,"comment_status":"closed","ping_status":"closed","template":"","meta":{"_bbp_topic_count":0,"_bbp_reply_count":0,"_bbp_total_topic_count":0,"_bbp_total_reply_count":0,"_bbp_voice_count":0,"_bbp_anonymous_reply_count":0,"_bbp_topic_count_hidden":0,"_bbp_reply_count_hidden":0,"_bbp_forum_subforum_count":0,"footnotes":""},"class_list":["post-1404","page","type-page","status-publish","hentry"],"post_mailing_queue_ids":[],"_links":{"self":[{"href":"https:\/\/agora.xtec.cat\/escolafinestres\/wp-json\/wp\/v2\/pages\/1404","targetHints":{"allow":["GET"]}}],"collection":[{"href":"https:\/\/agora.xtec.cat\/escolafinestres\/wp-json\/wp\/v2\/pages"}],"about":[{"href":"https:\/\/agora.xtec.cat\/escolafinestres\/wp-json\/wp\/v2\/types\/page"}],"author":[{"embeddable":true,"href":"https:\/\/agora.xtec.cat\/escolafinestres\/wp-json\/wp\/v2\/users\/1"}],"replies":[{"embeddable":true,"href":"https:\/\/agora.xtec.cat\/escolafinestres\/wp-json\/wp\/v2\/comments?post=1404"}],"version-history":[{"count":6,"href":"https:\/\/agora.xtec.cat\/escolafinestres\/wp-json\/wp\/v2\/pages\/1404\/revisions"}],"predecessor-version":[{"id":1771,"href":"https:\/\/agora.xtec.cat\/escolafinestres\/wp-json\/wp\/v2\/pages\/1404\/revisions\/1771"}],"up":[{"embeddable":true,"href":"https:\/\/agora.xtec.cat\/escolafinestres\/wp-json\/wp\/v2\/pages\/1549"}],"wp:attachment":[{"href":"https:\/\/agora.xtec.cat\/escolafinestres\/wp-json\/wp\/v2\/media?parent=1404"}],"curies":[{"name":"wp","href":"https:\/\/api.w.org\/{rel}","templated":true}]}}

<p>El servei de menjador escolar  està gestionat pel Consell Comarcal de la Garrotxa.</p>
<p>L&#8217;estona de menjador comença a les 14 h i acaba a les 16 h.</p>
<p>En el següent enllaç trobareu aquella informació publicada pel Consell Comarcal de la Garrotxa.<a href="https://www.garrotxa.cat/arees/educacio-i-joventut/menjador-infantil-i-primaria/"><img loading="lazy" decoding="async" class="wp-image-1661 alignleft" src="https://agora.xtec.cat/escolafinestres/wp-content/uploads/usu1904/2024/01/Captura-consell-comarcal-1024x328.jpg" alt="" width="431" height="138" srcset="https://agora.xtec.cat/escolafinestres/wp-content/uploads/usu1904/2024/01/Captura-consell-comarcal-1024x328.jpg 1024w, https://agora.xtec.cat/escolafinestres/wp-content/uploads/usu1904/2024/01/Captura-consell-comarcal-300x96.jpg 300w, https://agora.xtec.cat/escolafinestres/wp-content/uploads/usu1904/2024/01/Captura-consell-comarcal-768x246.jpg 768w, https://agora.xtec.cat/escolafinestres/wp-content/uploads/usu1904/2024/01/Captura-consell-comarcal-1536x492.jpg 1536w, https://agora.xtec.cat/escolafinestres/wp-content/uploads/usu1904/2024/01/Captura-consell-comarcal.jpg 1723w" sizes="auto, (max-width: 431px) 100vw, 431px" /></a></p>
<p>&nbsp;</p>
<p>&nbsp;</p>

<p>El servei de menjador escolar  està gestionat pel Consell Comarcal de la Garrotxa.<br />
L&#8217;estona de menjador comença a les 14 h i acaba a les 16 h.<br />
En el següent enllaç trobareu aquella informació publicada pel Consell Comarcal de la Garrotxa.<a href="https://www.garrotxa.cat/arees/educacio-i-joventut/menjador-infantil-i-primaria/"></a><br />
&nbsp;<br />
&nbsp;</p>
