{"id":30,"date":"2014-09-18T12:30:23","date_gmt":"2014-09-18T12:30:23","guid":{"rendered":"http:\/\/agora.xtec.cat\/escolafeliuivegues\/?page_id=30"},"modified":"2024-02-08T11:12:20","modified_gmt":"2024-02-08T10:12:20","slug":"instal%c2%b7lacions","status":"publish","type":"page","link":"https:\/\/agora.xtec.cat\/escolafeliuivegues\/lescola\/instal%c2%b7lacions\/","title":{"rendered":"Instal\u00b7lacions"},"content":{"rendered":"<p>La nostra escola compta amb m\u00faltiples espais:<\/p>\n<p><strong>Biblioteca:<\/strong> La Biblioteca de l&#8217;escola \u00e9s un espai pensat perqu\u00e8 els alumnes mirin, llegeixin i consultin els llibres. Tenim m\u00e9s de 5000 volums, catalogats seguint els criteris de la Classificaci\u00f3 Decimal Universal. A m\u00e9s a m\u00e9s compta amb un ordinador, un projector i una PDI.<\/p>\n<p><strong>Gimn\u00e0s:<\/strong> El Gimn\u00e0s \u00e9s ampli i espai\u00f3s. Est\u00e0 equipat amb materials adequats per poder desenvolupar l&#8217;\u00c0rea d&#8217;Educaci\u00f3 F\u00edsica i algunes activitats extra-escolars.A m\u00e9s a m\u00e9s l&#8217;utilitzem per actes col\u00b7lectius com el Concert de Nadal, obres de teatre, musicals, &#8230;<\/p>\n<p><strong>Aula de Psicomotricitat:<\/strong> L&#8217;Aula de Psicomotricitat complementa el gimn\u00e0s i est\u00e0 pensada i preparada per al treball psicomotriu dels m\u00e9s menuts de l&#8217;escola. Compta amb materials diversos i el terra \u00e9s de suro. Habitualment la utilitzen els m\u00e9s petits de l&#8217;escola.<\/p>\n<p><strong>Aules d\u2019inform\u00e0tica:<\/strong> Actualment disposem d&#8217;1 Aula d&#8217;Inform\u00e0tica amb ordinadors, esc\u00e0ner i impressores i molts ordinadors port\u00e0tils i tablets amb el que podem treballar des de qualsevol aula de l&#8217;escola.<\/p>\n<p><strong>Aules dels alumnes:<\/strong> A cada classe des de P-3 fins a 6\u00e8 totes amb\u00a0 PDI.<\/p>\n<p><strong>Aules d\u2019acollida:<\/strong>\u00c9s on es\u00a0 fa el\u00a0 suport als alumnes nouvinguts perqu\u00e8 puguin aprendre amb major rapidesa la llengua catalana.<\/p>\n<p><strong>Aules d\u2019angl\u00e8s:<\/strong> Aquests espais permeten fer un treball de refor\u00e7ament de l&#8217;aprenentatge de l&#8217;angl\u00e8s amb diversitat de materials de suport i faciliten l&#8217;audici\u00f3 i la producci\u00f3 del llenguatge. Compten amb un ordinador, un projector i una pantalla,encara que actualment s&#8217;utilitza l&#8217;AO.<\/p>\n<p><strong>Aula de m\u00fasica:<\/strong> L&#8217;Aula de M\u00fasica est\u00e0 preparada per poder-hi fer les classes de m\u00fasica. Compta amb un equip hi-fi, varietat d&#8217;instruments i discos compactes. A m\u00e9s a m\u00e9s hi ha un ordinador, un projector i una pantalla.<\/p>\n<p><strong>Aula d&#8217;\u00c0udiovisuals:<\/strong> L&#8217;Aula d&#8217;\u00c0udiovisuals compta amb un ordinador, un projector i una pantalla que ens permet veure v\u00eddeos i documentals. Tamb\u00e9 hi ha un equip de m\u00fasica amb el que podem fer audicions i ballar danses.<\/p>\n<p><strong>Aula de la caseta: <\/strong>L&#8217;Aula de la caseta \u00e9s un espai on els alumnes d&#8217;educaci\u00f3 infantil fan un taller de joc simb\u00f2lic. Als nens i nenes m\u00e9s petits els agrada molt anar a \u201cLa caseta del Feliu\u201d.<\/p>\n<p><strong>Aules de suport i grups flexibles:<\/strong> Tenim diverses aules que permeten fer diferents agrupaments amb els alumnes; aix\u00ed de vegades fem un suport a alumnes amb dificultats d&#8217;aprenentatge i d&#8217;altres treballem agrupant alumnes de dues o m\u00e9s classes. Tamb\u00e9 les utilitzem per fer alguns tallers de pl\u00e0stica.<\/p>\n<p><strong>Pati:<\/strong> El pati de l&#8217;escola \u00e9s molt gran i ens permet jugar a l&#8217;hora d&#8217;esbarjo.Hi fem algunes classes d&#8217;educaci\u00f3 f\u00edsica. A m\u00e9s a m\u00e9s hi celebrem molts actes com el Carnaval, balls, partits de competici\u00f3, &#8230;<\/p>\n<p><strong>Pati Infantil:<\/strong> Educaci\u00f3 Infantil disposa d&#8217;un petit pati amb sorra adequat pels nens i nenes m\u00e9s petits.<\/p>\n<p><strong>Menjador amb cuina pr\u00f2pia:<\/strong> La nostra escola disposa del servei de Menjador. A la cuina es prepara di\u00e0riament el dinar dels alumnes que utilitzen aquest servei. Al migdia els alumnes que es queden a dinar a l&#8217;escola estan atesos per monitors\/es, tant en el temps de menjar, com en el temps d&#8217;esbarjo. S&#8217;organitzen activitats que permeten als alumnes aprofitar el temps de lleure.<\/p>\n","protected":false},"excerpt":{"rendered":"<p>La nostra escola compta amb m\u00faltiples espais:<br \/>\nBiblioteca: La Biblioteca de l&#8217;escola \u00e9s un espai pensat perqu\u00e8 els alumnes mirin, llegeixin i consultin els llibres. Tenim m\u00e9s de 5000 volums, catalogats seguint els criteris de la Classificaci\u00f3 Decimal Universal. A m\u00e9s a m\u00e9s compta amb un&hellip;  <a href=\"https:\/\/agora.xtec.cat\/escolafeliuivegues\/lescola\/instal%c2%b7lacions\/\" title=\"Read Instal\u00b7lacions\">Llegeix m\u00e9s\u00bb<\/a><\/p>\n","protected":false},"author":2,"featured_media":0,"parent":22,"menu_order":40,"comment_status":"closed","ping_status":"closed","template":"page-templates\/side-menu.php","meta":{"_bbp_topic_count":0,"_bbp_reply_count":0,"_bbp_total_topic_count":0,"_bbp_total_reply_count":0,"_bbp_voice_count":0,"_bbp_anonymous_reply_count":0,"_bbp_topic_count_hidden":0,"_bbp_reply_count_hidden":0,"_bbp_forum_subforum_count":0,"footnotes":""},"class_list":["post-30","page","type-page","status-publish","hentry"],"post_mailing_queue_ids":[],"_links":{"self":[{"href":"https:\/\/agora.xtec.cat\/escolafeliuivegues\/wp-json\/wp\/v2\/pages\/30","targetHints":{"allow":["GET"]}}],"collection":[{"href":"https:\/\/agora.xtec.cat\/escolafeliuivegues\/wp-json\/wp\/v2\/pages"}],"about":[{"href":"https:\/\/agora.xtec.cat\/escolafeliuivegues\/wp-json\/wp\/v2\/types\/page"}],"author":[{"embeddable":true,"href":"https:\/\/agora.xtec.cat\/escolafeliuivegues\/wp-json\/wp\/v2\/users\/2"}],"replies":[{"embeddable":true,"href":"https:\/\/agora.xtec.cat\/escolafeliuivegues\/wp-json\/wp\/v2\/comments?post=30"}],"version-history":[{"count":5,"href":"https:\/\/agora.xtec.cat\/escolafeliuivegues\/wp-json\/wp\/v2\/pages\/30\/revisions"}],"predecessor-version":[{"id":11296,"href":"https:\/\/agora.xtec.cat\/escolafeliuivegues\/wp-json\/wp\/v2\/pages\/30\/revisions\/11296"}],"up":[{"embeddable":true,"href":"https:\/\/agora.xtec.cat\/escolafeliuivegues\/wp-json\/wp\/v2\/pages\/22"}],"wp:attachment":[{"href":"https:\/\/agora.xtec.cat\/escolafeliuivegues\/wp-json\/wp\/v2\/media?parent=30"}],"curies":[{"name":"wp","href":"https:\/\/api.w.org\/{rel}","templated":true}]}}