{"id":36,"date":"2014-09-18T12:33:11","date_gmt":"2014-09-18T11:33:11","guid":{"rendered":"http:\/\/agora.xtec.cat\/escolafanalsdaro\/?page_id=36"},"modified":"2024-01-25T14:50:38","modified_gmt":"2024-01-25T13:50:38","slug":"material-escolar","status":"publish","type":"page","link":"https:\/\/agora.xtec.cat\/escolafanalsdaro\/lescola\/material-escolar\/","title":{"rendered":"Trets d&#8217;identitat"},"content":{"rendered":"<p class=\"CDt4Ke zfr3Q\" dir=\"ltr\"><span class=\" K23j9\"><em><strong>QUI SOM?<\/strong><\/em><\/span><\/p>\n<p class=\"CDt4Ke zfr3Q\" dir=\"ltr\"><strong>L\u2019ESCOLA FANALS D\u2019ARO <\/strong>\u00e9s una escola d\u2019Educaci\u00f3 Infantil i Prim\u00e0ria de nova creaci\u00f3 a Platja d\u2019Aro. Consta d\u2019una l\u00ednia; pel curs 2020-2021 tindr\u00e0 tres aules a Infantil: P3, P4 i P5 i sis a Prim\u00e0ria: de 1r a 6\u00e8.<\/p>\n<p class=\"CDt4Ke zfr3Q\" dir=\"ltr\">Formem part del projecte d\u2019Excel\u00b7l\u00e8ncia de la Vall d\u2019Aro des de l\u2019any 2010.<\/p>\n<p class=\"CDt4Ke zfr3Q\" dir=\"ltr\">Actualment som de les escoles que estem dins del pla experimental de jornada continuada.<\/p>\n<p class=\"CDt4Ke zfr3Q\" dir=\"ltr\">Ens definim com una escola <strong>activa, familiar, acollidora i innovadora en la metodologia.<\/strong><\/p>\n<p class=\"CDt4Ke zfr3Q\" dir=\"ltr\"><span class=\" K23j9\"><em><strong> QU\u00c8 VOLEM?<\/strong><\/em><\/span><\/p>\n<p class=\"CDt4Ke zfr3Q\" dir=\"ltr\"><strong>Que els nens i les nenes siguin PROTAGONISTES DEL SEU APRENENTATGE<\/strong> a trav\u00e9s de generar:<\/p>\n<p class=\"CDt4Ke zfr3Q\" dir=\"ltr\">&#8230;..<strong>clima afectiu<\/strong> i d\u2019afecte , respecte i confian\u00e7a<\/p>\n<p class=\"CDt4Ke zfr3Q\" dir=\"ltr\">&#8230;.<strong>respecte els diferents ritmes<\/strong> d\u2019aprenentatge<\/p>\n<p class=\"CDt4Ke zfr3Q\" dir=\"ltr\">&#8230;<strong>di\u00e0leg i reflexi\u00f3<\/strong> col\u00b7lectiva<\/p>\n<p class=\"CDt4Ke zfr3Q\" dir=\"ltr\">&#8230;<strong>treball individual i col\u00b7lectiu<\/strong>, en petit grup o gran grup.<\/p>\n<p class=\"CDt4Ke zfr3Q\" dir=\"ltr\">&#8230;.<strong>construcci\u00f3 progressiva<\/strong> dels aprenentatges.<\/p>\n<p class=\"CDt4Ke zfr3Q\" dir=\"ltr\">&#8230;.<strong>l\u2019error i el conflicte, eines d\u2019aprenentatge<\/strong><\/p>\n<p class=\"CDt4Ke zfr3Q\" dir=\"ltr\">&#8230;.<strong>gust per aprendre<\/strong> i satisfacci\u00f3 per la feina ben feta.<\/p>\n<p class=\"CDt4Ke zfr3Q\" dir=\"ltr\">&#8230;.<strong>autoavaluaci\u00f3 integrada<\/strong> a la tasca di\u00e0ria.<\/p>\n<p class=\"CDt4Ke zfr3Q\" dir=\"ltr\">&#8230;.<strong>valoraci\u00f3 i acceptaci\u00f3 de la diversitat<\/strong><\/p>\n<p class=\"CDt4Ke zfr3Q\" dir=\"ltr\">&#8230;.<strong>treball diversificat<\/strong> a l\u2019aula.<\/p>\n<p class=\"CDt4Ke zfr3Q\" dir=\"ltr\">&#8230;<strong>interacci\u00f3 entre diferents<\/strong> grups i adults<\/p>\n<p class=\"CDt4Ke zfr3Q\" dir=\"ltr\">&#8230;estrat\u00e8gies d\u2019aprenentatge per <strong>guanyar autonomia.<\/strong><\/p>\n<p class=\"CDt4Ke zfr3Q\" dir=\"ltr\">&#8230;activitats que parteixen dels seus <strong>coneixements previs<\/strong>.<\/p>\n<p class=\"CDt4Ke zfr3Q\" dir=\"ltr\"><span class=\" K23j9\"><em><strong>COM HO FEM?<\/strong><\/em><\/span><\/p>\n<p class=\"CDt4Ke zfr3Q\" dir=\"ltr\"><em><strong>A trav\u00e9s de diverses metodologies de treball:<\/strong><\/em><\/p>\n<p class=\"CDt4Ke zfr3Q\" dir=\"ltr\">&#8211; <em><strong>L\u00cdNIA D\u2019ESCOLA: <\/strong><\/em><em>coordinaci\u00f3, metodologia, agrupaments&#8230;iguals al llarg de tota l\u2019escolaritat<\/em><\/p>\n<p class=\"CDt4Ke zfr3Q\" dir=\"ltr\">&#8211; <strong>MICROAMBIENTS <\/strong><em>a Infantil<\/em><strong> i PLA DE TREBALL<\/strong> <em>des 1r fins a 6\u00e8, amb dos mestres a l\u2019aula.<\/em><\/p>\n<p class=\"CDt4Ke zfr3Q\" dir=\"ltr\">&#8211; <em><strong>TREBALL PER PROJECTES A MEDI<\/strong><\/em><\/p>\n<p class=\"CDt4Ke zfr3Q\" dir=\"ltr\">&#8211; <em><strong>TREBALL AMB PETIT GRUP.<\/strong><\/em><\/p>\n<p class=\"CDt4Ke zfr3Q\" dir=\"ltr\">&#8211; <em><strong>TREBALL DE NOVES TECNOLOGIES INTEGRADES A L&#8217;AULA <\/strong><\/em><em>des de P3 fins a 6\u00e8<\/em><\/p>\n<p class=\"CDt4Ke zfr3Q\" dir=\"ltr\">&#8211; <em><strong>ANGL\u00c8S i M\u00daSICA <\/strong><\/em><em>des de P3 fins a 6\u00e8<\/em><\/p>\n<p class=\"CDt4Ke zfr3Q\" dir=\"ltr\">&#8211; <em><strong>PSICOMOTRICITAT I ED. F\u00cdSICA <\/strong><\/em><em>1,5 h a la setmana amb suport d\u2019un monitor.<\/em><\/p>\n<p class=\"CDt4Ke zfr3Q\" dir=\"ltr\">&#8211; <em><strong>TREBALL EXPERIMENTAL AL LABORATORI<\/strong><\/em><\/p>\n<p class=\"CDt4Ke zfr3Q\" dir=\"ltr\">&#8211; <em><strong>DINAMITZACI\u00d3 I PR\u00c9STEC DE BIBLIOTECA ESCOLAR<\/strong><\/em><\/p>\n<p class=\"CDt4Ke zfr3Q\" dir=\"ltr\">&#8211; <em><strong>TREBALL D\u2019ACCI\u00d3 TUTORIAL I CONVIV\u00c8NCIA <\/strong><\/em><em>a trav\u00e9s de les assemblees d\u2019aula i del projecte de petites tutories.<\/em><\/p>\n<p class=\"CDt4Ke zfr3Q\" dir=\"ltr\">&#8211; <em><strong>MATERIAL COMPARTIT <\/strong><\/em><em>al llarg de tota l\u2019escolaritat, reciclatext. <\/em><em>Estoig individual de 3r a 6\u00e8<\/em><\/p>\n","protected":false},"excerpt":{"rendered":"<p>QUI SOM? L\u2019ESCOLA FANALS D\u2019ARO \u00e9s una escola d\u2019Educaci\u00f3 Infantil i Prim\u00e0ria de nova creaci\u00f3 a Platja d\u2019Aro. Consta d\u2019una [&hellip;]<\/p>\n","protected":false},"author":1,"featured_media":0,"parent":22,"menu_order":70,"comment_status":"closed","ping_status":"closed","template":"page-templates\/side-menu.php","meta":{"_bbp_topic_count":0,"_bbp_reply_count":0,"_bbp_total_topic_count":0,"_bbp_total_reply_count":0,"_bbp_voice_count":0,"_bbp_anonymous_reply_count":0,"_bbp_topic_count_hidden":0,"_bbp_reply_count_hidden":0,"_bbp_forum_subforum_count":0,"site-sidebar-layout":"default","site-content-layout":"","ast-site-content-layout":"","site-content-style":"default","site-sidebar-style":"default","ast-global-header-display":"","ast-banner-title-visibility":"","ast-main-header-display":"","ast-hfb-above-header-display":"","ast-hfb-below-header-display":"","ast-hfb-mobile-header-display":"","site-post-title":"","ast-breadcrumbs-content":"","ast-featured-img":"","footer-sml-layout":"","theme-transparent-header-meta":"","adv-header-id-meta":"","stick-header-meta":"","header-above-stick-meta":"","header-main-stick-meta":"","header-below-stick-meta":"","astra-migrate-meta-layouts":"default","ast-page-background-enabled":"default","ast-page-background-meta":{"desktop":{"background-color":"var(--ast-global-color-4)","background-image":"","background-repeat":"repeat","background-position":"center center","background-size":"auto","background-attachment":"scroll","background-type":"","background-media":"","overlay-type":"","overlay-color":"","overlay-opacity":"","overlay-gradient":""},"tablet":{"background-color":"","background-image":"","background-repeat":"repeat","background-position":"center center","background-size":"auto","background-attachment":"scroll","background-type":"","background-media":"","overlay-type":"","overlay-color":"","overlay-opacity":"","overlay-gradient":""},"mobile":{"background-color":"","background-image":"","background-repeat":"repeat","background-position":"center center","background-size":"auto","background-attachment":"scroll","background-type":"","background-media":"","overlay-type":"","overlay-color":"","overlay-opacity":"","overlay-gradient":""}},"ast-content-background-meta":{"desktop":{"background-color":"var(--ast-global-color-5)","background-image":"","background-repeat":"repeat","background-position":"center center","background-size":"auto","background-attachment":"scroll","background-type":"","background-media":"","overlay-type":"","overlay-color":"","overlay-opacity":"","overlay-gradient":""},"tablet":{"background-color":"var(--ast-global-color-5)","background-image":"","background-repeat":"repeat","background-position":"center center","background-size":"auto","background-attachment":"scroll","background-type":"","background-media":"","overlay-type":"","overlay-color":"","overlay-opacity":"","overlay-gradient":""},"mobile":{"background-color":"var(--ast-global-color-5)","background-image":"","background-repeat":"repeat","background-position":"center center","background-size":"auto","background-attachment":"scroll","background-type":"","background-media":"","overlay-type":"","overlay-color":"","overlay-opacity":"","overlay-gradient":""}},"footnotes":""},"class_list":["post-36","page","type-page","status-publish","hentry"],"post_mailing_queue_ids":[],"_links":{"self":[{"href":"https:\/\/agora.xtec.cat\/escolafanalsdaro\/wp-json\/wp\/v2\/pages\/36","targetHints":{"allow":["GET"]}}],"collection":[{"href":"https:\/\/agora.xtec.cat\/escolafanalsdaro\/wp-json\/wp\/v2\/pages"}],"about":[{"href":"https:\/\/agora.xtec.cat\/escolafanalsdaro\/wp-json\/wp\/v2\/types\/page"}],"author":[{"embeddable":true,"href":"https:\/\/agora.xtec.cat\/escolafanalsdaro\/wp-json\/wp\/v2\/users\/1"}],"replies":[{"embeddable":true,"href":"https:\/\/agora.xtec.cat\/escolafanalsdaro\/wp-json\/wp\/v2\/comments?post=36"}],"version-history":[{"count":1,"href":"https:\/\/agora.xtec.cat\/escolafanalsdaro\/wp-json\/wp\/v2\/pages\/36\/revisions"}],"predecessor-version":[{"id":544,"href":"https:\/\/agora.xtec.cat\/escolafanalsdaro\/wp-json\/wp\/v2\/pages\/36\/revisions\/544"}],"up":[{"embeddable":true,"href":"https:\/\/agora.xtec.cat\/escolafanalsdaro\/wp-json\/wp\/v2\/pages\/22"}],"wp:attachment":[{"href":"https:\/\/agora.xtec.cat\/escolafanalsdaro\/wp-json\/wp\/v2\/media?parent=36"}],"curies":[{"name":"wp","href":"https:\/\/api.w.org\/{rel}","templated":true}]}}