{"id":864,"date":"2022-01-19T02:27:04","date_gmt":"2022-01-19T01:27:04","guid":{"rendered":"https:\/\/agora.xtec.cat\/escolafalguera\/?page_id=864"},"modified":"2026-02-24T00:46:47","modified_gmt":"2026-02-23T23:46:47","slug":"preinscripcio-i-matricula","status":"publish","type":"page","link":"https:\/\/agora.xtec.cat\/escolafalguera\/projecte-educatiu\/preinscripcio-i-matricula\/","title":{"rendered":"Preinscripci\u00f3 i matr\u00edcula"},"content":{"rendered":"\n<div id=\"id6\" class=\"style_SkipStroke_5 shape-with-text\">\n<div class=\"text-content graphic_textbox_layout_style_default_External_313_150\">\n<figure><\/figure>\n<div class=\"graphic_textbox_layout_style_default\">\n<h1 class=\"paragraph_style_2\" style=\"text-align: center;\">Aqu\u00ed teniu acc\u00e9s a la informaci\u00f3 sobre preinscripci\u00f3 i matr\u00edcula.<\/h1>\n<h1 style=\"text-align: center;\">El per\u00edode de &nbsp;preinscripci\u00f3 \u00e9s<a href=\"https:\/\/drive.google.com\/drive\/folders\/1fcj1wKYWKgYwMTSXXOPG6BGWAC06vKHC\" target=\"_blank\" rel=\"noopener\"><span style=\"color: #99cc00;\"> del 4<\/span><span style=\"color: #99cc00;\"> al 18 de mar\u00e7<\/span><\/a>.<a href=\"https:\/\/drive.google.com\/drive\/folders\/1fcj1wKYWKgYwMTSXXOPG6BGWAC06vKHC\" target=\"_blank\" rel=\"noopener\"><br><\/a><\/h1>\n<\/div>\n<\/div>\n<\/div>\n\n\n\n<div class=\"wp-block-getwid-image-box getwid-animation has-text-center has-mobile-layout-default has-mobile-alignment-default\" data-animation=\"flash\"><div class=\"wp-block-getwid-image-box__image-container is-position-top\"><a href=\"https:\/\/drive.google.com\/drive\/folders\/1fcj1wKYWKgYwMTSXXOPG6BGWAC06vKHC\" target=\"_blank\" rel=\"noreferrer noopener\" class=\"wp-block-getwid-image-box__image-wrapper\"><img loading=\"lazy\" decoding=\"async\" width=\"2456\" height=\"520\" src=\"https:\/\/agora.xtec.cat\/escolafalguera\/wp-content\/uploads\/usu2427\/2026\/02\/preinscripcio-go-to.png\" alt=\"\" class=\"wp-block-getwid-image-box__image wp-image-3791\" srcset=\"https:\/\/agora.xtec.cat\/escolafalguera\/wp-content\/uploads\/usu2427\/2026\/02\/preinscripcio-go-to.png 2456w, https:\/\/agora.xtec.cat\/escolafalguera\/wp-content\/uploads\/usu2427\/2026\/02\/preinscripcio-go-to-300x64.png 300w, https:\/\/agora.xtec.cat\/escolafalguera\/wp-content\/uploads\/usu2427\/2026\/02\/preinscripcio-go-to-1024x217.png 1024w, https:\/\/agora.xtec.cat\/escolafalguera\/wp-content\/uploads\/usu2427\/2026\/02\/preinscripcio-go-to-768x163.png 768w, https:\/\/agora.xtec.cat\/escolafalguera\/wp-content\/uploads\/usu2427\/2026\/02\/preinscripcio-go-to-1536x325.png 1536w, https:\/\/agora.xtec.cat\/escolafalguera\/wp-content\/uploads\/usu2427\/2026\/02\/preinscripcio-go-to-2048x434.png 2048w\" sizes=\"auto, (max-width: 2456px) 100vw, 2456px\" \/><\/a><\/div><div class=\"wp-block-getwid-image-box__content\">\n<h3 class=\"wp-block-heading\"><\/h3>\n\n\n\n<p><\/p>\n<\/div><\/div>\n\n\n\n<hr class=\"wp-block-separator has-alpha-channel-opacity\"\/>\n\n\n\n<p class=\"has-large-font-size\">Jornada de Portes Obertes:<\/p>\n\n\n\n<div class=\"wp-block-getwid-image-box getwid-animation has-text-center has-mobile-layout-default has-mobile-alignment-default\" data-animation=\"flash\"><div class=\"wp-block-getwid-image-box__image-container is-position-top\"><a href=\"https:\/\/agora.xtec.cat\/escolafalguera\/projecte-educatiu\/portes-obertes\/\" class=\"wp-block-getwid-image-box__image-wrapper\"><img loading=\"lazy\" decoding=\"async\" width=\"1640\" height=\"1220\" src=\"https:\/\/agora.xtec.cat\/escolafalguera\/wp-content\/uploads\/usu2427\/2026\/02\/Portes-obetes-bafarada.png\" alt=\"\" class=\"wp-block-getwid-image-box__image wp-image-3798\" srcset=\"https:\/\/agora.xtec.cat\/escolafalguera\/wp-content\/uploads\/usu2427\/2026\/02\/Portes-obetes-bafarada.png 1640w, https:\/\/agora.xtec.cat\/escolafalguera\/wp-content\/uploads\/usu2427\/2026\/02\/Portes-obetes-bafarada-300x223.png 300w, https:\/\/agora.xtec.cat\/escolafalguera\/wp-content\/uploads\/usu2427\/2026\/02\/Portes-obetes-bafarada-1024x762.png 1024w, https:\/\/agora.xtec.cat\/escolafalguera\/wp-content\/uploads\/usu2427\/2026\/02\/Portes-obetes-bafarada-768x571.png 768w, https:\/\/agora.xtec.cat\/escolafalguera\/wp-content\/uploads\/usu2427\/2026\/02\/Portes-obetes-bafarada-1536x1143.png 1536w, https:\/\/agora.xtec.cat\/escolafalguera\/wp-content\/uploads\/usu2427\/2026\/02\/Portes-obetes-bafarada-200x150.png 200w\" sizes=\"auto, (max-width: 1640px) 100vw, 1640px\" \/><\/a><\/div><div class=\"wp-block-getwid-image-box__content\">\n<h3 class=\"wp-block-heading\"><\/h3>\n\n\n\n<p><\/p>\n<\/div><\/div>\n\n\n\n<hr class=\"wp-block-separator has-alpha-channel-opacity\"\/>\n\n\n\n<div class=\"tinyText\">\n<h5>\u00a0<\/h5>\n<h4 style=\"text-align: center;\"><span style=\"font-family: inherit; font-size: 1em; color: #000000;\">Per qualsevol dubte us atendrem al tel\u00e8fon de l&#8217;escola de 9:00 a 14:00h.<\/span><\/h4>\n<h1 style=\"text-align: center;\"><span style=\"color: #0000ff;\">Preinscripci\u00f3 pel curs 2026-27<\/span><\/h1>\n<div style=\"width: 100%;\">\n<div style=\"position: relative; padding-bottom: 56.25%; padding-top: 0; height: 0;\"><iframe loading=\"lazy\" style=\"position: absolute; top: 0; left: 0; width: 100%; height: 100%;\" title=\"WEB Preinscripci\u00f3 curs 2026-27\" src=\"https:\/\/view.genially.com\/6214c052d1cb950019a2d174\" width=\"1200\" height=\"675\" frameborder=\"0\" scrolling=\"yes\" allowfullscreen=\"allowfullscreen\"><\/iframe><\/div>\n<\/div>\n<h1 style=\"text-align: center;\">\u00a0<\/h1>\n<\/div>\n\n\n\n<hr class=\"wp-block-separator has-alpha-channel-opacity\"\/>\n\n\n\n<p class=\"has-text-align-center has-large-font-size\">Les Escoles de Sant Feliu:<\/p>\n\n\n\n<div class=\"wp-block-getwid-image-box getwid-animation has-text-center has-mobile-layout-default has-mobile-alignment-default\" data-animation=\"flash\"><div class=\"wp-block-getwid-image-box__image-container is-position-top\"><a href=\"https:\/\/drive.google.com\/file\/d\/1Yg3B0zOiRqNK-NX1pf2OUoy4l8zqYPQo\/view?usp=sharing\" target=\"_blank\" rel=\"noreferrer noopener\" class=\"wp-block-getwid-image-box__image-wrapper\"><img loading=\"lazy\" decoding=\"async\" width=\"2104\" height=\"1194\" src=\"https:\/\/agora.xtec.cat\/escolafalguera\/wp-content\/uploads\/usu2427\/2026\/02\/Info-escoles.png\" alt=\"\" class=\"wp-block-getwid-image-box__image wp-image-3817\" srcset=\"https:\/\/agora.xtec.cat\/escolafalguera\/wp-content\/uploads\/usu2427\/2026\/02\/Info-escoles.png 2104w, https:\/\/agora.xtec.cat\/escolafalguera\/wp-content\/uploads\/usu2427\/2026\/02\/Info-escoles-300x170.png 300w, https:\/\/agora.xtec.cat\/escolafalguera\/wp-content\/uploads\/usu2427\/2026\/02\/Info-escoles-1024x581.png 1024w, https:\/\/agora.xtec.cat\/escolafalguera\/wp-content\/uploads\/usu2427\/2026\/02\/Info-escoles-768x436.png 768w, https:\/\/agora.xtec.cat\/escolafalguera\/wp-content\/uploads\/usu2427\/2026\/02\/Info-escoles-1536x872.png 1536w, https:\/\/agora.xtec.cat\/escolafalguera\/wp-content\/uploads\/usu2427\/2026\/02\/Info-escoles-2048x1162.png 2048w\" sizes=\"auto, (max-width: 2104px) 100vw, 2104px\" \/><\/a><\/div><div class=\"wp-block-getwid-image-box__content\">\n<h3 class=\"wp-block-heading\"><\/h3>\n\n\n\n<p><\/p>\n<\/div><\/div>\n\n\n\n<hr class=\"wp-block-separator has-alpha-channel-opacity\"\/>\n\n\n\n<p class=\"has-text-align-center wp-block-heading has-large-font-size\"><span style=\"color: #0000ff;\">La nostra escola \u00e9s una gran elecci\u00f3&#8230;\u263a\ufe0f<\/span><\/p>\n\n\n\n<div class=\"wp-block-getwid-image-box has-text-center has-mobile-layout-default has-mobile-alignment-default\"><div class=\"wp-block-getwid-image-box__image-container is-position-top\"><div class=\"wp-block-getwid-image-box__image-wrapper\"><img loading=\"lazy\" decoding=\"async\" width=\"1280\" height=\"853\" src=\"https:\/\/agora.xtec.cat\/escolafalguera\/wp-content\/uploads\/usu2427\/2025\/09\/IMG_5374-en-tamano-grande.jpeg\" alt=\"\" class=\"wp-block-getwid-image-box__image wp-image-3006\" srcset=\"https:\/\/agora.xtec.cat\/escolafalguera\/wp-content\/uploads\/usu2427\/2025\/09\/IMG_5374-en-tamano-grande.jpeg 1280w, https:\/\/agora.xtec.cat\/escolafalguera\/wp-content\/uploads\/usu2427\/2025\/09\/IMG_5374-en-tamano-grande-300x200.jpeg 300w, https:\/\/agora.xtec.cat\/escolafalguera\/wp-content\/uploads\/usu2427\/2025\/09\/IMG_5374-en-tamano-grande-1024x682.jpeg 1024w, https:\/\/agora.xtec.cat\/escolafalguera\/wp-content\/uploads\/usu2427\/2025\/09\/IMG_5374-en-tamano-grande-768x512.jpeg 768w\" sizes=\"auto, (max-width: 1280px) 100vw, 1280px\" \/><\/div><\/div><div class=\"wp-block-getwid-image-box__content\">\n<h3 class=\"wp-block-heading\"><\/h3>\n\n\n\n<p><\/p>\n<\/div><\/div>\n\n\n\n<p><\/p>\n\n\n\n<div class=\"wp-block-getwid-image-box getwid-animation has-text-center has-mobile-layout-default has-mobile-alignment-default\" data-animation=\"flash\"><div class=\"wp-block-getwid-image-box__image-container is-position-top\"><a href=\"https:\/\/drive.google.com\/drive\/folders\/1fcj1wKYWKgYwMTSXXOPG6BGWAC06vKHC\" target=\"_blank\" rel=\"noreferrer noopener\" class=\"wp-block-getwid-image-box__image-wrapper\"><img loading=\"lazy\" decoding=\"async\" width=\"2456\" height=\"520\" src=\"https:\/\/agora.xtec.cat\/escolafalguera\/wp-content\/uploads\/usu2427\/2026\/02\/preinscripcio-go-to.png\" alt=\"\" class=\"wp-block-getwid-image-box__image wp-image-3791\" srcset=\"https:\/\/agora.xtec.cat\/escolafalguera\/wp-content\/uploads\/usu2427\/2026\/02\/preinscripcio-go-to.png 2456w, https:\/\/agora.xtec.cat\/escolafalguera\/wp-content\/uploads\/usu2427\/2026\/02\/preinscripcio-go-to-300x64.png 300w, https:\/\/agora.xtec.cat\/escolafalguera\/wp-content\/uploads\/usu2427\/2026\/02\/preinscripcio-go-to-1024x217.png 1024w, https:\/\/agora.xtec.cat\/escolafalguera\/wp-content\/uploads\/usu2427\/2026\/02\/preinscripcio-go-to-768x163.png 768w, https:\/\/agora.xtec.cat\/escolafalguera\/wp-content\/uploads\/usu2427\/2026\/02\/preinscripcio-go-to-1536x325.png 1536w, https:\/\/agora.xtec.cat\/escolafalguera\/wp-content\/uploads\/usu2427\/2026\/02\/preinscripcio-go-to-2048x434.png 2048w\" sizes=\"auto, (max-width: 2456px) 100vw, 2456px\" \/><\/a><\/div><div class=\"wp-block-getwid-image-box__content\">\n<h3 class=\"wp-block-heading\"><\/h3>\n\n\n\n<p><\/p>\n<\/div><\/div>\n\n\n","protected":false},"excerpt":{"rendered":"<p>Aqu\u00ed teniu acc\u00e9s a la informaci\u00f3 sobre preinscripci\u00f3 i matr\u00edcula.<br \/>\nEl per\u00edode de &nbsp;preinscripci\u00f3 \u00e9s<a href=\"https:\/\/drive.google.com\/drive\/folders\/1fcj1wKYWKgYwMTSXXOPG6BGWAC06vKHC\" target=\"_blank\" rel=\"noopener\"> del 4 al 18 de mar\u00e7<\/a>.<a href=\"https:\/\/drive.google.com\/drive\/folders\/1fcj1wKYWKgYwMTSXXOPG6BGWAC06vKHC\" target=\"_blank\" rel=\"noopener\"><\/a><\/p>\n<p><a href=\"https:\/\/drive.google.com\/drive\/folders\/1fcj1wKYWKgYwMTSXXOPG6BGWAC06vKHC\" target=\"_blank\" rel=\"noreferrer noopener\" class=\"wp-block-getwid-image-box__image-wrapper\"><\/a><\/p>\n<p>Jornada de Portes Obertes:<\/p>\n<p><a href=\"https:\/\/agora.xtec.cat\/escolafalguera\/projecte-educatiu\/portes-obertes\/\" class=\"wp-block-getwid-image-box__image-wrapper\"><\/a><\/p>\n<p>\u00a0<br \/>\nPer qualsevol dubte us atendrem al tel\u00e8fon de l&#8217;escola de&hellip;  <a href=\"https:\/\/agora.xtec.cat\/escolafalguera\/projecte-educatiu\/preinscripcio-i-matricula\/\" title=\"Read Preinscripci\u00f3 i matr\u00edcula\">Llegeix m\u00e9s\u00bb<\/a><\/p>\n","protected":false},"author":1,"featured_media":0,"parent":64,"menu_order":20,"comment_status":"closed","ping_status":"closed","template":"","meta":{"_bbp_topic_count":0,"_bbp_reply_count":0,"_bbp_total_topic_count":0,"_bbp_total_reply_count":0,"_bbp_voice_count":0,"_bbp_anonymous_reply_count":0,"_bbp_topic_count_hidden":0,"_bbp_reply_count_hidden":0,"_bbp_forum_subforum_count":0,"footnotes":""},"class_list":["post-864","page","type-page","status-publish","hentry"],"post_mailing_queue_ids":[],"_links":{"self":[{"href":"https:\/\/agora.xtec.cat\/escolafalguera\/wp-json\/wp\/v2\/pages\/864","targetHints":{"allow":["GET"]}}],"collection":[{"href":"https:\/\/agora.xtec.cat\/escolafalguera\/wp-json\/wp\/v2\/pages"}],"about":[{"href":"https:\/\/agora.xtec.cat\/escolafalguera\/wp-json\/wp\/v2\/types\/page"}],"author":[{"embeddable":true,"href":"https:\/\/agora.xtec.cat\/escolafalguera\/wp-json\/wp\/v2\/users\/1"}],"replies":[{"embeddable":true,"href":"https:\/\/agora.xtec.cat\/escolafalguera\/wp-json\/wp\/v2\/comments?post=864"}],"version-history":[{"count":6,"href":"https:\/\/agora.xtec.cat\/escolafalguera\/wp-json\/wp\/v2\/pages\/864\/revisions"}],"predecessor-version":[{"id":3829,"href":"https:\/\/agora.xtec.cat\/escolafalguera\/wp-json\/wp\/v2\/pages\/864\/revisions\/3829"}],"up":[{"embeddable":true,"href":"https:\/\/agora.xtec.cat\/escolafalguera\/wp-json\/wp\/v2\/pages\/64"}],"wp:attachment":[{"href":"https:\/\/agora.xtec.cat\/escolafalguera\/wp-json\/wp\/v2\/media?parent=864"}],"curies":[{"name":"wp","href":"https:\/\/api.w.org\/{rel}","templated":true}]}}