{"id":2714,"date":"2025-01-21T22:24:24","date_gmt":"2025-01-21T21:24:24","guid":{"rendered":"https:\/\/agora.xtec.cat\/escolafalguera\/?page_id=2714"},"modified":"2026-03-09T20:48:56","modified_gmt":"2026-03-09T19:48:56","slug":"les-emocions","status":"publish","type":"page","link":"https:\/\/agora.xtec.cat\/escolafalguera\/les-emocions\/","title":{"rendered":"Les emocions"},"content":{"rendered":"\n<p class=\"has-medium-font-size\">En construcci\u00f3&#8230; amb paci\u00e8ncia, confian\u00e7a i seguretat&#8230;\ud83d\ude0c<\/p>\n\n\n\n<div class=\"wp-block-getwid-image-box has-text-center has-mobile-layout-default has-mobile-alignment-default\"><div class=\"wp-block-getwid-image-box__image-container is-position-top\"><div class=\"wp-block-getwid-image-box__image-wrapper\"><img loading=\"lazy\" decoding=\"async\" width=\"768\" height=\"377\" src=\"https:\/\/agora.xtec.cat\/escolafalguera\/wp-content\/uploads\/usu2427\/2025\/03\/Emocions-1-768x377.png\" class=\"wp-block-getwid-image-box__image wp-image-2826\" srcset=\"https:\/\/agora.xtec.cat\/escolafalguera\/wp-content\/uploads\/usu2427\/2025\/03\/Emocions-1-768x377.png 768w, https:\/\/agora.xtec.cat\/escolafalguera\/wp-content\/uploads\/usu2427\/2025\/03\/Emocions-1-300x147.png 300w, https:\/\/agora.xtec.cat\/escolafalguera\/wp-content\/uploads\/usu2427\/2025\/03\/Emocions-1-1024x503.png 1024w, https:\/\/agora.xtec.cat\/escolafalguera\/wp-content\/uploads\/usu2427\/2025\/03\/Emocions-1-1536x754.png 1536w, https:\/\/agora.xtec.cat\/escolafalguera\/wp-content\/uploads\/usu2427\/2025\/03\/Emocions-1.png 1784w\" sizes=\"auto, (max-width: 768px) 100vw, 768px\" \/><\/div><\/div><div class=\"wp-block-getwid-image-box__content\">\n<h3 class=\"wp-block-heading\"><\/h3>\n\n\n\n<p><\/p>\n\n\n\n<hr class=\"wp-block-separator has-alpha-channel-opacity\"\/>\n\n\n\n<p class=\"has-text-align-center has-large-font-size\"><strong>8 de mar\u00e7 de 2026<\/strong><\/p>\n\n\n\n<div style=\"position: relative; width: 100%; height: 0; padding-top: 56.2500%; padding-bottom: 0; box-shadow: 0 2px 8px 0 rgba(63,69,81,0.16); margin-top: 1.6em; margin-bottom: 0.9em; overflow: hidden; border-radius: 8px; will-change: transform;\"><iframe style=\"position: absolute; width: 100%; height: 100%; top: 0; left: 0; border: none; padding: 0; margin: 0;\" src=\"https:\/\/www.canva.com\/design\/DAHDFoKiXcw\/FQAajhxpg-SfD2xXc9wi9Q\/view?embed\" allowfullscreen=\"allowfullscreen\">\n  <\/iframe><\/div>\n<p><a href=\"https:\/\/www.canva.com\/design\/DAHDFoKiXcw\/FQAajhxpg-SfD2xXc9wi9Q\/view?utm_content=DAHDFoKiXcw&amp;utm_campaign=designshare&amp;utm_medium=embeds&amp;utm_source=link\" target=\"_blank\" rel=\"noopener\">8 de mar\u00e7 de 2026, Dia Internacional de la Dona<\/a> de l&#8217;Escola Falguera<\/p>\n\n\n\n<hr class=\"wp-block-separator has-alpha-channel-opacity\"\/>\n\n\n\n<div class=\"alignfull\" style=\"max-width: 100%; margin: 0;\">\n<div style=\"position: relative; padding-bottom: 56.25%; height: 0; overflow: hidden;\"><iframe style=\"position: absolute; top: 0; left: 0; width: 100%; height: 100%;\" src=\"https:\/\/www.youtube.com\/embed\/lSlVTPoqyAs?rel=0&amp;modestbranding=1\" frameborder=\"0\" allowfullscreen=\"allowfullscreen\"> <\/iframe><\/div>\n<\/div>\n\n\n\n<hr class=\"wp-block-separator has-alpha-channel-opacity\"\/>\n\n\n\n<p class=\"has-text-align-center has-medium-font-size\">La creaci\u00f3 de les bosses per la igualtat<\/p>\n\n\n\n<div class=\"wp-block-getwid-image-box has-text-center has-mobile-layout-default has-mobile-alignment-default\"><div class=\"wp-block-getwid-image-box__image-container is-position-top\"><div class=\"wp-block-getwid-image-box__image-wrapper\"><img loading=\"lazy\" decoding=\"async\" width=\"768\" height=\"517\" src=\"https:\/\/agora.xtec.cat\/escolafalguera\/wp-content\/uploads\/usu2427\/2026\/03\/igualtat-bosses-768x517.png\" class=\"wp-block-getwid-image-box__image wp-image-3904\" srcset=\"https:\/\/agora.xtec.cat\/escolafalguera\/wp-content\/uploads\/usu2427\/2026\/03\/igualtat-bosses-768x517.png 768w, https:\/\/agora.xtec.cat\/escolafalguera\/wp-content\/uploads\/usu2427\/2026\/03\/igualtat-bosses-300x202.png 300w, https:\/\/agora.xtec.cat\/escolafalguera\/wp-content\/uploads\/usu2427\/2026\/03\/igualtat-bosses-1024x689.png 1024w, https:\/\/agora.xtec.cat\/escolafalguera\/wp-content\/uploads\/usu2427\/2026\/03\/igualtat-bosses.png 1304w\" sizes=\"auto, (max-width: 768px) 100vw, 768px\" \/><\/div><\/div><div class=\"wp-block-getwid-image-box__content\">\n<h3 class=\"wp-block-heading\"><\/h3>\n\n\n\n<p><\/p>\n<\/div><\/div>\n<\/div><\/div>\n\n\n\n<hr class=\"wp-block-separator has-alpha-channel-opacity\"\/>\n\n\n\n<h2 class=\"wp-block-heading\">El rap &#8220;Canviem les normes&#8221;, simplement genial&#8230;<\/h2>\n\n\n\n<div class=\"alignfull\" style=\"max-width: 100%; margin: 0;\">\n<div style=\"position: relative; padding-bottom: 56.25%; height: 0; overflow: hidden;\"><iframe style=\"position: absolute; top: 0; left: 0; width: 100%; height: 100%;\" src=\"https:\/\/www.youtube.com\/embed\/tJ4blYkCAus?rel=0&amp;modestbranding=1\" frameborder=\"0\" allowfullscreen=\"allowfullscreen\"> <\/iframe><\/div>\n<\/div>\n\n\n\n<hr class=\"wp-block-separator has-alpha-channel-opacity\"\/>\n\n\n\n<h2 class=\"wp-block-heading\">I aqu\u00ed el v\u00eddeo de les preses falses d&#8217;aquesta feina enorme!<\/h2>\n\n\n\n<div class=\"alignfull\" style=\"max-width: 100%; margin: 0;\">\n<div style=\"position: relative; padding-bottom: 56.25%; height: 0; overflow: hidden;\"><iframe style=\"position: absolute; top: 0; left: 0; width: 100%; height: 100%;\" src=\"https:\/\/www.youtube.com\/embed\/pQMGgjfQYxk?rel=0&amp;modestbranding=1\" frameborder=\"0\" allowfullscreen=\"allowfullscreen\"> <\/iframe><\/div>\n<\/div>\n\n\n\n<div class=\"wp-block-getwid-section alignfull alignfull getwid-section-content-custom-width\"><div class=\"wp-block-getwid-section__wrapper getwid-padding-top-large getwid-padding-bottom-large getwid-padding-left-medium getwid-padding-right-medium\"><div class=\"wp-block-getwid-section__inner-wrapper\" style=\"max-width:1140px\"><div class=\"wp-block-getwid-section__background-holder\"><div class=\"wp-block-getwid-section__background\"><\/div><div class=\"wp-block-getwid-section__foreground\"><\/div><\/div><div class=\"wp-block-getwid-section__content\"><div class=\"wp-block-getwid-section__inner-content\">\n<div class=\"wp-block-getwid-advanced-heading\" style=\"margin-bottom:0px;margin-top:0px\"><span class=\"wp-block-getwid-advanced-heading__content\" style=\"text-align:center\"><\/span><\/div>\n\n\n\n<div class=\"wp-block-getwid-advanced-heading\" style=\"margin-bottom:60px;margin-top:10px\"><h2 class=\"wp-block-getwid-advanced-heading__content\" style=\"text-align:center\"><\/h2><\/div>\n\n\n\n<div class=\"wp-block-getwid-images-slider has-cropped-images has-arrows-none has-dots-outside is-carousel has-slides-gap-normal has-images-center has-fitted-images\"><div class=\"wp-block-getwid-images-slider__wrapper\" data-effect=\"slide\" data-slides-show=\"3\" data-slides-show-laptop=\"2\" data-slides-show-tablet=\"1\" data-slides-show-mobile=\"1\" data-slides-scroll=\"1\" data-autoplay=\"true\" data-pause-hover=\"false\" data-autoplay-speed=\"6000\" data-infinite=\"true\" data-animation-speed=\"800\" data-center-mode=\"true\" data-variable-width=\"false\" data-arrows=\"none\" data-dots=\"outside\" data-spacing=\"normal\"><div class=\"wp-block-getwid-images-slider__item\"><a href=\"https:\/\/www.youtube.com\/watch?v=lSlVTPoqyAs\" target=\"_blank\" rel=\"noreferrer noopener\"><figure><img loading=\"lazy\" decoding=\"async\" width=\"1280\" height=\"853\" src=\"https:\/\/agora.xtec.cat\/escolafalguera\/wp-content\/uploads\/usu2427\/2026\/03\/IMG_1988-en-tamano-grande.jpeg\" data-id=\"3952\" data-link=\"https:\/\/agora.xtec.cat\/escolafalguera\/screenshot-12\/\" data-link-target=\"_blank\" data-link-rel=\"noreferrer noopener\" data-original-link=\"https:\/\/agora.xtec.cat\/escolafalguera\/wp-content\/uploads\/usu2427\/2026\/03\/IMG_1988-en-tamano-grande.jpeg\" data-custom-link=\"https:\/\/www.youtube.com\/watch?v=lSlVTPoqyAs\" class=\"wp-block-getwid-images-slider__image wp-image-3952\" srcset=\"https:\/\/agora.xtec.cat\/escolafalguera\/wp-content\/uploads\/usu2427\/2026\/03\/IMG_1988-en-tamano-grande.jpeg 1280w, https:\/\/agora.xtec.cat\/escolafalguera\/wp-content\/uploads\/usu2427\/2026\/03\/IMG_1988-en-tamano-grande-300x200.jpeg 300w, https:\/\/agora.xtec.cat\/escolafalguera\/wp-content\/uploads\/usu2427\/2026\/03\/IMG_1988-en-tamano-grande-1024x682.jpeg 1024w, https:\/\/agora.xtec.cat\/escolafalguera\/wp-content\/uploads\/usu2427\/2026\/03\/IMG_1988-en-tamano-grande-768x512.jpeg 768w\" sizes=\"auto, (max-width: 1280px) 100vw, 1280px\" \/><figcaption class=\"wp-block-getwid-images-slider__caption\">Screenshot<\/figcaption><\/figure><\/a><\/div><div class=\"wp-block-getwid-images-slider__item\"><a href=\"https:\/\/www.canva.com\/design\/DAG91pgYUMM\/12P3msvk93VFhAT_rCkJWA\/view?utm_content=DAG91pgYUMM&amp;utm_campaign=designshare&amp;utm_medium=link2&amp;utm_source=uniquelinks&amp;utlId=hd534be3b97\" target=\"_blank\" rel=\"noreferrer noopener\"><figure><img loading=\"lazy\" decoding=\"async\" width=\"1020\" height=\"1112\" src=\"https:\/\/agora.xtec.cat\/escolafalguera\/wp-content\/uploads\/usu2427\/2026\/03\/Captura-de-pantalla-2026-03-05-a-las-23.58.20.png\" data-id=\"3902\" data-link=\"https:\/\/agora.xtec.cat\/escolafalguera\/captura-de-pantalla-2026-03-05-a-las-23-58-20\/\" data-link-target=\"_blank\" data-link-rel=\"noreferrer noopener\" data-original-link=\"https:\/\/agora.xtec.cat\/escolafalguera\/wp-content\/uploads\/usu2427\/2026\/03\/Captura-de-pantalla-2026-03-05-a-las-23.58.20.png\" data-custom-link=\"https:\/\/www.canva.com\/design\/DAG91pgYUMM\/12P3msvk93VFhAT_rCkJWA\/view?utm_content=DAG91pgYUMM&amp;utm_campaign=designshare&amp;utm_medium=link2&amp;utm_source=uniquelinks&amp;utlId=hd534be3b97\" class=\"wp-block-getwid-images-slider__image wp-image-3902\" srcset=\"https:\/\/agora.xtec.cat\/escolafalguera\/wp-content\/uploads\/usu2427\/2026\/03\/Captura-de-pantalla-2026-03-05-a-las-23.58.20.png 1020w, https:\/\/agora.xtec.cat\/escolafalguera\/wp-content\/uploads\/usu2427\/2026\/03\/Captura-de-pantalla-2026-03-05-a-las-23.58.20-275x300.png 275w, https:\/\/agora.xtec.cat\/escolafalguera\/wp-content\/uploads\/usu2427\/2026\/03\/Captura-de-pantalla-2026-03-05-a-las-23.58.20-939x1024.png 939w, https:\/\/agora.xtec.cat\/escolafalguera\/wp-content\/uploads\/usu2427\/2026\/03\/Captura-de-pantalla-2026-03-05-a-las-23.58.20-768x837.png 768w\" sizes=\"auto, (max-width: 1020px) 100vw, 1020px\" \/><\/figure><\/a><\/div><div class=\"wp-block-getwid-images-slider__item\"><figure><img loading=\"lazy\" decoding=\"async\" width=\"1280\" height=\"853\" src=\"https:\/\/agora.xtec.cat\/escolafalguera\/wp-content\/uploads\/usu2427\/2026\/03\/IMG_1990-en-tamano-grande.jpeg\" data-id=\"3953\" data-link=\"https:\/\/agora.xtec.cat\/escolafalguera\/screenshot-13\/\" data-original-link=\"https:\/\/agora.xtec.cat\/escolafalguera\/wp-content\/uploads\/usu2427\/2026\/03\/IMG_1990-en-tamano-grande.jpeg\" class=\"wp-block-getwid-images-slider__image wp-image-3953\" srcset=\"https:\/\/agora.xtec.cat\/escolafalguera\/wp-content\/uploads\/usu2427\/2026\/03\/IMG_1990-en-tamano-grande.jpeg 1280w, https:\/\/agora.xtec.cat\/escolafalguera\/wp-content\/uploads\/usu2427\/2026\/03\/IMG_1990-en-tamano-grande-300x200.jpeg 300w, https:\/\/agora.xtec.cat\/escolafalguera\/wp-content\/uploads\/usu2427\/2026\/03\/IMG_1990-en-tamano-grande-1024x682.jpeg 1024w, https:\/\/agora.xtec.cat\/escolafalguera\/wp-content\/uploads\/usu2427\/2026\/03\/IMG_1990-en-tamano-grande-768x512.jpeg 768w\" sizes=\"auto, (max-width: 1280px) 100vw, 1280px\" \/><figcaption class=\"wp-block-getwid-images-slider__caption\">Screenshot<\/figcaption><\/figure><\/div><div class=\"wp-block-getwid-images-slider__item\"><figure><img loading=\"lazy\" decoding=\"async\" width=\"1304\" height=\"877\" src=\"https:\/\/agora.xtec.cat\/escolafalguera\/wp-content\/uploads\/usu2427\/2026\/03\/igualtat-bosses.png\" data-id=\"3904\" data-link=\"https:\/\/agora.xtec.cat\/escolafalguera\/igualtat-bosses\/\" data-original-link=\"https:\/\/agora.xtec.cat\/escolafalguera\/wp-content\/uploads\/usu2427\/2026\/03\/igualtat-bosses.png\" class=\"wp-block-getwid-images-slider__image wp-image-3904\" srcset=\"https:\/\/agora.xtec.cat\/escolafalguera\/wp-content\/uploads\/usu2427\/2026\/03\/igualtat-bosses.png 1304w, https:\/\/agora.xtec.cat\/escolafalguera\/wp-content\/uploads\/usu2427\/2026\/03\/igualtat-bosses-300x202.png 300w, https:\/\/agora.xtec.cat\/escolafalguera\/wp-content\/uploads\/usu2427\/2026\/03\/igualtat-bosses-1024x689.png 1024w, https:\/\/agora.xtec.cat\/escolafalguera\/wp-content\/uploads\/usu2427\/2026\/03\/igualtat-bosses-768x517.png 768w\" sizes=\"auto, (max-width: 1304px) 100vw, 1304px\" \/><\/figure><\/div><div class=\"wp-block-getwid-images-slider__item\"><figure><img loading=\"lazy\" decoding=\"async\" width=\"1280\" height=\"853\" src=\"https:\/\/agora.xtec.cat\/escolafalguera\/wp-content\/uploads\/usu2427\/2026\/03\/IMG_1991-en-tamano-grande.jpeg\" data-id=\"3951\" data-link=\"https:\/\/agora.xtec.cat\/escolafalguera\/screenshot-11\/\" data-original-link=\"https:\/\/agora.xtec.cat\/escolafalguera\/wp-content\/uploads\/usu2427\/2026\/03\/IMG_1991-en-tamano-grande.jpeg\" class=\"wp-block-getwid-images-slider__image wp-image-3951\" srcset=\"https:\/\/agora.xtec.cat\/escolafalguera\/wp-content\/uploads\/usu2427\/2026\/03\/IMG_1991-en-tamano-grande.jpeg 1280w, https:\/\/agora.xtec.cat\/escolafalguera\/wp-content\/uploads\/usu2427\/2026\/03\/IMG_1991-en-tamano-grande-300x200.jpeg 300w, https:\/\/agora.xtec.cat\/escolafalguera\/wp-content\/uploads\/usu2427\/2026\/03\/IMG_1991-en-tamano-grande-1024x682.jpeg 1024w, https:\/\/agora.xtec.cat\/escolafalguera\/wp-content\/uploads\/usu2427\/2026\/03\/IMG_1991-en-tamano-grande-768x512.jpeg 768w\" sizes=\"auto, (max-width: 1280px) 100vw, 1280px\" \/><figcaption class=\"wp-block-getwid-images-slider__caption\">Screenshot<\/figcaption><\/figure><\/div><div class=\"wp-block-getwid-images-slider__item\"><a href=\"https:\/\/agora.xtec.cat\/escolafalguera\/les-emocions\/\"><figure><img loading=\"lazy\" decoding=\"async\" width=\"1784\" height=\"876\" src=\"https:\/\/agora.xtec.cat\/escolafalguera\/wp-content\/uploads\/usu2427\/2025\/03\/Emocions-1.png\" data-id=\"2826\" data-link=\"https:\/\/agora.xtec.cat\/escolafalguera\/emocions-2\/\" data-original-link=\"https:\/\/agora.xtec.cat\/escolafalguera\/wp-content\/uploads\/usu2427\/2025\/03\/Emocions-1.png\" data-custom-link=\"https:\/\/agora.xtec.cat\/escolafalguera\/les-emocions\/\" class=\"wp-block-getwid-images-slider__image wp-image-2826\" srcset=\"https:\/\/agora.xtec.cat\/escolafalguera\/wp-content\/uploads\/usu2427\/2025\/03\/Emocions-1.png 1784w, https:\/\/agora.xtec.cat\/escolafalguera\/wp-content\/uploads\/usu2427\/2025\/03\/Emocions-1-300x147.png 300w, https:\/\/agora.xtec.cat\/escolafalguera\/wp-content\/uploads\/usu2427\/2025\/03\/Emocions-1-1024x503.png 1024w, https:\/\/agora.xtec.cat\/escolafalguera\/wp-content\/uploads\/usu2427\/2025\/03\/Emocions-1-768x377.png 768w, https:\/\/agora.xtec.cat\/escolafalguera\/wp-content\/uploads\/usu2427\/2025\/03\/Emocions-1-1536x754.png 1536w\" sizes=\"auto, (max-width: 1784px) 100vw, 1784px\" \/><\/figure><\/a><\/div><div class=\"wp-block-getwid-images-slider__item\"><figure><img loading=\"lazy\" decoding=\"async\" width=\"1280\" height=\"853\" src=\"https:\/\/agora.xtec.cat\/escolafalguera\/wp-content\/uploads\/usu2427\/2026\/03\/IMG_1987-en-tamano-grande.jpeg\" data-id=\"3950\" data-link=\"https:\/\/agora.xtec.cat\/escolafalguera\/screenshot-10\/\" data-original-link=\"https:\/\/agora.xtec.cat\/escolafalguera\/wp-content\/uploads\/usu2427\/2026\/03\/IMG_1987-en-tamano-grande.jpeg\" class=\"wp-block-getwid-images-slider__image wp-image-3950\" srcset=\"https:\/\/agora.xtec.cat\/escolafalguera\/wp-content\/uploads\/usu2427\/2026\/03\/IMG_1987-en-tamano-grande.jpeg 1280w, https:\/\/agora.xtec.cat\/escolafalguera\/wp-content\/uploads\/usu2427\/2026\/03\/IMG_1987-en-tamano-grande-300x200.jpeg 300w, https:\/\/agora.xtec.cat\/escolafalguera\/wp-content\/uploads\/usu2427\/2026\/03\/IMG_1987-en-tamano-grande-1024x682.jpeg 1024w, https:\/\/agora.xtec.cat\/escolafalguera\/wp-content\/uploads\/usu2427\/2026\/03\/IMG_1987-en-tamano-grande-768x512.jpeg 768w\" sizes=\"auto, (max-width: 1280px) 100vw, 1280px\" \/><figcaption class=\"wp-block-getwid-images-slider__caption\">Screenshot<\/figcaption><\/figure><\/div><\/div><\/div>\n<\/div><\/div><\/div><\/div><\/div>\n","protected":false},"excerpt":{"rendered":"<p>En construcci\u00f3&#8230; amb paci\u00e8ncia, confian\u00e7a i seguretat&#8230;\ud83d\ude0c<\/p>\n<p>8 de mar\u00e7 de 2026<\/p>\n<p><a href=\"https:\/\/www.canva.com\/design\/DAHDFoKiXcw\/FQAajhxpg-SfD2xXc9wi9Q\/view?utm_content=DAHDFoKiXcw&amp;utm_campaign=designshare&amp;utm_medium=embeds&amp;utm_source=link\" target=\"_blank\" rel=\"noopener\">8 de mar\u00e7 de 2026, Dia Internacional de la Dona<\/a> de l&#8217;Escola Falguera<\/p>\n<p>La creaci\u00f3 de les bosses per la igualtat<\/p>\n<p>El rap &#8220;Canviem les normes&#8221;, simplement genial&#8230;<\/p>\n<p>I aqu\u00ed el&hellip;  <a href=\"https:\/\/agora.xtec.cat\/escolafalguera\/les-emocions\/\" title=\"Read Les emocions\">Llegeix m\u00e9s\u00bb<\/a><\/p>\n","protected":false},"author":1,"featured_media":0,"parent":0,"menu_order":0,"comment_status":"closed","ping_status":"closed","template":"","meta":{"_bbp_topic_count":0,"_bbp_reply_count":0,"_bbp_total_topic_count":0,"_bbp_total_reply_count":0,"_bbp_voice_count":0,"_bbp_anonymous_reply_count":0,"_bbp_topic_count_hidden":0,"_bbp_reply_count_hidden":0,"_bbp_forum_subforum_count":0,"footnotes":""},"class_list":["post-2714","page","type-page","status-publish","hentry"],"post_mailing_queue_ids":[],"_links":{"self":[{"href":"https:\/\/agora.xtec.cat\/escolafalguera\/wp-json\/wp\/v2\/pages\/2714","targetHints":{"allow":["GET"]}}],"collection":[{"href":"https:\/\/agora.xtec.cat\/escolafalguera\/wp-json\/wp\/v2\/pages"}],"about":[{"href":"https:\/\/agora.xtec.cat\/escolafalguera\/wp-json\/wp\/v2\/types\/page"}],"author":[{"embeddable":true,"href":"https:\/\/agora.xtec.cat\/escolafalguera\/wp-json\/wp\/v2\/users\/1"}],"replies":[{"embeddable":true,"href":"https:\/\/agora.xtec.cat\/escolafalguera\/wp-json\/wp\/v2\/comments?post=2714"}],"version-history":[{"count":6,"href":"https:\/\/agora.xtec.cat\/escolafalguera\/wp-json\/wp\/v2\/pages\/2714\/revisions"}],"predecessor-version":[{"id":3963,"href":"https:\/\/agora.xtec.cat\/escolafalguera\/wp-json\/wp\/v2\/pages\/2714\/revisions\/3963"}],"wp:attachment":[{"href":"https:\/\/agora.xtec.cat\/escolafalguera\/wp-json\/wp\/v2\/media?parent=2714"}],"curies":[{"name":"wp","href":"https:\/\/api.w.org\/{rel}","templated":true}]}}