{"id":1939,"date":"2023-06-19T18:47:12","date_gmt":"2023-06-19T16:47:12","guid":{"rendered":"https:\/\/agora.xtec.cat\/escolafalguera\/?page_id=1939"},"modified":"2026-02-24T22:57:08","modified_gmt":"2026-02-24T21:57:08","slug":"cultura-digital","status":"publish","type":"page","link":"https:\/\/agora.xtec.cat\/escolafalguera\/projecte-educatiu\/cultura-digital\/","title":{"rendered":"Cultura digital"},"content":{"rendered":"\n<p>Es defineix coma cultura digital tot all\u00f2 que ja fem a l&#8217;escola. Des d&#8217;all\u00f2 m\u00e9s quotidi\u00e0 i plenament integrat fins a aquelles pr\u00e0ctiques noves que encara no compartim entre tots o que encara no tothom coneix i implementa.<\/p>\n\n\n\n<p>Un exemple de la nostra cultura digital \u00e9s la nostra p\u00e0gina web, les nostres xarxes socials i els nostres espais compartits: Moodle, Workspace, Genially,&#8230;<\/p>\n\n\n\n<p>Aquesta cultura digital no \u00e9s nom\u00e9s l&#8217;\u00fas d&#8217;eines digitals o entorns o recursos, \u00e9s tot all\u00f2 que s&#8217;egloba dins el que entenem com a compt\u00e8ncia digital docent, dels alumnes o de les seves fam\u00edlies.<\/p>\n\n\n\n<p>Per exemple, a les fam\u00edlies no els podem exigir una compet\u00e8ncia digital i domini d\u2019entorns o programes a nivell professional. Per\u00f2 els hem d\u2019ajudar a adquirir una autonomia d\u2019usuaris en aspectes com <span style=\"color: #3366ff;\">els canals de comunicaci\u00f3 digitals<\/span>: visualitzaci\u00f3 de documents, desc\u00e0rrega i enviament de documents; <span style=\"color: #3366ff;\">la navegaci\u00f3 per la web del centre<\/span>: on trobar la informaci\u00f3 i tot el que vulguin consultar, com les xarxes socials; i com <span style=\"color: #3366ff;\">connectar-se als espais d\u2019aprenentatge virtuals<\/span>. I altres aspectes de gesti\u00f3 que els demanem, com sol\u00b7licituds, etc.<\/p>\n\n\n\n<p>Tenim com a consulta de cap\u00e7alera per saber quines \u00e0rees abarca la compet\u00e8ncia digital docent aquest enlla\u00e7 de la p\u00e0gina interactiva del <a href=\"https:\/\/projectes.xtec.cat\/xtcd\/competencia-digital-docent\/marc-de-la-cdd\/\" target=\"_blank\" rel=\"noopener\">Marc de la CDD<\/a>. Amb aspectes b\u00e0sics com el comprom\u00eds professional, ent\u00e8s com la protecci\u00f3 del benestar de l&#8217;alumnat i el seu adequat desenvolupament intel\u00b7lectual, f\u00edsic i psicol\u00f2gic, la participaci\u00f3 en el centre, la col\u00b7laboraci\u00f3 amb les fam\u00edlies, l&#8217;acci\u00f3 responsable en l&#8217;entorn i amb el seu propi desenvolupament professional. <span style=\"color: #3366ff;\">Per tant, la compet\u00e8ncia digital docent no solament s&#8217;ha de referir a la capacitat per utilitzar les tecnologies digitals per millorar l&#8217;ensenyament i l&#8217;aprenentatge, sin\u00f3 tamb\u00e9 per a l&#8217;acompliment adequat de totes les tasques relacionades amb l&#8217;exercici professional.<\/span><\/p>\n\n\n\n<div class=\"wp-block-getwid-image-box getwid-animation has-text-center has-mobile-layout-default has-mobile-alignment-default\" data-animation=\"zoomSmall\"><div class=\"wp-block-getwid-image-box__image-container is-position-top\"><a href=\"https:\/\/projectes.xtec.cat\/xtcd\/competencia-digital-docent\/marc-de-la-cdd\/\" target=\"_blank\" rel=\"noreferrer noopener\" class=\"wp-block-getwid-image-box__image-wrapper\"><img loading=\"lazy\" decoding=\"async\" width=\"1708\" height=\"888\" src=\"https:\/\/agora.xtec.cat\/escolafalguera\/wp-content\/uploads\/usu2427\/2023\/06\/Captura-de-pantalla-2023-06-19-a-las-19.54.23.png\" alt=\"\" class=\"wp-block-getwid-image-box__image wp-image-1966\" srcset=\"https:\/\/agora.xtec.cat\/escolafalguera\/wp-content\/uploads\/usu2427\/2023\/06\/Captura-de-pantalla-2023-06-19-a-las-19.54.23.png 1708w, https:\/\/agora.xtec.cat\/escolafalguera\/wp-content\/uploads\/usu2427\/2023\/06\/Captura-de-pantalla-2023-06-19-a-las-19.54.23-300x156.png 300w, https:\/\/agora.xtec.cat\/escolafalguera\/wp-content\/uploads\/usu2427\/2023\/06\/Captura-de-pantalla-2023-06-19-a-las-19.54.23-1024x532.png 1024w, https:\/\/agora.xtec.cat\/escolafalguera\/wp-content\/uploads\/usu2427\/2023\/06\/Captura-de-pantalla-2023-06-19-a-las-19.54.23-768x399.png 768w, https:\/\/agora.xtec.cat\/escolafalguera\/wp-content\/uploads\/usu2427\/2023\/06\/Captura-de-pantalla-2023-06-19-a-las-19.54.23-1536x799.png 1536w\" sizes=\"auto, (max-width: 1708px) 100vw, 1708px\" \/><\/a><\/div><div class=\"wp-block-getwid-image-box__content\">\n<h3 class=\"wp-block-heading\"><\/h3>\n\n\n\n<p><\/p>\n<\/div><\/div>\n\n\n\n<p><\/p>\n\n\n\n<p>Aqu\u00ed teniu el document del <a href=\"https:\/\/educacio.gencat.cat\/ca\/departament\/publicacions\/colleccions\/pla-educacio-digital\/marc-referencia-competencia-digital-docent\" target=\"_blank\" rel=\"noopener\">Marc de refer\u00e8ncia de la CDD<\/a>.<\/p>\n\n\n\n<p>Tenim tamb\u00e9 els documents de refer\u00e8ncia per saber qu\u00e8 hem d&#8217;ensenyar i com: per <a href=\"https:\/\/educacio.gencat.cat\/web\/.content\/home\/departament\/publicacions\/colleccions\/pla-educacio-digital\/us-tecnologies-digitals\/us-tecnologies-digitals-infantil.pdf\" target=\"_blank\" rel=\"noopener\">infantil<\/a> i per <a href=\"https:\/\/educacio.gencat.cat\/web\/.content\/home\/departament\/publicacions\/colleccions\/pla-educacio-digital\/orientacions-avaluacio-cda-primaria\/orientacions-avaluacio-cda-primaria.pdf\" target=\"_blank\" rel=\"noopener\">prim\u00e0ria<\/a>.<\/p>\n\n\n\n<p>&nbsp;<\/p>\n\n\n\n<p>Aix\u00ed es va arribar a dissenyar la nostra Estrat\u00e8gia Digital de Centre:<\/p>\n\n\n\n<p>&nbsp;<\/p>\n\n\n\n<h3 class=\"wp-block-heading\">\u00das metodol\u00f2gic dels nostres espais virtuals d&#8217;aprenentatge:<\/h3>\n\n\n\n<p>S&#8217;acorda crear un curs per aula al Moodle de l&#8217;escola. A prim\u00e0ria hi haur\u00e0 dos mestres editors per curs (tutor i paral\u00b7lel -mestre de llengua castellana-) i els mestres no editors que vulguin ser-hi. Sobretot es fa necessari que els mestres del cicle que vagin confegint el curs puguin trobar-se per anar acordant l&#8217;estructura o els continguts.<br>Els usuaris de l&#8217;entorn els carregar\u00e0 el coordinador d&#8217;estrat\u00e8gia digital aix\u00ed com la seva assignaci\u00f3 als cursos.<br>Els mestres del claustre revisaran les llistes d&#8217;alumnes per curs compartides al curs Sala de mestres de l&#8217;entorn Moodle de l&#8217;escola.<br>A infantil hi haur\u00e0 una mestra editora (i aix\u00ed es veur\u00e0 al Moodle de l&#8217;escola) per\u00f2 totes les mestres del cicle acordaran com estructurar el curs i crear unitats.<br>Cal debatre si els cursos a infantil seran creats per propostes (t\u00edtol) o per mesos (t\u00edtol).<br>S&#8217;acorda que els cursos a prim\u00e0ria seran de llengua castellana.<br>Cal acordar t\u00edtols i estructura.<br>A infantil un can\u00e7oner o dites o ambdues.<br>Els alumnes de 5\u00e8 i 6\u00e8 compten amb correu coorporatiu de l&#8217;escola@falguera.org.<br>Les classes tenen un correu @falguera.org, que els permet comunicar-se com a classe amb les fam\u00edlies, i gaudir de l&#8217;entorn i les apps del mateix. Per exemple les videotrobades, el canal youtube per crear contingut propi per les classes, desar material i recursos al drive, crear q\u00fcestionaris, treball amb la IA&#8230; i tot allotjat al n\u00favol del correu de cada aula.<br>Aquests recursos poden vincular-se al curs de llengua castellana de cada classe en les activitats o recursos proposats.<br>Les classes tenen els contactes de les fam\u00edlies.<br>Les de 5\u00e8 i 6\u00e8 tenen com a contactes tamb\u00e9 els alumnes.<br>Tots separats per etiquetes.<br>Al curs Sala de mestres (un curs per als i les mestres) hi tenim les cartes model per enviar a les fam\u00edlies amb el funcionament virtual de classe, aix\u00ed com els llistats dels alumnes, amb els seus usuaris i contrasenyes.<br>Cada any caldr\u00e0 fer aquest enviament a les fam\u00edlies per comen\u00e7ar a treballar-hi.<br>Cada any guardarem en l&#8217;etiqueta del curs la correspond\u00e8ncia d&#8217;aquell curs.<br>Per a la creaci\u00f3 de continguts interactius l&#8217;escola aposta per Genially. L&#8217;escola compta amb un entorn Genially Escola Falguera i els recursos es guarden en carpetes en aquest entorn. Per exemple, a la carpeta de 1r de prim\u00e0ria hi ha tots els geniallys creats o adaptats per aquest nivell. Comptem a una subscripci\u00f3 d&#8217;educaci\u00f3 (pro) que ens permet poder fer servir totes les capacitats de l&#8217;entorn. I per tal que cada mestre pugui fer-ne \u00fas demanera aut\u00f2noma, donat que genially nom\u00e9s permet una connexi\u00f3 alhora, establim un protocol d&#8217;\u00fas.<br>Aquest protocol \u00e9s el seg\u00fcent: cada genially reutilitzat o creat de nou es comen\u00e7a des de l&#8217;entorn genially de l&#8217;escola. Despr\u00e9s es comparteix amb l&#8217;entorn genially que cada mestre s&#8217;ha creat. d&#8217;aquesta manera cada mestre pot treballar a genially amb documents que resten a l&#8217;entorn genially de l&#8217;escola. Amb aix\u00f2 ens estalviem moltes subscripcions i alhora compartim totes les creacions a l&#8217;entorn de l&#8217;escola.<br>Aquests material interactius poden posar-se als cursos de llengua castellana del moodle de l&#8217;escola, a la p\u00e0gina web del centre, o com a aplicacions als iPads del centre.<br>Per fer aix\u00f2 \u00faltim el coordinador d&#8217;estrat\u00e8gia digital a trav\u00e9s del panell de gesti\u00f3 dels Ipads llan\u00e7ar\u00e0 els geniallys com a app (caldr\u00e0 nom\u00e9s que se li demani, \u00e9s clar, i fer-ne la previsi\u00f3 per al seu \u00fas amb temps).<br>Posarem documents de contrasenyes i correus al curs Sala de mestres, aix\u00ed com hi tenim les llistes dels alumnes actualitzades.<br>Els i les docents de 3r, 4t, 5\u00e8 i 6\u00e8, acorden l&#8217;\u00fas de la plataforma Moodle com a EVA per a la majoria d&#8217;\u00e0mbits curriculars (a m\u00e9s del curs ja creat). D&#8217;aquesta manera, crearem per aquests nivells diferents cursos Moodle per poder recolzar el proc\u00e9s d&#8217;e-a. Els cursos seran d&#8217;\u00e0mbit de lleng\u00fces, d&#8217;\u00e0mbit matem\u00e0tic i d&#8217;\u00e0mbit de coneixement del medi.<br>Aquests nous cursos permetran, per una banda, crear un repositori de recursos per treballar els sabers i, per altra banda, crear un curs perfectament endre\u00e7at d&#8217;aquelles mat\u00e8ries que no disposem de suport de llibres (llengua castellana i coneixement del medi).<br>Acordem tamb\u00e9 que aquests cursos els aniran organitzant i gestionant els propis docents de cada nivell.<br>A m\u00e9s, s&#8217;acorda que tot aquells recursos que es van treballant amb l&#8217;alumnat, es deixin visibles i no s&#8217;ocultin per poder ser revisats quan sigui necessari.<\/p>\n\n\n\n<hr class=\"wp-block-separator has-alpha-channel-opacity\"\/>\n\n\n\n<h1 class=\"wp-block-heading has-text-align-center\"><span style=\"color: #333333;\">El nostre espai Moodle:<\/span><\/h1>\n\n\n\n<div class=\"wp-block-getwid-image-box getwid-animation has-text-center has-mobile-layout-default has-mobile-alignment-default\" data-animation=\"zoomSmall\"><div class=\"wp-block-getwid-image-box__image-container is-position-top\"><a href=\"https:\/\/educaciodigital.cat\/escolafalguera\/moodle\/\" target=\"_blank\" rel=\"noreferrer noopener\" class=\"wp-block-getwid-image-box__image-wrapper\"><img loading=\"lazy\" decoding=\"async\" width=\"1020\" height=\"713\" src=\"https:\/\/agora.xtec.cat\/escolafalguera\/wp-content\/uploads\/usu2427\/2023\/06\/Moodle-escola-falguera.png\" alt=\"\" class=\"wp-block-getwid-image-box__image wp-image-2028\" srcset=\"https:\/\/agora.xtec.cat\/escolafalguera\/wp-content\/uploads\/usu2427\/2023\/06\/Moodle-escola-falguera.png 1020w, https:\/\/agora.xtec.cat\/escolafalguera\/wp-content\/uploads\/usu2427\/2023\/06\/Moodle-escola-falguera-300x210.png 300w, https:\/\/agora.xtec.cat\/escolafalguera\/wp-content\/uploads\/usu2427\/2023\/06\/Moodle-escola-falguera-768x537.png 768w\" sizes=\"auto, (max-width: 1020px) 100vw, 1020px\" \/><\/a><\/div><div class=\"wp-block-getwid-image-box__content\">\n<h3 class=\"wp-block-heading\"><\/h3>\n\n\n\n<p><\/p>\n<\/div><\/div>\n\n\n\n<hr class=\"wp-block-separator has-alpha-channel-opacity\"\/>\n\n\n\n<div class=\"wp-block-getwid-image-box getwid-animation has-text-center has-mobile-layout-default has-mobile-alignment-default\" data-animation=\"zoomSmall\"><div class=\"wp-block-getwid-image-box__image-container is-position-top\"><a href=\"https:\/\/agora.xtec.cat\/escolafalguera\/projecte-educatiu\/cultura-digital\/experiencies-steam\/\" class=\"wp-block-getwid-image-box__image-wrapper\"><img loading=\"lazy\" decoding=\"async\" width=\"2000\" height=\"1125\" src=\"https:\/\/agora.xtec.cat\/escolafalguera\/wp-content\/uploads\/usu2427\/2025\/09\/IMG_20250207_104158.jpg\" alt=\"\" class=\"wp-block-getwid-image-box__image wp-image-3021\" srcset=\"https:\/\/agora.xtec.cat\/escolafalguera\/wp-content\/uploads\/usu2427\/2025\/09\/IMG_20250207_104158.jpg 2000w, https:\/\/agora.xtec.cat\/escolafalguera\/wp-content\/uploads\/usu2427\/2025\/09\/IMG_20250207_104158-300x169.jpg 300w, https:\/\/agora.xtec.cat\/escolafalguera\/wp-content\/uploads\/usu2427\/2025\/09\/IMG_20250207_104158-1024x576.jpg 1024w, https:\/\/agora.xtec.cat\/escolafalguera\/wp-content\/uploads\/usu2427\/2025\/09\/IMG_20250207_104158-768x432.jpg 768w, https:\/\/agora.xtec.cat\/escolafalguera\/wp-content\/uploads\/usu2427\/2025\/09\/IMG_20250207_104158-1536x864.jpg 1536w\" sizes=\"auto, (max-width: 2000px) 100vw, 2000px\" \/><\/a><\/div><div class=\"wp-block-getwid-image-box__content\">\n<h3 class=\"wp-block-heading\"><\/h3>\n\n\n\n<p><\/p>\n<\/div><\/div>\n\n\n\n<hr class=\"wp-block-separator has-alpha-channel-opacity\"\/>\n\n\n\n<div class=\"wp-block-getwid-image-box getwid-animation has-text-center has-mobile-layout-default has-mobile-alignment-default\" data-animation=\"zoomSmall\"><div class=\"wp-block-getwid-image-box__image-container is-position-top\"><a href=\"https:\/\/agora.xtec.cat\/escolafalguera\/projecte-educatiu\/cultura-digital\/projecte-steam\/\" class=\"wp-block-getwid-image-box__image-wrapper\"><img loading=\"lazy\" decoding=\"async\" width=\"1417\" height=\"556\" src=\"https:\/\/agora.xtec.cat\/escolafalguera\/wp-content\/uploads\/usu2427\/2023\/11\/capcalera-copia.png\" alt=\"\" class=\"wp-block-getwid-image-box__image wp-image-2218\" srcset=\"https:\/\/agora.xtec.cat\/escolafalguera\/wp-content\/uploads\/usu2427\/2023\/11\/capcalera-copia.png 1417w, https:\/\/agora.xtec.cat\/escolafalguera\/wp-content\/uploads\/usu2427\/2023\/11\/capcalera-copia-300x118.png 300w, https:\/\/agora.xtec.cat\/escolafalguera\/wp-content\/uploads\/usu2427\/2023\/11\/capcalera-copia-1024x402.png 1024w, https:\/\/agora.xtec.cat\/escolafalguera\/wp-content\/uploads\/usu2427\/2023\/11\/capcalera-copia-768x301.png 768w\" sizes=\"auto, (max-width: 1417px) 100vw, 1417px\" \/><\/a><\/div><div class=\"wp-block-getwid-image-box__content\">\n<h3 class=\"wp-block-heading\"><\/h3>\n\n\n\n<p><\/p>\n<\/div><\/div>\n\n\n\n<p><\/p>\n\n\n\n<h3 class=\"wp-block-heading\"><span style=\"color: #000000;\">I seguim a:<\/span> <a href=\"https:\/\/agora.xtec.cat\/escolafalguera\/projecte-educatiu\/cultura-digital\/comissio-digital\/\">Comissi\u00f3 digital<\/a><\/h3>\n","protected":false},"excerpt":{"rendered":"<p>Es defineix coma cultura digital tot all\u00f2 que ja fem a l&#8217;escola. Des d&#8217;all\u00f2 m\u00e9s quotidi\u00e0 i plenament integrat fins a aquelles pr\u00e0ctiques noves que encara no compartim entre tots o que encara no tothom coneix i implementa.<\/p>\n<p>Un exemple de la nostra cultura digital \u00e9s&hellip;  <a href=\"https:\/\/agora.xtec.cat\/escolafalguera\/projecte-educatiu\/cultura-digital\/\" title=\"Read Cultura digital\">Llegeix m\u00e9s\u00bb<\/a><\/p>\n","protected":false},"author":1,"featured_media":0,"parent":64,"menu_order":40,"comment_status":"closed","ping_status":"closed","template":"","meta":{"_bbp_topic_count":0,"_bbp_reply_count":0,"_bbp_total_topic_count":0,"_bbp_total_reply_count":0,"_bbp_voice_count":0,"_bbp_anonymous_reply_count":0,"_bbp_topic_count_hidden":0,"_bbp_reply_count_hidden":0,"_bbp_forum_subforum_count":0,"footnotes":""},"class_list":["post-1939","page","type-page","status-publish","hentry"],"post_mailing_queue_ids":[],"_links":{"self":[{"href":"https:\/\/agora.xtec.cat\/escolafalguera\/wp-json\/wp\/v2\/pages\/1939","targetHints":{"allow":["GET"]}}],"collection":[{"href":"https:\/\/agora.xtec.cat\/escolafalguera\/wp-json\/wp\/v2\/pages"}],"about":[{"href":"https:\/\/agora.xtec.cat\/escolafalguera\/wp-json\/wp\/v2\/types\/page"}],"author":[{"embeddable":true,"href":"https:\/\/agora.xtec.cat\/escolafalguera\/wp-json\/wp\/v2\/users\/1"}],"replies":[{"embeddable":true,"href":"https:\/\/agora.xtec.cat\/escolafalguera\/wp-json\/wp\/v2\/comments?post=1939"}],"version-history":[{"count":6,"href":"https:\/\/agora.xtec.cat\/escolafalguera\/wp-json\/wp\/v2\/pages\/1939\/revisions"}],"predecessor-version":[{"id":3857,"href":"https:\/\/agora.xtec.cat\/escolafalguera\/wp-json\/wp\/v2\/pages\/1939\/revisions\/3857"}],"up":[{"embeddable":true,"href":"https:\/\/agora.xtec.cat\/escolafalguera\/wp-json\/wp\/v2\/pages\/64"}],"wp:attachment":[{"href":"https:\/\/agora.xtec.cat\/escolafalguera\/wp-json\/wp\/v2\/media?parent=1939"}],"curies":[{"name":"wp","href":"https:\/\/api.w.org\/{rel}","templated":true}]}}