{"id":1619,"date":"2022-11-16T22:30:42","date_gmt":"2022-11-16T21:30:42","guid":{"rendered":"https:\/\/agora.xtec.cat\/escolafalguera\/?page_id=1619"},"modified":"2026-02-12T21:14:41","modified_gmt":"2026-02-12T20:14:41","slug":"enllacos","status":"publish","type":"page","link":"https:\/\/agora.xtec.cat\/escolafalguera\/enllacos\/","title":{"rendered":"Enlla\u00e7os"},"content":{"rendered":"<h1>Aneu al men\u00fa desplegable i feu \u00fas dels links del men\u00fa que surt d&#8217;aquesta p\u00e0gina.<\/h1>\n<h1>S\u00f3n links funcionals pel dia a dia del docent i de l&#8217;administraci\u00f3 del centre.<\/h1>\n","protected":false},"excerpt":{"rendered":"<p>Aneu al men\u00fa desplegable i feu \u00fas dels links del men\u00fa que surt d&#8217;aquesta p\u00e0gina.<br \/>\nS\u00f3n links funcionals pel dia a dia del docent i de l&#8217;administraci\u00f3 del centre.<\/p>\n","protected":false},"author":1,"featured_media":0,"parent":0,"menu_order":0,"comment_status":"closed","ping_status":"closed","template":"","meta":{"_bbp_topic_count":0,"_bbp_reply_count":0,"_bbp_total_topic_count":0,"_bbp_total_reply_count":0,"_bbp_voice_count":0,"_bbp_anonymous_reply_count":0,"_bbp_topic_count_hidden":0,"_bbp_reply_count_hidden":0,"_bbp_forum_subforum_count":0,"footnotes":""},"class_list":["post-1619","page","type-page","status-publish","hentry"],"post_mailing_queue_ids":[],"_links":{"self":[{"href":"https:\/\/agora.xtec.cat\/escolafalguera\/wp-json\/wp\/v2\/pages\/1619","targetHints":{"allow":["GET"]}}],"collection":[{"href":"https:\/\/agora.xtec.cat\/escolafalguera\/wp-json\/wp\/v2\/pages"}],"about":[{"href":"https:\/\/agora.xtec.cat\/escolafalguera\/wp-json\/wp\/v2\/types\/page"}],"author":[{"embeddable":true,"href":"https:\/\/agora.xtec.cat\/escolafalguera\/wp-json\/wp\/v2\/users\/1"}],"replies":[{"embeddable":true,"href":"https:\/\/agora.xtec.cat\/escolafalguera\/wp-json\/wp\/v2\/comments?post=1619"}],"version-history":[{"count":3,"href":"https:\/\/agora.xtec.cat\/escolafalguera\/wp-json\/wp\/v2\/pages\/1619\/revisions"}],"predecessor-version":[{"id":3515,"href":"https:\/\/agora.xtec.cat\/escolafalguera\/wp-json\/wp\/v2\/pages\/1619\/revisions\/3515"}],"wp:attachment":[{"href":"https:\/\/agora.xtec.cat\/escolafalguera\/wp-json\/wp\/v2\/media?parent=1619"}],"curies":[{"name":"wp","href":"https:\/\/api.w.org\/{rel}","templated":true}]}}