{"id":672,"date":"2020-07-03T14:01:12","date_gmt":"2020-07-03T12:01:12","guid":{"rendered":"https:\/\/agora.xtec.cat\/escolaeuropa\/?page_id=672"},"modified":"2026-04-07T10:51:36","modified_gmt":"2026-04-07T08:51:36","slug":"llibres-i-material-ampa","status":"publish","type":"page","link":"https:\/\/agora.xtec.cat\/escolaeuropa\/ampa\/llibres-i-material-ampa\/","title":{"rendered":"Llibres i material AFA"},"content":{"rendered":"<p><strong>INFORMACI\u00d3 per adquirir els llibres i materials del curs 2025\/26 a l&#8217;AFA.<\/strong><\/p>\n<h2>DOCUMENTS PEL CURS 25-26<\/h2>\n<h2 style=\"text-align: left;\"><em>PROPERAMENT<\/em><\/h2>\n<table style=\"width: 45.5923%; height: 218px;\">\n<tbody>\n<tr style=\"height: 33px;\">\n<td style=\"width: 52.0505%; height: 33px;\">Qu\u00e8 fa l&#8217;AFA<\/td>\n<td style=\"width: 46.6877%; height: 33px;\"><a href=\"https:\/\/drive.google.com\/file\/d\/1_oK_mFeUbLvsXxDqScoeSoB7VmLrKfuG\/view?usp=sharing\" target=\"_blank\" rel=\"noopener\">Carta a les fam\u00edlies. Reserva de llibres.<\/a><\/td>\n<\/tr>\n<tr>\n<td style=\"width: 52.0505%;\">Educaci\u00f3 Infantil I3.<\/td>\n<td style=\"width: 46.6877%;\"><\/td>\n<\/tr>\n<tr>\n<td style=\"width: 52.0505%;\">Educaci\u00f3 Infantil I4.<\/td>\n<td style=\"width: 46.6877%;\">Educaci\u00f3 Infantil I5.Educaci\u00f3 Infantil I5. (Nombrosa i\/o monoparental)<\/td>\n<\/tr>\n<tr style=\"height: 119px;\">\n<td style=\"width: 52.0505%; height: 119px;\"><a href=\"https:\/\/drive.google.com\/file\/d\/1Z6Kd39Y5TOqtRZN3yPNEeyAqGQKKZyIP\/view?usp=sharing\" target=\"_blank\" rel=\"noopener\">Educaci\u00f3 Prim\u00e0ria\u00a0 1r.<\/a><a href=\"https:\/\/drive.google.com\/file\/d\/1ZxJbxMafsXdQX-a9nGZVdQ3WhbD2en_l\/view?usp=sharing\" target=\"_blank\" rel=\"noopener\">Educaci\u00f3 Prim\u00e0ria\u00a0 1r (Nombrosa i\/o monoparental)<\/a><\/td>\n<td style=\"width: 46.6877%; height: 119px;\"><a href=\"https:\/\/drive.google.com\/file\/d\/1zC5rbXrhYESWftM7FSbLTaz96O-GZt26\/view?usp=sharing\" target=\"_blank\" rel=\"noopener\">Educaci\u00f3 Prim\u00e0ria 2n.<\/a><a href=\"https:\/\/drive.google.com\/file\/d\/1jWtWDghq9Q7YUDEZ_OrErf-nZs61nwQf\/view?usp=sharing\" target=\"_blank\" rel=\"noopener\">Educaci\u00f3 Prim\u00e0ria\u00a0 2n.(Nombrosa i\/o monoparental)<\/a><\/td>\n<\/tr>\n<tr style=\"height: 33px;\">\n<td style=\"width: 52.0505%; height: 33px;\"><a href=\"https:\/\/drive.google.com\/file\/d\/1n4odGH4wKkP8Vxovp3uepEIDrzY1GDHr\/view?usp=sharing\" target=\"_blank\" rel=\"noopener\">Educaci\u00f3 Prim\u00e0ria 3r.<\/a><a href=\"https:\/\/drive.google.com\/file\/d\/112vs1K0mdmn1SkPWvROCOd_Vf8R-MsG-\/view?usp=sharing\" target=\"_blank\" rel=\"noopener\">Educaci\u00f3 Prim\u00e0ria. 3r.(Nombrosa i\/o monoparental)<\/a><\/td>\n<td style=\"width: 46.6877%; height: 33px;\"><a href=\"https:\/\/drive.google.com\/file\/d\/1SYDBJrNhLr4i2UlaewYWMYtxVULEp-Mx\/view?usp=sharing\" target=\"_blank\" rel=\"noopener\">Educaci\u00f3 Prim\u00e0ria 4t.<\/a><a href=\"https:\/\/drive.google.com\/file\/d\/1YQznoR2cHiig2nHmR9FLScJl_SRSm7JG\/view?usp=sharing\" target=\"_blank\" rel=\"noopener\">Educaci\u00f3 Prim\u00e0ria 4t (Nombrosa i\/o monoparental)<\/a><\/td>\n<\/tr>\n<tr style=\"height: 33px;\">\n<td style=\"width: 52.0505%; height: 33px;\"><a href=\"https:\/\/drive.google.com\/file\/d\/1i8NnwznlzISi5Pu7Z8O4irtUjNUvrT_F\/view?usp=sharing\" target=\"_blank\" rel=\"noopener\">Educaci\u00f3 Prim\u00e0ria\u00a0 5\u00e8.<\/a><a href=\"https:\/\/drive.google.com\/file\/d\/1wdRTJ4-I7cyvWQ1VjIZJF0X-s68QgM5-\/view?usp=sharing\" target=\"_blank\" rel=\"noopener\">Educaci\u00f3 Prim\u00e0ria 5\u00e8 (Nombrosa i\/o monoparental)<\/a><\/td>\n<td style=\"width: 46.6877%; height: 33px;\"><a href=\"https:\/\/drive.google.com\/file\/d\/1hd8d4m_G4v4fjrqWnPkpTqPTcHcSZGz7\/view?usp=sharing\" target=\"_blank\" rel=\"noopener\">Educaci\u00f3 Prim\u00e0ria 6\u00e8.<\/a><a href=\"https:\/\/drive.google.com\/file\/d\/1-lVR3VX2cOn1GvNyiWnpV1zGSEYuv6NS\/view?usp=sharing\" target=\"_blank\" rel=\"noopener\">Educaci\u00f3 Prim\u00e0ria 6\u00e8 (Nombrosa i\/o monoparental)<\/a><\/td>\n<\/tr>\n<\/tbody>\n<\/table>\n","protected":false},"excerpt":{"rendered":"<p>INFORMACI\u00d3 per adquirir els llibres i materials del curs 2025\/26 a l&#8217;AFA. DOCUMENTS PEL CURS 25-26 PROPERAMENT Qu\u00e8 fa l&#8217;AFA Carta a les fam\u00edlies. Reserva de llibres. Educaci\u00f3 Infantil I3. Educaci\u00f3 Infantil I4. Educaci\u00f3 Infantil I5.Educaci\u00f3 Infantil I5. (Nombrosa i\/o monoparental) Educaci\u00f3 Prim\u00e0ria\u00a0 1r.Educaci\u00f3 Prim\u00e0ria\u00a0 1r (Nombrosa i\/o monoparental) Educaci\u00f3 Prim\u00e0ria 2n.Educaci\u00f3 Prim\u00e0ria\u00a0 2n.(Nombrosa i\/o [&hellip;]<\/p>\n","protected":false},"author":3,"featured_media":0,"parent":670,"menu_order":0,"comment_status":"closed","ping_status":"closed","template":"","meta":{"_bbp_topic_count":0,"_bbp_reply_count":0,"_bbp_total_topic_count":0,"_bbp_total_reply_count":0,"_bbp_voice_count":0,"_bbp_anonymous_reply_count":0,"_bbp_topic_count_hidden":0,"_bbp_reply_count_hidden":0,"_bbp_forum_subforum_count":0,"site-sidebar-layout":"default","site-content-layout":"","ast-site-content-layout":"default","site-content-style":"default","site-sidebar-style":"default","ast-global-header-display":"","ast-banner-title-visibility":"","ast-main-header-display":"","ast-hfb-above-header-display":"","ast-hfb-below-header-display":"","ast-hfb-mobile-header-display":"","site-post-title":"","ast-breadcrumbs-content":"","ast-featured-img":"","footer-sml-layout":"","theme-transparent-header-meta":"","adv-header-id-meta":"","stick-header-meta":"","header-above-stick-meta":"","header-main-stick-meta":"","header-below-stick-meta":"","astra-migrate-meta-layouts":"set","ast-page-background-enabled":"default","ast-page-background-meta":{"desktop":{"background-color":"var(--ast-global-color-4)","background-image":"","background-repeat":"repeat","background-position":"center center","background-size":"auto","background-attachment":"scroll","background-type":"","background-media":"","overlay-type":"","overlay-color":"","overlay-opacity":"","overlay-gradient":""},"tablet":{"background-color":"","background-image":"","background-repeat":"repeat","background-position":"center center","background-size":"auto","background-attachment":"scroll","background-type":"","background-media":"","overlay-type":"","overlay-color":"","overlay-opacity":"","overlay-gradient":""},"mobile":{"background-color":"","background-image":"","background-repeat":"repeat","background-position":"center center","background-size":"auto","background-attachment":"scroll","background-type":"","background-media":"","overlay-type":"","overlay-color":"","overlay-opacity":"","overlay-gradient":""}},"ast-content-background-meta":{"desktop":{"background-color":"var(--ast-global-color-5)","background-image":"","background-repeat":"repeat","background-position":"center center","background-size":"auto","background-attachment":"scroll","background-type":"","background-media":"","overlay-type":"","overlay-color":"","overlay-opacity":"","overlay-gradient":""},"tablet":{"background-color":"var(--ast-global-color-5)","background-image":"","background-repeat":"repeat","background-position":"center center","background-size":"auto","background-attachment":"scroll","background-type":"","background-media":"","overlay-type":"","overlay-color":"","overlay-opacity":"","overlay-gradient":""},"mobile":{"background-color":"var(--ast-global-color-5)","background-image":"","background-repeat":"repeat","background-position":"center center","background-size":"auto","background-attachment":"scroll","background-type":"","background-media":"","overlay-type":"","overlay-color":"","overlay-opacity":"","overlay-gradient":""}},"footnotes":""},"class_list":["post-672","page","type-page","status-publish","hentry"],"post_mailing_queue_ids":[],"_links":{"self":[{"href":"https:\/\/agora.xtec.cat\/escolaeuropa\/wp-json\/wp\/v2\/pages\/672","targetHints":{"allow":["GET"]}}],"collection":[{"href":"https:\/\/agora.xtec.cat\/escolaeuropa\/wp-json\/wp\/v2\/pages"}],"about":[{"href":"https:\/\/agora.xtec.cat\/escolaeuropa\/wp-json\/wp\/v2\/types\/page"}],"author":[{"embeddable":true,"href":"https:\/\/agora.xtec.cat\/escolaeuropa\/wp-json\/wp\/v2\/users\/3"}],"replies":[{"embeddable":true,"href":"https:\/\/agora.xtec.cat\/escolaeuropa\/wp-json\/wp\/v2\/comments?post=672"}],"version-history":[{"count":6,"href":"https:\/\/agora.xtec.cat\/escolaeuropa\/wp-json\/wp\/v2\/pages\/672\/revisions"}],"predecessor-version":[{"id":4728,"href":"https:\/\/agora.xtec.cat\/escolaeuropa\/wp-json\/wp\/v2\/pages\/672\/revisions\/4728"}],"up":[{"embeddable":true,"href":"https:\/\/agora.xtec.cat\/escolaeuropa\/wp-json\/wp\/v2\/pages\/670"}],"wp:attachment":[{"href":"https:\/\/agora.xtec.cat\/escolaeuropa\/wp-json\/wp\/v2\/media?parent=672"}],"curies":[{"name":"wp","href":"https:\/\/api.w.org\/{rel}","templated":true}]}}