{"id":26,"date":"2014-09-18T12:24:32","date_gmt":"2014-09-18T11:24:32","guid":{"rendered":"http:\/\/agora.xtec.cat\/escolaeuropa\/?page_id=26"},"modified":"2026-04-07T10:54:44","modified_gmt":"2026-04-07T08:54:44","slug":"historia","status":"publish","type":"page","link":"https:\/\/agora.xtec.cat\/escolaeuropa\/lescola\/historia\/","title":{"rendered":"Hist\u00f2ria"},"content":{"rendered":"<p>L\u2019Escola Europa es constitu\u00ed legalment el setembre de 1983, amb 8 unitats d\u2019EGB i 2 de Preescolar i un total de 250 alumnes.<\/p>\n<p>La seva creaci\u00f3 fou fruit d\u2019un desdoblament de l\u2019Escola Sta. Maria del Mar.<\/p>\n<p>Es va ubicar en unes aules prefabricades a prop de la pla\u00e7a Europa i dues aules de Preescolar molt antigues situades al carrer Val\u00e8ncia, molt lluny de les altres. El creixement f\u00edsic durant els cursos successius signific\u00e0 la dispersi\u00f3 d\u2019aules per diversos locals comercials del carrer Barcelona.<\/p>\n<p>Despr\u00e9s de nombroses gestions i reivindicacions davant l\u2019administraci\u00f3 local i l\u2019auton\u00f2mica, la construcci\u00f3 de l\u2019escola es va fer parcialment a partir del curs 1987\/88 en qu\u00e8 es va estrenar la primera fase de l\u2019edifici i que es complet\u00e0 al curs seg\u00fcent.<\/p>\n<p>Del professorat que comen\u00e7\u00e0 l\u2019any 1983 cal dir que, tret de la Direcci\u00f3, el Cap d\u2019estudis i el Secretari, eren tots interins. Ara, amb els anys ja es compta amb un equip docent consolidat, cohesionat i amb tradici\u00f3 de treball al centre.<\/p>\n<p>L\u2019actitud de l\u2019alumnat i llurs fam\u00edlies vers l\u2019escola ha experimentat, tamb\u00e9, una notable transformaci\u00f3 des dels comen\u00e7aments, en qu\u00e8 rebutjaven el centre a causa d\u2019un canvi traum\u00e0tic en un indret lluny\u00e0 i precari, sense informaci\u00f3 clara del com i del per qu\u00e8 de la situaci\u00f3, fins a l\u2019actualitat, en qu\u00e8 l\u2019escola gaudeix d\u2019un prestigi de coher\u00e8ncia i continu\u00eftat.<\/p>\n<p>Comptem amb un edifici ben equipat, amb un equip de mestres for\u00e7a estable i una l\u00ednia pedag\u00f2gica que mira cap al futur.<\/p>\n","protected":false},"excerpt":{"rendered":"<p>L\u2019Escola Europa es constitu\u00ed legalment el setembre de 1983, amb 8 unitats d\u2019EGB i 2 de Preescolar i un total de 250 alumnes. La seva creaci\u00f3 fou fruit d\u2019un desdoblament de l\u2019Escola Sta. Maria del Mar. Es va ubicar en unes aules prefabricades a prop de la pla\u00e7a Europa i dues aules de Preescolar molt [&hellip;]<\/p>\n","protected":false},"author":1,"featured_media":0,"parent":22,"menu_order":1,"comment_status":"closed","ping_status":"closed","template":"","meta":{"_bbp_topic_count":0,"_bbp_reply_count":0,"_bbp_total_topic_count":0,"_bbp_total_reply_count":0,"_bbp_voice_count":0,"_bbp_anonymous_reply_count":0,"_bbp_topic_count_hidden":0,"_bbp_reply_count_hidden":0,"_bbp_forum_subforum_count":0,"site-sidebar-layout":"default","site-content-layout":"","ast-site-content-layout":"default","site-content-style":"default","site-sidebar-style":"default","ast-global-header-display":"","ast-banner-title-visibility":"","ast-main-header-display":"","ast-hfb-above-header-display":"","ast-hfb-below-header-display":"","ast-hfb-mobile-header-display":"","site-post-title":"","ast-breadcrumbs-content":"","ast-featured-img":"","footer-sml-layout":"","theme-transparent-header-meta":"","adv-header-id-meta":"","stick-header-meta":"","header-above-stick-meta":"","header-main-stick-meta":"","header-below-stick-meta":"","astra-migrate-meta-layouts":"set","ast-page-background-enabled":"default","ast-page-background-meta":{"desktop":{"background-color":"var(--ast-global-color-4)","background-image":"","background-repeat":"repeat","background-position":"center center","background-size":"auto","background-attachment":"scroll","background-type":"","background-media":"","overlay-type":"","overlay-color":"","overlay-opacity":"","overlay-gradient":""},"tablet":{"background-color":"","background-image":"","background-repeat":"repeat","background-position":"center center","background-size":"auto","background-attachment":"scroll","background-type":"","background-media":"","overlay-type":"","overlay-color":"","overlay-opacity":"","overlay-gradient":""},"mobile":{"background-color":"","background-image":"","background-repeat":"repeat","background-position":"center center","background-size":"auto","background-attachment":"scroll","background-type":"","background-media":"","overlay-type":"","overlay-color":"","overlay-opacity":"","overlay-gradient":""}},"ast-content-background-meta":{"desktop":{"background-color":"var(--ast-global-color-5)","background-image":"","background-repeat":"repeat","background-position":"center center","background-size":"auto","background-attachment":"scroll","background-type":"","background-media":"","overlay-type":"","overlay-color":"","overlay-opacity":"","overlay-gradient":""},"tablet":{"background-color":"var(--ast-global-color-5)","background-image":"","background-repeat":"repeat","background-position":"center center","background-size":"auto","background-attachment":"scroll","background-type":"","background-media":"","overlay-type":"","overlay-color":"","overlay-opacity":"","overlay-gradient":""},"mobile":{"background-color":"var(--ast-global-color-5)","background-image":"","background-repeat":"repeat","background-position":"center center","background-size":"auto","background-attachment":"scroll","background-type":"","background-media":"","overlay-type":"","overlay-color":"","overlay-opacity":"","overlay-gradient":""}},"footnotes":""},"class_list":["post-26","page","type-page","status-publish","hentry"],"post_mailing_queue_ids":[],"_links":{"self":[{"href":"https:\/\/agora.xtec.cat\/escolaeuropa\/wp-json\/wp\/v2\/pages\/26","targetHints":{"allow":["GET"]}}],"collection":[{"href":"https:\/\/agora.xtec.cat\/escolaeuropa\/wp-json\/wp\/v2\/pages"}],"about":[{"href":"https:\/\/agora.xtec.cat\/escolaeuropa\/wp-json\/wp\/v2\/types\/page"}],"author":[{"embeddable":true,"href":"https:\/\/agora.xtec.cat\/escolaeuropa\/wp-json\/wp\/v2\/users\/1"}],"replies":[{"embeddable":true,"href":"https:\/\/agora.xtec.cat\/escolaeuropa\/wp-json\/wp\/v2\/comments?post=26"}],"version-history":[{"count":2,"href":"https:\/\/agora.xtec.cat\/escolaeuropa\/wp-json\/wp\/v2\/pages\/26\/revisions"}],"predecessor-version":[{"id":4734,"href":"https:\/\/agora.xtec.cat\/escolaeuropa\/wp-json\/wp\/v2\/pages\/26\/revisions\/4734"}],"up":[{"embeddable":true,"href":"https:\/\/agora.xtec.cat\/escolaeuropa\/wp-json\/wp\/v2\/pages\/22"}],"wp:attachment":[{"href":"https:\/\/agora.xtec.cat\/escolaeuropa\/wp-json\/wp\/v2\/media?parent=26"}],"curies":[{"name":"wp","href":"https:\/\/api.w.org\/{rel}","templated":true}]}}