{"id":87,"date":"2014-09-18T14:28:12","date_gmt":"2014-09-18T13:28:12","guid":{"rendered":"http:\/\/agora.xtec.cat\/escolaestevebarrachina\/?page_id=87"},"modified":"2022-11-10T15:38:49","modified_gmt":"2022-11-10T14:38:49","slug":"nivells","status":"publish","type":"page","link":"https:\/\/agora.xtec.cat\/escolaestevebarrachina\/nivells\/","title":{"rendered":"Comunitats"},"content":{"rendered":"<p>En aquest apartat podeu trobar informaci\u00f3 de les diferents comunitats que tenim al centre i el nostre funcionament en cadascuna d&#8217;aquestes.<\/p>\n<ul>\n<li><a href=\"https:\/\/agora.xtec.cat\/escolaestevebarrachina\/nivells\/comunitat-de-petits\/\"><strong>Comunitat de petits:<\/strong><\/a> I3, I4 i I5<\/li>\n<li><a href=\"https:\/\/agora.xtec.cat\/escolaestevebarrachina\/nivells\/comunitat-de-mitjans\/\"><strong>Comunitat de mitjans:<\/strong><\/a> 1r, 2n i 3r de prim\u00e0ria<\/li>\n<li><a href=\"https:\/\/agora.xtec.cat\/escolaestevebarrachina\/nivells\/comunitat-de-grans\/\"><strong>Comunitat de grans:<\/strong><\/a> 4t, 5\u00e8 i 6\u00e8 de prim\u00e0ria<\/li>\n<\/ul>\n<p>A l&#8217;apartat del Blog de not\u00edcies podem trobar totes les not\u00edcies publicades des del centre durant el curs actual.<\/p>\n<ul>\n<li><a href=\"https:\/\/agora.xtec.cat\/escolaestevebarrachina\/categoria\/noticies\/\"><strong>Blog de not\u00edcies<\/strong><\/a><\/li>\n<\/ul>\n","protected":false},"excerpt":{"rendered":"<p>En aquest apartat podeu trobar informaci\u00f3 de les diferents comunitats que tenim al centre i el nostre funcionament en cadascuna d&#8217;aquestes.<\/p>\n<ul>\n<li><a href=\"https:\/\/agora.xtec.cat\/escolaestevebarrachina\/nivells\/comunitat-de-petits\/\">Comunitat de petits:<\/a> I3, I4 i I5<\/li>\n<li><a href=\"https:\/\/agora.xtec.cat\/escolaestevebarrachina\/nivells\/comunitat-de-mitjans\/\">Comunitat de mitjans:<\/a> 1r, 2n i 3r de prim\u00e0ria<\/li>\n<li><a href=\"https:\/\/agora.xtec.cat\/escolaestevebarrachina\/nivells\/comunitat-de-grans\/\">Comunitat de grans:<\/a> 4t, 5\u00e8 i 6\u00e8 de&hellip;  <a href=\"https:\/\/agora.xtec.cat\/escolaestevebarrachina\/nivells\/\" title=\"Read Comunitats\">Llegeix m\u00e9s\u00bb<\/a><br \/>\n","protected":false},"author":1,"featured_media":0,"parent":0,"menu_order":0,"comment_status":"closed","ping_status":"closed","template":"page-templates\/side-menu.php","meta":{"_bbp_topic_count":0,"_bbp_reply_count":0,"_bbp_total_topic_count":0,"_bbp_total_reply_count":0,"_bbp_voice_count":0,"_bbp_anonymous_reply_count":0,"_bbp_topic_count_hidden":0,"_bbp_reply_count_hidden":0,"_bbp_forum_subforum_count":0,"footnotes":""},"class_list":["post-87","page","type-page","status-publish","hentry"],"post_mailing_queue_ids":[],"_links":{"self":[{"href":"https:\/\/agora.xtec.cat\/escolaestevebarrachina\/wp-json\/wp\/v2\/pages\/87","targetHints":{"allow":["GET"]}}],"collection":[{"href":"https:\/\/agora.xtec.cat\/escolaestevebarrachina\/wp-json\/wp\/v2\/pages"}],"about":[{"href":"https:\/\/agora.xtec.cat\/escolaestevebarrachina\/wp-json\/wp\/v2\/types\/page"}],"author":[{"embeddable":true,"href":"https:\/\/agora.xtec.cat\/escolaestevebarrachina\/wp-json\/wp\/v2\/users\/1"}],"replies":[{"embeddable":true,"href":"https:\/\/agora.xtec.cat\/escolaestevebarrachina\/wp-json\/wp\/v2\/comments?post=87"}],"version-history":[{"count":3,"href":"https:\/\/agora.xtec.cat\/escolaestevebarrachina\/wp-json\/wp\/v2\/pages\/87\/revisions"}],"predecessor-version":[{"id":11837,"href":"https:\/\/agora.xtec.cat\/escolaestevebarrachina\/wp-json\/wp\/v2\/pages\/87\/revisions\/11837"}],"wp:attachment":[{"href":"https:\/\/agora.xtec.cat\/escolaestevebarrachina\/wp-json\/wp\/v2\/media?parent=87"}],"curies":[{"name":"wp","href":"https:\/\/api.w.org\/{rel}","templated":true}]}}

<p>En aquest apartat podeu trobar informació de les diferents comunitats que tenim al centre i el nostre funcionament en cadascuna d&#8217;aquestes.</p>
<ul>
<li><a href="https://agora.xtec.cat/escolaestevebarrachina/nivells/comunitat-de-petits/"><strong>Comunitat de petits:</strong></a> I3, I4 i I5</li>
<li><a href="https://agora.xtec.cat/escolaestevebarrachina/nivells/comunitat-de-mitjans/"><strong>Comunitat de mitjans:</strong></a> 1r, 2n i 3r de primària</li>
<li><a href="https://agora.xtec.cat/escolaestevebarrachina/nivells/comunitat-de-grans/"><strong>Comunitat de grans:</strong></a> 4t, 5è i 6è de primària</li>
</ul>
<p>A l&#8217;apartat del Blog de notícies podem trobar totes les notícies publicades des del centre durant el curs actual.</p>
<ul>
<li><a href="https://agora.xtec.cat/escolaestevebarrachina/categoria/noticies/"><strong>Blog de notícies</strong></a></li>
</ul>

<p>En aquest apartat podeu trobar informació de les diferents comunitats que tenim al centre i el nostre funcionament en cadascuna d&#8217;aquestes.</p>
<ul>
<li><a href="https://agora.xtec.cat/escolaestevebarrachina/nivells/comunitat-de-petits/">Comunitat de petits:</a> I3, I4 i I5</li>
<li><a href="https://agora.xtec.cat/escolaestevebarrachina/nivells/comunitat-de-mitjans/">Comunitat de mitjans:</a> 1r, 2n i 3r de primària</li>
<li><a href="https://agora.xtec.cat/escolaestevebarrachina/nivells/comunitat-de-grans/">Comunitat de grans:</a> 4t, 5è i 6è de&hellip;  <a href="https://agora.xtec.cat/escolaestevebarrachina/nivells/" title="Read Comunitats">Llegeix més»</a><br />
