{"id":835,"date":"2020-01-27T13:01:26","date_gmt":"2020-01-27T12:01:26","guid":{"rendered":"https:\/\/agora.xtec.cat\/escolaestevebarrachina\/?page_id=835"},"modified":"2022-11-08T16:05:12","modified_gmt":"2022-11-08T15:05:12","slug":"gran-concert-de-primavera","status":"publish","type":"page","link":"https:\/\/agora.xtec.cat\/escolaestevebarrachina\/projecte-educatiu\/gran-concert-de-primavera\/","title":{"rendered":"Gran Concert de Primavera"},"content":{"rendered":"<p><a href=\"https:\/\/agora.xtec.cat\/escolaestevebarrachina\/wp-content\/uploads\/usu1360\/2020\/01\/cp7.jpg\"><img loading=\"lazy\" decoding=\"async\" class=\"wp-image-846 aligncenter\" src=\"https:\/\/agora.xtec.cat\/escolaestevebarrachina\/wp-content\/uploads\/usu1360\/2020\/01\/cp7-1024x576.jpg\" alt=\"\" width=\"603\" height=\"339\" srcset=\"https:\/\/agora.xtec.cat\/escolaestevebarrachina\/wp-content\/uploads\/usu1360\/2020\/01\/cp7-1024x576.jpg 1024w, https:\/\/agora.xtec.cat\/escolaestevebarrachina\/wp-content\/uploads\/usu1360\/2020\/01\/cp7-300x169.jpg 300w, https:\/\/agora.xtec.cat\/escolaestevebarrachina\/wp-content\/uploads\/usu1360\/2020\/01\/cp7-768x432.jpg 768w, https:\/\/agora.xtec.cat\/escolaestevebarrachina\/wp-content\/uploads\/usu1360\/2020\/01\/cp7.jpg 1920w\" sizes=\"auto, (max-width: 603px) 100vw, 603px\" \/><\/a><\/p>\n<p>La nostra escola \u00e9s una escola molt musical.\u00a0 Entrem i sortim amb m\u00fasica, plantegem enigmes musicals a les fam\u00edlies, compartim espai amb l\u2019Escola Municipal de M\u00fasica Montserrat Almirall, tenim gran quantitat d\u2019instruments repartits per diferents aules, atenem la diversitat amb m\u00fasica i al llarg del curs duem a terme gran quantitat d\u2019activitats i projectes musicals.<\/p>\n<p>La majoria d\u2019aquestes activitats i projectes s\u00f3n espec\u00edfiques per a una comunitat determinada per\u00f2 a finals de maig celebrem el Gran Concert de Primavera en qu\u00e8 hi participa tota l\u2019escola.<\/p>\n<p><a href=\"https:\/\/agora.xtec.cat\/escolaestevebarrachina\/wp-content\/uploads\/usu1360\/2020\/01\/cp10.jpg\"><img loading=\"lazy\" decoding=\"async\" class=\"wp-image-849 aligncenter\" src=\"https:\/\/agora.xtec.cat\/escolaestevebarrachina\/wp-content\/uploads\/usu1360\/2020\/01\/cp10-1024x576.jpg\" alt=\"\" width=\"573\" height=\"322\" srcset=\"https:\/\/agora.xtec.cat\/escolaestevebarrachina\/wp-content\/uploads\/usu1360\/2020\/01\/cp10-1024x576.jpg 1024w, https:\/\/agora.xtec.cat\/escolaestevebarrachina\/wp-content\/uploads\/usu1360\/2020\/01\/cp10-300x169.jpg 300w, https:\/\/agora.xtec.cat\/escolaestevebarrachina\/wp-content\/uploads\/usu1360\/2020\/01\/cp10-768x432.jpg 768w, https:\/\/agora.xtec.cat\/escolaestevebarrachina\/wp-content\/uploads\/usu1360\/2020\/01\/cp10.jpg 1920w\" sizes=\"auto, (max-width: 573px) 100vw, 573px\" \/><\/a><\/p>\n<p>L\u2019objectiu d\u2019aquest concert no \u00e9s nom\u00e9s el mostrar a les fam\u00edlies el treball que fem a l\u2019aula de m\u00fasica durant el curs, sin\u00f3 que ens el plantegem com un projecte d\u2019escola on donem m\u00e9s import\u00e0ncia tot el proc\u00e9s de preparaci\u00f3 per damunt del resultat final, el qual permet els alumnes assolir compet\u00e8ncies art\u00edstiques i transversals, coneixements i valors, esdevenint una experi\u00e8ncia art\u00edstica significativa.<\/p>\n<p>L\u2019alumnat \u00e9s el protagonista d\u2019aquest projecte i \u00e9s el que s\u2019encarrega de triar el repertori, dissenyar coreografies i fer petits arranjaments instrumentals, estimulant, d\u2019aquesta manera la creativitat i el treball en equip. Aquesta feina es duu a terme de forma transversal des dels diferents \u00e0mbits des d\u2019on es treballen els textos, els decorats, el vestuari o petites investigacions sobre l\u2019eix tem\u00e0tic del concert com pot ser \u201cLa Primavera de Vivaldi\u201d, \u201cEls animals de la Selva\u201d o un \u201cTribut a Queen\u201d.<\/p>\n<p><a href=\"https:\/\/agora.xtec.cat\/escolaestevebarrachina\/wp-content\/uploads\/usu1360\/2020\/01\/cp8.jpg\"><img loading=\"lazy\" decoding=\"async\" class=\"wp-image-847 alignleft\" src=\"https:\/\/agora.xtec.cat\/escolaestevebarrachina\/wp-content\/uploads\/usu1360\/2020\/01\/cp8-1024x576.jpg\" alt=\"\" width=\"381\" height=\"214\" srcset=\"https:\/\/agora.xtec.cat\/escolaestevebarrachina\/wp-content\/uploads\/usu1360\/2020\/01\/cp8-1024x576.jpg 1024w, https:\/\/agora.xtec.cat\/escolaestevebarrachina\/wp-content\/uploads\/usu1360\/2020\/01\/cp8-300x169.jpg 300w, https:\/\/agora.xtec.cat\/escolaestevebarrachina\/wp-content\/uploads\/usu1360\/2020\/01\/cp8-768x432.jpg 768w, https:\/\/agora.xtec.cat\/escolaestevebarrachina\/wp-content\/uploads\/usu1360\/2020\/01\/cp8.jpg 1920w\" sizes=\"auto, (max-width: 381px) 100vw, 381px\" \/>\u00a0 <\/a><a href=\"https:\/\/agora.xtec.cat\/escolaestevebarrachina\/wp-content\/uploads\/usu1360\/2020\/01\/cp6.jpg\"><img loading=\"lazy\" decoding=\"async\" class=\"wp-image-845 alignright\" src=\"https:\/\/agora.xtec.cat\/escolaestevebarrachina\/wp-content\/uploads\/usu1360\/2020\/01\/cp6-1024x576.jpg\" alt=\"\" width=\"384\" height=\"216\" srcset=\"https:\/\/agora.xtec.cat\/escolaestevebarrachina\/wp-content\/uploads\/usu1360\/2020\/01\/cp6-1024x576.jpg 1024w, https:\/\/agora.xtec.cat\/escolaestevebarrachina\/wp-content\/uploads\/usu1360\/2020\/01\/cp6-300x169.jpg 300w, https:\/\/agora.xtec.cat\/escolaestevebarrachina\/wp-content\/uploads\/usu1360\/2020\/01\/cp6-768x432.jpg 768w, https:\/\/agora.xtec.cat\/escolaestevebarrachina\/wp-content\/uploads\/usu1360\/2020\/01\/cp6.jpg 1920w\" sizes=\"auto, (max-width: 384px) 100vw, 384px\" \/><\/a><\/p>\n<p>&nbsp;<\/p>\n<p>&nbsp;<\/p>\n<p>&nbsp;<\/p>\n<p>&nbsp;<\/p>\n<p>&nbsp;<\/p>\n<p>El Gran Concert de Primavera engloba tamb\u00e9 la feina feta des dels projectes <strong><a href=\"https:\/\/agora.xtec.cat\/escolaestevebarrachina\/projecte-educatiu\/dansa-ara\/\">Dansa Ara<\/a><\/strong>, \u00a0<strong><a href=\"https:\/\/agora.xtec.cat\/escolaestevebarrachina\/projecte-educatiu\/musicoterapia\/\">Musicoter\u00e0pia<\/a><\/strong> (promovent la inclusi\u00f3 de tot l\u2019alumnat), <strong><a href=\"https:\/\/agora.xtec.cat\/escolaestevebarrachina\/projecte-educatiu\/musica-i-comunitat\/\">M\u00fasica i Comunitat<\/a><\/strong> i altres de les activitats musicals realitzades al llarg del curs.<\/p>\n<p>&nbsp;<\/p>\n<p><a href=\"https:\/\/agora.xtec.cat\/escolaestevebarrachina\/wp-content\/uploads\/usu1360\/2020\/01\/cp2.jpg\"><img loading=\"lazy\" decoding=\"async\" class=\"wp-image-842 aligncenter\" src=\"https:\/\/agora.xtec.cat\/escolaestevebarrachina\/wp-content\/uploads\/usu1360\/2020\/01\/cp2.jpg\" alt=\"\" width=\"390\" height=\"292\" srcset=\"https:\/\/agora.xtec.cat\/escolaestevebarrachina\/wp-content\/uploads\/usu1360\/2020\/01\/cp2.jpg 960w, https:\/\/agora.xtec.cat\/escolaestevebarrachina\/wp-content\/uploads\/usu1360\/2020\/01\/cp2-300x225.jpg 300w, https:\/\/agora.xtec.cat\/escolaestevebarrachina\/wp-content\/uploads\/usu1360\/2020\/01\/cp2-768x576.jpg 768w, https:\/\/agora.xtec.cat\/escolaestevebarrachina\/wp-content\/uploads\/usu1360\/2020\/01\/cp2-200x150.jpg 200w\" sizes=\"auto, (max-width: 390px) 100vw, 390px\" \/><\/a><\/p>\n<p><a href=\"https:\/\/agora.xtec.cat\/escolaestevebarrachina\/wp-content\/uploads\/usu1360\/2020\/01\/cp4.jpg\"><img loading=\"lazy\" decoding=\"async\" class=\"wp-image-839 aligncenter\" src=\"https:\/\/agora.xtec.cat\/escolaestevebarrachina\/wp-content\/uploads\/usu1360\/2020\/01\/cp4.jpg\" alt=\"\" width=\"407\" height=\"305\" srcset=\"https:\/\/agora.xtec.cat\/escolaestevebarrachina\/wp-content\/uploads\/usu1360\/2020\/01\/cp4.jpg 960w, https:\/\/agora.xtec.cat\/escolaestevebarrachina\/wp-content\/uploads\/usu1360\/2020\/01\/cp4-300x225.jpg 300w, https:\/\/agora.xtec.cat\/escolaestevebarrachina\/wp-content\/uploads\/usu1360\/2020\/01\/cp4-768x576.jpg 768w, https:\/\/agora.xtec.cat\/escolaestevebarrachina\/wp-content\/uploads\/usu1360\/2020\/01\/cp4-200x150.jpg 200w\" sizes=\"auto, (max-width: 407px) 100vw, 407px\" \/><\/a><\/p>\n<p>&nbsp;<\/p>\n<p><a href=\"https:\/\/agora.xtec.cat\/escolaestevebarrachina\/wp-content\/uploads\/usu1360\/2020\/01\/cp3.jpg\"><br \/>\n<img loading=\"lazy\" decoding=\"async\" class=\"wp-image-843 aligncenter\" src=\"https:\/\/agora.xtec.cat\/escolaestevebarrachina\/wp-content\/uploads\/usu1360\/2020\/01\/cp3.jpg\" alt=\"\" width=\"415\" height=\"312\" srcset=\"https:\/\/agora.xtec.cat\/escolaestevebarrachina\/wp-content\/uploads\/usu1360\/2020\/01\/cp3.jpg 960w, https:\/\/agora.xtec.cat\/escolaestevebarrachina\/wp-content\/uploads\/usu1360\/2020\/01\/cp3-300x225.jpg 300w, https:\/\/agora.xtec.cat\/escolaestevebarrachina\/wp-content\/uploads\/usu1360\/2020\/01\/cp3-768x576.jpg 768w, https:\/\/agora.xtec.cat\/escolaestevebarrachina\/wp-content\/uploads\/usu1360\/2020\/01\/cp3-200x150.jpg 200w\" sizes=\"auto, (max-width: 415px) 100vw, 415px\" \/><\/a><\/p>\n<p>&nbsp;<\/p>\n<p>Els projectes i activitats de m\u00fasica i dansa que fem al llarg del curs s\u00f3n els seg\u00fcents:<\/p>\n<ul>\n<li>Projecte M\u00fasica i Comunitat (4t i 5\u00e8)<\/li>\n<li>Projecte de Musicoter\u00e0pia\u00a0 (alumnes de l\u2019aula SIEI)<\/li>\n<li>Setmana de la m\u00fasica: Audicions i tallers que relacionen la m\u00fasica amb el cinema, el reciclatge, les emocions, les fam\u00edlies d\u2019instruments i la cultura africana. Intercanvis musicals entre nivells. I lectures i contes sobre m\u00fasica \u00a0(tot el centre)<\/li>\n<li>Concert de Santa Cec\u00edlia: A c\u00e0rrec dels alumnes que estudien a l\u2019Escola Municipal de M\u00fasica i dels alumnes SIEI<\/li>\n<li>Taller de l\u2019Escola Municipal de M\u00fasica \u00a0(varia segons el curs)<\/li>\n<li>Entrades i sortides amb m\u00fasica\u00a0 (tot el centre)<\/li>\n<li>Enigmes musicals (Comunitat de Grans)<\/li>\n<li>Cantada de nadales per a les fam\u00edlies (tot el centre)<\/li>\n<li>Cantada de nadales en una resid\u00e8ncia per a gent gran (Comunitat de Petits)<\/li>\n<li>Gravaci\u00f3 d\u2019una nadala al Canal Blau de televisi\u00f3 local (I5)<\/li>\n<li>Projecte 2020 Any Beethoven\u00a0 (tot el centre)<\/li>\n<li>Festival de Jazz Antic\u00a0 \u00a0(1r i 6\u00e8)<\/li>\n<li>Concert de Gralles\u00a0 (Comunitat de Petits)<\/li>\n<li>Taller Creatiu de Composici\u00f3 Musical (tot el centre)<\/li>\n<li>Dansa Ara (2n)<\/li>\n<li>Taller de sardanes\u00a0 (3r)<\/li>\n<li>Tallers de Balls Populars \u00a0(Comunitat de Mitjans i Grans)<\/li>\n<li>Gran Concert de Primavera\u00a0 (tot el centre)<a href=\"https:\/\/agora.xtec.cat\/escolaestevebarrachina\/wp-content\/uploads\/usu1360\/2020\/01\/cp.jpg\"><img loading=\"lazy\" decoding=\"async\" class=\"wp-image-841 aligncenter\" src=\"https:\/\/agora.xtec.cat\/escolaestevebarrachina\/wp-content\/uploads\/usu1360\/2020\/01\/cp.jpg\" alt=\"\" width=\"535\" height=\"401\" srcset=\"https:\/\/agora.xtec.cat\/escolaestevebarrachina\/wp-content\/uploads\/usu1360\/2020\/01\/cp.jpg 960w, https:\/\/agora.xtec.cat\/escolaestevebarrachina\/wp-content\/uploads\/usu1360\/2020\/01\/cp-300x225.jpg 300w, https:\/\/agora.xtec.cat\/escolaestevebarrachina\/wp-content\/uploads\/usu1360\/2020\/01\/cp-768x576.jpg 768w, https:\/\/agora.xtec.cat\/escolaestevebarrachina\/wp-content\/uploads\/usu1360\/2020\/01\/cp-200x150.jpg 200w\" sizes=\"auto, (max-width: 535px) 100vw, 535px\" \/><\/a><\/li>\n<li><a href=\"https:\/\/agora.xtec.cat\/escolaestevebarrachina\/wp-content\/uploads\/usu1360\/2020\/01\/cp5.jpg\"><img loading=\"lazy\" decoding=\"async\" class=\"wp-image-844 aligncenter\" src=\"https:\/\/agora.xtec.cat\/escolaestevebarrachina\/wp-content\/uploads\/usu1360\/2020\/01\/cp5.jpg\" alt=\"\" width=\"543\" height=\"407\" srcset=\"https:\/\/agora.xtec.cat\/escolaestevebarrachina\/wp-content\/uploads\/usu1360\/2020\/01\/cp5.jpg 960w, https:\/\/agora.xtec.cat\/escolaestevebarrachina\/wp-content\/uploads\/usu1360\/2020\/01\/cp5-300x225.jpg 300w, https:\/\/agora.xtec.cat\/escolaestevebarrachina\/wp-content\/uploads\/usu1360\/2020\/01\/cp5-768x576.jpg 768w, https:\/\/agora.xtec.cat\/escolaestevebarrachina\/wp-content\/uploads\/usu1360\/2020\/01\/cp5-200x150.jpg 200w\" sizes=\"auto, (max-width: 543px) 100vw, 543px\" \/><\/a><\/li>\n<\/ul>\n","protected":false},"excerpt":{"rendered":"<p><a href=\"https:\/\/agora.xtec.cat\/escolaestevebarrachina\/wp-content\/uploads\/usu1360\/2020\/01\/cp7.jpg\"><\/a><br \/>\nLa nostra escola \u00e9s una escola molt musical.\u00a0 Entrem i sortim amb m\u00fasica, plantegem enigmes musicals a les fam\u00edlies, compartim espai amb l\u2019Escola Municipal de M\u00fasica Montserrat Almirall, tenim gran quantitat d\u2019instruments repartits per diferents aules, atenem la diversitat amb m\u00fasica i al llarg&hellip;  <a href=\"https:\/\/agora.xtec.cat\/escolaestevebarrachina\/projecte-educatiu\/gran-concert-de-primavera\/\" title=\"Read Gran Concert de Primavera\">Llegeix m\u00e9s\u00bb<\/a><\/p>\n","protected":false},"author":1,"featured_media":0,"parent":64,"menu_order":130,"comment_status":"closed","ping_status":"closed","template":"page-templates\/side-menu.php","meta":{"_bbp_topic_count":0,"_bbp_reply_count":0,"_bbp_total_topic_count":0,"_bbp_total_reply_count":0,"_bbp_voice_count":0,"_bbp_anonymous_reply_count":0,"_bbp_topic_count_hidden":0,"_bbp_reply_count_hidden":0,"_bbp_forum_subforum_count":0,"footnotes":""},"class_list":["post-835","page","type-page","status-publish","hentry"],"post_mailing_queue_ids":[],"_links":{"self":[{"href":"https:\/\/agora.xtec.cat\/escolaestevebarrachina\/wp-json\/wp\/v2\/pages\/835","targetHints":{"allow":["GET"]}}],"collection":[{"href":"https:\/\/agora.xtec.cat\/escolaestevebarrachina\/wp-json\/wp\/v2\/pages"}],"about":[{"href":"https:\/\/agora.xtec.cat\/escolaestevebarrachina\/wp-json\/wp\/v2\/types\/page"}],"author":[{"embeddable":true,"href":"https:\/\/agora.xtec.cat\/escolaestevebarrachina\/wp-json\/wp\/v2\/users\/1"}],"replies":[{"embeddable":true,"href":"https:\/\/agora.xtec.cat\/escolaestevebarrachina\/wp-json\/wp\/v2\/comments?post=835"}],"version-history":[{"count":4,"href":"https:\/\/agora.xtec.cat\/escolaestevebarrachina\/wp-json\/wp\/v2\/pages\/835\/revisions"}],"predecessor-version":[{"id":11827,"href":"https:\/\/agora.xtec.cat\/escolaestevebarrachina\/wp-json\/wp\/v2\/pages\/835\/revisions\/11827"}],"up":[{"embeddable":true,"href":"https:\/\/agora.xtec.cat\/escolaestevebarrachina\/wp-json\/wp\/v2\/pages\/64"}],"wp:attachment":[{"href":"https:\/\/agora.xtec.cat\/escolaestevebarrachina\/wp-json\/wp\/v2\/media?parent=835"}],"curies":[{"name":"wp","href":"https:\/\/api.w.org\/{rel}","templated":true}]}}