{"id":826,"date":"2020-01-24T12:12:07","date_gmt":"2020-01-24T11:12:07","guid":{"rendered":"https:\/\/agora.xtec.cat\/escolaestevebarrachina\/?page_id=826"},"modified":"2022-11-10T15:55:16","modified_gmt":"2022-11-10T14:55:16","slug":"ambients-daprenentatge","status":"publish","type":"page","link":"https:\/\/agora.xtec.cat\/escolaestevebarrachina\/nivells\/comunitat-de-petits\/ambients-daprenentatge\/","title":{"rendered":"Ambients d&#8217;aprenentatge"},"content":{"rendered":"<p>A la Comunitat de Petits treballem per <strong>ambients d\u2019aprenentatge<\/strong>.<\/p>\n<p><span style=\"font-weight: 400;\">El treball mitjan\u00e7ant ambients d&#8217;aprenentatge consisteix, b\u00e0sicament, en una manera diferent d&#8217;organitzar els alumnes, l&#8217;espai i els materials per tal de propiciar i construir un lloc d&#8217;aprenentatge que sorgeix espont\u00e0niament. Canviant el concepte de grup-classe, els alumnes continuen tenint una mestra de refer\u00e8ncia, per\u00f2 a l&#8217;hora de treballar per ambients els alumnes es barregen entre les diferents aules (3, 4 i 5 anys), compartint espais, ja que s\u00f3n comuns i compartits per tots, cada aula \u00e9s un ambient. En aquest ambient, l&#8217;infant \u00e9s el protagonista i constructor del seu propi aprenentatge.\u00a0<\/span><\/p>\n<p><span style=\"font-weight: 400;\">Els ambients s\u00f3n diferents espais d\u2019aprenentatge, de relaci\u00f3 i comunicaci\u00f3 on a partir de diferents propostes els infants poden actuar, observar, experimentar, construir, inventar, imaginar, compartir, relacionar-se, emocionar-se\u2026i interactuar amb els altres.<\/span><\/p>\n<p><span style=\"font-weight: 400;\">Aquest plantejament de treball \u00a0respon a la necessitat que mostren els infants de jugar i relacionar-se. \u00c9s una manera de poder donar resposta als interessos i necessitats dels infants i respectar els diferents ritmes d\u2019aprenentatge. <\/span><span style=\"font-weight: 400;\">Els ambients \u00e9s escola viva.<\/span><\/p>\n<p><strong>QUINS AMBIENTS OFERIM?<\/strong><\/p>\n<ul>\n<li>Ambient Llum i ombres.<\/li>\n<li>Ambient El M\u00f3n.<\/li>\n<li>Ambient de N\u00fameros.<\/li>\n<li>Ambient La F\u00e0brica de Paraules.<\/li>\n<li>Ambient de Construccions.<\/li>\n<li>Ambient de La Vila.<\/li>\n<li>Ambient dels Artistes.<\/li>\n<li>Ambient de Moviment.<\/li>\n<\/ul>\n<p>&nbsp;<\/p>\n","protected":false},"excerpt":{"rendered":"<p>A la Comunitat de Petits treballem per ambients d\u2019aprenentatge.<br \/>\nEl treball mitjan\u00e7ant ambients d&#8217;aprenentatge consisteix, b\u00e0sicament, en una manera diferent d&#8217;organitzar els alumnes, l&#8217;espai i els materials per tal de propiciar i construir un lloc d&#8217;aprenentatge que sorgeix espont\u00e0niament. Canviant el concepte de grup-classe, els alumnes&hellip;  <a href=\"https:\/\/agora.xtec.cat\/escolaestevebarrachina\/nivells\/comunitat-de-petits\/ambients-daprenentatge\/\" title=\"Read Ambients d&#8217;aprenentatge\">Llegeix m\u00e9s\u00bb<\/a><\/p>\n","protected":false},"author":1,"featured_media":0,"parent":727,"menu_order":1,"comment_status":"closed","ping_status":"closed","template":"page-templates\/side-menu.php","meta":{"_bbp_topic_count":0,"_bbp_reply_count":0,"_bbp_total_topic_count":0,"_bbp_total_reply_count":0,"_bbp_voice_count":0,"_bbp_anonymous_reply_count":0,"_bbp_topic_count_hidden":0,"_bbp_reply_count_hidden":0,"_bbp_forum_subforum_count":0,"footnotes":""},"class_list":["post-826","page","type-page","status-publish","hentry"],"post_mailing_queue_ids":[],"_links":{"self":[{"href":"https:\/\/agora.xtec.cat\/escolaestevebarrachina\/wp-json\/wp\/v2\/pages\/826","targetHints":{"allow":["GET"]}}],"collection":[{"href":"https:\/\/agora.xtec.cat\/escolaestevebarrachina\/wp-json\/wp\/v2\/pages"}],"about":[{"href":"https:\/\/agora.xtec.cat\/escolaestevebarrachina\/wp-json\/wp\/v2\/types\/page"}],"author":[{"embeddable":true,"href":"https:\/\/agora.xtec.cat\/escolaestevebarrachina\/wp-json\/wp\/v2\/users\/1"}],"replies":[{"embeddable":true,"href":"https:\/\/agora.xtec.cat\/escolaestevebarrachina\/wp-json\/wp\/v2\/comments?post=826"}],"version-history":[{"count":2,"href":"https:\/\/agora.xtec.cat\/escolaestevebarrachina\/wp-json\/wp\/v2\/pages\/826\/revisions"}],"predecessor-version":[{"id":11844,"href":"https:\/\/agora.xtec.cat\/escolaestevebarrachina\/wp-json\/wp\/v2\/pages\/826\/revisions\/11844"}],"up":[{"embeddable":true,"href":"https:\/\/agora.xtec.cat\/escolaestevebarrachina\/wp-json\/wp\/v2\/pages\/727"}],"wp:attachment":[{"href":"https:\/\/agora.xtec.cat\/escolaestevebarrachina\/wp-json\/wp\/v2\/media?parent=826"}],"curies":[{"name":"wp","href":"https:\/\/api.w.org\/{rel}","templated":true}]}}

<p>A la Comunitat de Petits treballem per <strong>ambients d’aprenentatge</strong>.</p>
<p><span style="font-weight: 400;">El treball mitjançant ambients d&#8217;aprenentatge consisteix, bàsicament, en una manera diferent d&#8217;organitzar els alumnes, l&#8217;espai i els materials per tal de propiciar i construir un lloc d&#8217;aprenentatge que sorgeix espontàniament. Canviant el concepte de grup-classe, els alumnes continuen tenint una mestra de referència, però a l&#8217;hora de treballar per ambients els alumnes es barregen entre les diferents aules (3, 4 i 5 anys), compartint espais, ja que són comuns i compartits per tots, cada aula és un ambient. En aquest ambient, l&#8217;infant és el protagonista i constructor del seu propi aprenentatge. </span></p>
<p><span style="font-weight: 400;">Els ambients són diferents espais d’aprenentatge, de relació i comunicació on a partir de diferents propostes els infants poden actuar, observar, experimentar, construir, inventar, imaginar, compartir, relacionar-se, emocionar-se…i interactuar amb els altres.</span></p>
<p><span style="font-weight: 400;">Aquest plantejament de treball  respon a la necessitat que mostren els infants de jugar i relacionar-se. És una manera de poder donar resposta als interessos i necessitats dels infants i respectar els diferents ritmes d’aprenentatge. </span><span style="font-weight: 400;">Els ambients és escola viva.</span></p>
<p><strong>QUINS AMBIENTS OFERIM?</strong></p>
<ul>
<li>Ambient Llum i ombres.</li>
<li>Ambient El Món.</li>
<li>Ambient de Números.</li>
<li>Ambient La Fàbrica de Paraules.</li>
<li>Ambient de Construccions.</li>
<li>Ambient de La Vila.</li>
<li>Ambient dels Artistes.</li>
<li>Ambient de Moviment.</li>
</ul>
<p>&nbsp;</p>

<p>A la Comunitat de Petits treballem per ambients d’aprenentatge.<br />
El treball mitjançant ambients d&#8217;aprenentatge consisteix, bàsicament, en una manera diferent d&#8217;organitzar els alumnes, l&#8217;espai i els materials per tal de propiciar i construir un lloc d&#8217;aprenentatge que sorgeix espontàniament. Canviant el concepte de grup-classe, els alumnes&hellip;  <a href="https://agora.xtec.cat/escolaestevebarrachina/nivells/comunitat-de-petits/ambients-daprenentatge/" title="Read Ambients d&#8217;aprenentatge">Llegeix més»</a></p>
