{"id":740,"date":"2019-11-13T22:17:44","date_gmt":"2019-11-13T21:17:44","guid":{"rendered":"https:\/\/agora.xtec.cat\/escolaestevebarrachina\/?page_id=740"},"modified":"2023-02-28T16:14:39","modified_gmt":"2023-02-28T15:14:39","slug":"ambients-daprenentatge","status":"publish","type":"page","link":"https:\/\/agora.xtec.cat\/escolaestevebarrachina\/nivells\/comunitat-de-mitjans\/ambients-daprenentatge\/","title":{"rendered":"Ambients d&#8217;aprenentatge"},"content":{"rendered":"<p>Un <strong>ambient<\/strong> no \u00e9s nom\u00e9s la ubicaci\u00f3 f\u00edsica d\u2019uan s\u00e8rie d\u2019objectes, sin\u00f3 la <strong>possibilitat real de la interacci\u00f3 i apropiaci\u00f3<\/strong> per part de les persones que es troben en l\u2019ambient.<\/p>\n<p>Els ambients s\u00f3n espais amb <strong>diferents propostes i materials variats,<\/strong> dissenyat perqu\u00e8 els infants puguin <strong>construir els seus propis aprenentatges<\/strong> a partir del joc, l\u2019exploraci\u00f3, l\u2019experimentaci\u00f3, la interpretaci\u00f3, el treball cooperatiu. Els aprenentatges es basen a partir de l\u2019inter\u00e8s i el plaer dels alumnes.<\/p>\n<p>A partir dels ambients, <strong>pretenem:<\/strong><\/p>\n<ul>\n<li>Formar persones amb esperit cr\u00edtic capaces de proporcionar canvis a la societat.<\/li>\n<li>Respecte als processos de vida i als processos d\u2019aprenentatge.<\/li>\n<li>Que l\u2019alumne \u00e9s qui construeix i regula els seu propi aprenentatge.<\/li>\n<li>Aprenentatge per descobriment.<\/li>\n<li>Autonomia i autocorrecci\u00f3.<\/li>\n<\/ul>\n<p>Actualment oferim <strong>10\u00a0ambients diferents<\/strong>:<\/p>\n<table style=\"width: 157.613%; height: 848px;\" width=\"0\">\n<tbody>\n<tr style=\"height: 78px;\">\n<td style=\"width: 12.1887%; height: 78px;\"><strong>La Botiga<\/strong><\/td>\n<td style=\"width: 86.7628%; height: 78px;\"><strong>\u00c0REES: matem\u00e0tiques<br \/>\n<\/strong>Numeraci\u00f3 i c\u00e0lcul, estad\u00edstica i atzar, mesura, relacions espacial i resoluci\u00f3 de problemes.<\/td>\n<\/tr>\n<tr style=\"height: 61px;\">\n<td style=\"width: 12.1887%; height: 61px;\"><strong>El Taller<\/strong><\/td>\n<td style=\"width: 86.7628%; height: 61px;\"><strong>\u00c0REES: matem\u00e0tiques, visual i pl\u00e1stica<br \/>\n<\/strong>Volum, espai, creativitat, disseny i construcci\u00f3.<\/td>\n<\/tr>\n<tr style=\"height: 95px;\">\n<td style=\"width: 12.1887%; height: 95px;\"><strong>Paraules M\u00e0giques<\/strong><\/td>\n<td style=\"width: 86.7628%; height: 95px;\"><strong>\u00c0REES: llengua catalana i castellana<br \/>\n<\/strong>Comunicaci\u00f3 oral, comprensi\u00f3 lectora i expressi\u00f3 escrita, educaci\u00f3 liter\u00e0ria.<\/td>\n<\/tr>\n<tr style=\"height: 95px;\">\n<td style=\"width: 12.1887%; height: 95px;\"><strong>Biosfera<\/strong><\/td>\n<td style=\"width: 86.7628%; height: 95px;\"><strong>\u00c0REES: coneixement del medi natural<br \/>\n<\/strong>El m\u00f3n dels \u00e9ssers vius, animals, cos hum\u00e0, h\u00e0bits saludables, activitat cient\u00edfica.<\/td>\n<\/tr>\n<tr style=\"height: 95px;\">\n<td style=\"width: 12.1887%; height: 95px;\"><strong>Arrels<\/strong><\/td>\n<td style=\"width: 86.7628%; height: 95px;\"><strong>\u00c0REES: coneixement del medi social<br \/>\n<\/strong>Persones, cultures i societat, entorn, rob\u00f2tica, canvis i continu\u00eftat en el temps, mat\u00e8ria i energia.<\/td>\n<\/tr>\n<tr style=\"height: 95px;\">\n<td style=\"width: 12.1887%; height: 95px;\"><strong>Pangea<\/strong><\/td>\n<td style=\"width: 86.7628%; height: 95px;\"><strong>\u00c0REES: Coneixement del medi natural i social<br \/>\n<\/strong>Sistema solar, la Terra, mapes, tipus de paisatges, banderes, minerals, fen\u00f2mens atmosf\u00e8rics.<\/td>\n<\/tr>\n<tr style=\"height: 117px;\">\n<td style=\"width: 12.1887%; height: 117px;\"><strong>Arty Kids<\/strong><\/td>\n<td style=\"width: 86.7628%; height: 117px;\"><strong>\u00c0REES: llengua anglesa i visual i pl\u00e0stica<br \/>\n<\/strong>Imaginaci\u00f3 i creativitat , t\u00e8cniques art\u00edstiques, treball amb materials i recursos diversos en llengua anglesa.<\/td>\n<\/tr>\n<tr style=\"height: 117px;\">\n<td style=\"width: 12.1887%; height: 117px;\"><strong>Circ \/ Teatre<\/strong><\/td>\n<td style=\"width: 86.7628%; height: 117px;\"><strong>\u00c0REES: educaci\u00f3 f\u00edsica<br \/>\n<\/strong>Coneixement del cos, salut i higiene, expressi\u00f3 corporal, habilitats f\u00edsiques b\u00e0siques, i coordinaci\u00f3 i equilibri.<\/td>\n<\/tr>\n<tr style=\"height: 95px;\">\n<td style=\"width: 12.1887%; height: 95px;\"><strong>L\u2019\u00c0gora<\/strong><\/td>\n<td style=\"width: 86.7628%; height: 95px;\"><strong>\u00c0REES: valors, matem\u00e0tiques i llengua<br \/>\n<\/strong>Raonament, estrat\u00e8gia, cooperaci\u00f3, l\u00f2gica, habilitats socials.<\/td>\n<\/tr>\n<\/tbody>\n<\/table>\n","protected":false},"excerpt":{"rendered":"<p>Un ambient no \u00e9s nom\u00e9s la ubicaci\u00f3 f\u00edsica d\u2019uan s\u00e8rie d\u2019objectes, sin\u00f3 la possibilitat real de la interacci\u00f3 i apropiaci\u00f3 per part de les persones que es troben en l\u2019ambient.<br \/>\nEls ambients s\u00f3n espais amb diferents propostes i materials variats, dissenyat perqu\u00e8 els infants puguin construir&hellip;  <a href=\"https:\/\/agora.xtec.cat\/escolaestevebarrachina\/nivells\/comunitat-de-mitjans\/ambients-daprenentatge\/\" title=\"Read Ambients d&#8217;aprenentatge\">Llegeix m\u00e9s\u00bb<\/a><\/p>\n","protected":false},"author":1,"featured_media":0,"parent":729,"menu_order":21,"comment_status":"closed","ping_status":"closed","template":"page-templates\/side-menu.php","meta":{"_bbp_topic_count":0,"_bbp_reply_count":0,"_bbp_total_topic_count":0,"_bbp_total_reply_count":0,"_bbp_voice_count":0,"_bbp_anonymous_reply_count":0,"_bbp_topic_count_hidden":0,"_bbp_reply_count_hidden":0,"_bbp_forum_subforum_count":0,"footnotes":""},"class_list":["post-740","page","type-page","status-publish","hentry"],"post_mailing_queue_ids":[],"_links":{"self":[{"href":"https:\/\/agora.xtec.cat\/escolaestevebarrachina\/wp-json\/wp\/v2\/pages\/740","targetHints":{"allow":["GET"]}}],"collection":[{"href":"https:\/\/agora.xtec.cat\/escolaestevebarrachina\/wp-json\/wp\/v2\/pages"}],"about":[{"href":"https:\/\/agora.xtec.cat\/escolaestevebarrachina\/wp-json\/wp\/v2\/types\/page"}],"author":[{"embeddable":true,"href":"https:\/\/agora.xtec.cat\/escolaestevebarrachina\/wp-json\/wp\/v2\/users\/1"}],"replies":[{"embeddable":true,"href":"https:\/\/agora.xtec.cat\/escolaestevebarrachina\/wp-json\/wp\/v2\/comments?post=740"}],"version-history":[{"count":4,"href":"https:\/\/agora.xtec.cat\/escolaestevebarrachina\/wp-json\/wp\/v2\/pages\/740\/revisions"}],"predecessor-version":[{"id":11936,"href":"https:\/\/agora.xtec.cat\/escolaestevebarrachina\/wp-json\/wp\/v2\/pages\/740\/revisions\/11936"}],"up":[{"embeddable":true,"href":"https:\/\/agora.xtec.cat\/escolaestevebarrachina\/wp-json\/wp\/v2\/pages\/729"}],"wp:attachment":[{"href":"https:\/\/agora.xtec.cat\/escolaestevebarrachina\/wp-json\/wp\/v2\/media?parent=740"}],"curies":[{"name":"wp","href":"https:\/\/api.w.org\/{rel}","templated":true}]}}

<p>Un <strong>ambient</strong> no és només la ubicació física d’uan sèrie d’objectes, sinó la <strong>possibilitat real de la interacció i apropiació</strong> per part de les persones que es troben en l’ambient.</p>
<p>Els ambients són espais amb <strong>diferents propostes i materials variats,</strong> dissenyat perquè els infants puguin <strong>construir els seus propis aprenentatges</strong> a partir del joc, l’exploració, l’experimentació, la interpretació, el treball cooperatiu. Els aprenentatges es basen a partir de l’interès i el plaer dels alumnes.</p>
<p>A partir dels ambients, <strong>pretenem:</strong></p>
<ul>
<li>Formar persones amb esperit crític capaces de proporcionar canvis a la societat.</li>
<li>Respecte als processos de vida i als processos d’aprenentatge.</li>
<li>Que l’alumne és qui construeix i regula els seu propi aprenentatge.</li>
<li>Aprenentatge per descobriment.</li>
<li>Autonomia i autocorrecció.</li>
</ul>
<p>Actualment oferim <strong>10 ambients diferents</strong>:</p>
<table style="width: 157.613%; height: 848px;" width="0">
<tbody>
<tr style="height: 78px;">
<td style="width: 12.1887%; height: 78px;"><strong>La Botiga</strong></td>
<td style="width: 86.7628%; height: 78px;"><strong>ÀREES: matemàtiques<br />
</strong>Numeració i càlcul, estadística i atzar, mesura, relacions espacial i resolució de problemes.</td>
</tr>
<tr style="height: 61px;">
<td style="width: 12.1887%; height: 61px;"><strong>El Taller</strong></td>
<td style="width: 86.7628%; height: 61px;"><strong>ÀREES: matemàtiques, visual i plástica<br />
</strong>Volum, espai, creativitat, disseny i construcció.</td>
</tr>
<tr style="height: 95px;">
<td style="width: 12.1887%; height: 95px;"><strong>Paraules Màgiques</strong></td>
<td style="width: 86.7628%; height: 95px;"><strong>ÀREES: llengua catalana i castellana<br />
</strong>Comunicació oral, comprensió lectora i expressió escrita, educació literària.</td>
</tr>
<tr style="height: 95px;">
<td style="width: 12.1887%; height: 95px;"><strong>Biosfera</strong></td>
<td style="width: 86.7628%; height: 95px;"><strong>ÀREES: coneixement del medi natural<br />
</strong>El món dels éssers vius, animals, cos humà, hàbits saludables, activitat científica.</td>
</tr>
<tr style="height: 95px;">
<td style="width: 12.1887%; height: 95px;"><strong>Arrels</strong></td>
<td style="width: 86.7628%; height: 95px;"><strong>ÀREES: coneixement del medi social<br />
</strong>Persones, cultures i societat, entorn, robòtica, canvis i continuïtat en el temps, matèria i energia.</td>
</tr>
<tr style="height: 95px;">
<td style="width: 12.1887%; height: 95px;"><strong>Pangea</strong></td>
<td style="width: 86.7628%; height: 95px;"><strong>ÀREES: Coneixement del medi natural i social<br />
</strong>Sistema solar, la Terra, mapes, tipus de paisatges, banderes, minerals, fenòmens atmosfèrics.</td>
</tr>
<tr style="height: 117px;">
<td style="width: 12.1887%; height: 117px;"><strong>Arty Kids</strong></td>
<td style="width: 86.7628%; height: 117px;"><strong>ÀREES: llengua anglesa i visual i plàstica<br />
</strong>Imaginació i creativitat , tècniques artístiques, treball amb materials i recursos diversos en llengua anglesa.</td>
</tr>
<tr style="height: 117px;">
<td style="width: 12.1887%; height: 117px;"><strong>Circ / Teatre</strong></td>
<td style="width: 86.7628%; height: 117px;"><strong>ÀREES: educació física<br />
</strong>Coneixement del cos, salut i higiene, expressió corporal, habilitats físiques bàsiques, i coordinació i equilibri.</td>
</tr>
<tr style="height: 95px;">
<td style="width: 12.1887%; height: 95px;"><strong>L’Àgora</strong></td>
<td style="width: 86.7628%; height: 95px;"><strong>ÀREES: valors, matemàtiques i llengua<br />
</strong>Raonament, estratègia, cooperació, lògica, habilitats socials.</td>
</tr>
</tbody>
</table>

<p>Un ambient no és només la ubicació física d’uan sèrie d’objectes, sinó la possibilitat real de la interacció i apropiació per part de les persones que es troben en l’ambient.<br />
Els ambients són espais amb diferents propostes i materials variats, dissenyat perquè els infants puguin construir&hellip;  <a href="https://agora.xtec.cat/escolaestevebarrachina/nivells/comunitat-de-mitjans/ambients-daprenentatge/" title="Read Ambients d&#8217;aprenentatge">Llegeix més»</a></p>
