{"id":733,"date":"2019-11-13T22:06:01","date_gmt":"2019-11-13T21:06:01","guid":{"rendered":"https:\/\/agora.xtec.cat\/escolaestevebarrachina\/?page_id=733"},"modified":"2022-11-17T15:48:06","modified_gmt":"2022-11-17T14:48:06","slug":"comunitat-de-grans","status":"publish","type":"page","link":"https:\/\/agora.xtec.cat\/escolaestevebarrachina\/nivells\/comunitat-de-grans\/","title":{"rendered":"Comunitat de Grans"},"content":{"rendered":"<p>La comunitat de grans est\u00e0 formada pels alumnes de <strong>4t, 5\u00e8 i 6\u00e8.<\/strong><\/p>\n<p><strong>FUNCIONAMENT GENERAL<\/strong><\/p>\n<p>A l\u2019escola treballem per projectes d\u2019\u00e0mbit<strong> (PACM i PAL)<\/strong> i aprenentatge basat en preguntes <strong>(ABP)<\/strong> per afavorir l\u2019autonomia de l\u2019alumnat. L\u2019horari tamb\u00e9 contempla les estones dedicades a les diferents especialitats: educaci\u00f3 f\u00edsica, angl\u00e8s, m\u00fasica, religi\u00f3\/cultura i el treball sistem\u00e0tic de les lleng\u00fces i les matem\u00e0tiques en les sessions dedicades als monogr\u00e0fics.<\/p>\n","protected":false},"excerpt":{"rendered":"<p>La comunitat de grans est\u00e0 formada pels alumnes de 4t, 5\u00e8 i 6\u00e8.<br \/>\nFUNCIONAMENT GENERAL<br \/>\nA l\u2019escola treballem per projectes d\u2019\u00e0mbit (PACM i PAL) i aprenentatge basat en preguntes (ABP) per afavorir l\u2019autonomia de l\u2019alumnat. L\u2019horari tamb\u00e9 contempla les estones dedicades a les diferents especialitats: educaci\u00f3 f\u00edsica,&hellip;  <a href=\"https:\/\/agora.xtec.cat\/escolaestevebarrachina\/nivells\/comunitat-de-grans\/\" title=\"Read Comunitat de Grans\">Llegeix m\u00e9s\u00bb<\/a><\/p>\n","protected":false},"author":1,"featured_media":0,"parent":87,"menu_order":30,"comment_status":"closed","ping_status":"closed","template":"page-templates\/side-menu.php","meta":{"_bbp_topic_count":0,"_bbp_reply_count":0,"_bbp_total_topic_count":0,"_bbp_total_reply_count":0,"_bbp_voice_count":0,"_bbp_anonymous_reply_count":0,"_bbp_topic_count_hidden":0,"_bbp_reply_count_hidden":0,"_bbp_forum_subforum_count":0,"footnotes":""},"class_list":["post-733","page","type-page","status-publish","hentry"],"post_mailing_queue_ids":[],"_links":{"self":[{"href":"https:\/\/agora.xtec.cat\/escolaestevebarrachina\/wp-json\/wp\/v2\/pages\/733","targetHints":{"allow":["GET"]}}],"collection":[{"href":"https:\/\/agora.xtec.cat\/escolaestevebarrachina\/wp-json\/wp\/v2\/pages"}],"about":[{"href":"https:\/\/agora.xtec.cat\/escolaestevebarrachina\/wp-json\/wp\/v2\/types\/page"}],"author":[{"embeddable":true,"href":"https:\/\/agora.xtec.cat\/escolaestevebarrachina\/wp-json\/wp\/v2\/users\/1"}],"replies":[{"embeddable":true,"href":"https:\/\/agora.xtec.cat\/escolaestevebarrachina\/wp-json\/wp\/v2\/comments?post=733"}],"version-history":[{"count":4,"href":"https:\/\/agora.xtec.cat\/escolaestevebarrachina\/wp-json\/wp\/v2\/pages\/733\/revisions"}],"predecessor-version":[{"id":11861,"href":"https:\/\/agora.xtec.cat\/escolaestevebarrachina\/wp-json\/wp\/v2\/pages\/733\/revisions\/11861"}],"up":[{"embeddable":true,"href":"https:\/\/agora.xtec.cat\/escolaestevebarrachina\/wp-json\/wp\/v2\/pages\/87"}],"wp:attachment":[{"href":"https:\/\/agora.xtec.cat\/escolaestevebarrachina\/wp-json\/wp\/v2\/media?parent=733"}],"curies":[{"name":"wp","href":"https:\/\/api.w.org\/{rel}","templated":true}]}}

<p>La comunitat de grans està formada pels alumnes de <strong>4t, 5è i 6è.</strong></p>
<p><strong>FUNCIONAMENT GENERAL</strong></p>
<p>A l’escola treballem per projectes d’àmbit<strong> (PACM i PAL)</strong> i aprenentatge basat en preguntes <strong>(ABP)</strong> per afavorir l’autonomia de l’alumnat. L’horari també contempla les estones dedicades a les diferents especialitats: educació física, anglès, música, religió/cultura i el treball sistemàtic de les llengües i les matemàtiques en les sessions dedicades als monogràfics.</p>

<p>La comunitat de grans està formada pels alumnes de 4t, 5è i 6è.<br />
FUNCIONAMENT GENERAL<br />
A l’escola treballem per projectes d’àmbit (PACM i PAL) i aprenentatge basat en preguntes (ABP) per afavorir l’autonomia de l’alumnat. L’horari també contempla les estones dedicades a les diferents especialitats: educació física,&hellip;  <a href="https://agora.xtec.cat/escolaestevebarrachina/nivells/comunitat-de-grans/" title="Read Comunitat de Grans">Llegeix més»</a></p>
