{"id":557,"date":"2019-09-22T14:38:13","date_gmt":"2019-09-22T12:38:13","guid":{"rendered":"https:\/\/agora.xtec.cat\/escolaestevebarrachina\/?page_id=557"},"modified":"2022-11-10T16:18:33","modified_gmt":"2022-11-10T15:18:33","slug":"ilec","status":"publish","type":"page","link":"https:\/\/agora.xtec.cat\/escolaestevebarrachina\/projecte-educatiu\/ilec\/","title":{"rendered":"ILEC"},"content":{"rendered":"<p><a href=\"https:\/\/agora.xtec.cat\/escolaestevebarrachina\/wp-content\/uploads\/usu1360\/2020\/01\/ilec.jpg\"><img loading=\"lazy\" decoding=\"async\" class=\"alignleft wp-image-894 size-medium\" src=\"https:\/\/agora.xtec.cat\/escolaestevebarrachina\/wp-content\/uploads\/usu1360\/2020\/01\/ilec-300x225.jpg\" alt=\"\" width=\"300\" height=\"225\" srcset=\"https:\/\/agora.xtec.cat\/escolaestevebarrachina\/wp-content\/uploads\/usu1360\/2020\/01\/ilec-300x225.jpg 300w, https:\/\/agora.xtec.cat\/escolaestevebarrachina\/wp-content\/uploads\/usu1360\/2020\/01\/ilec-768x576.jpg 768w, https:\/\/agora.xtec.cat\/escolaestevebarrachina\/wp-content\/uploads\/usu1360\/2020\/01\/ilec-200x150.jpg 200w, https:\/\/agora.xtec.cat\/escolaestevebarrachina\/wp-content\/uploads\/usu1360\/2020\/01\/ilec.jpg 800w\" sizes=\"auto, (max-width: 300px) 100vw, 300px\" \/><\/a>Som una<strong> escola ILEC<\/strong> i participem del Pla d\u2019Impuls a la Lectura. En tots els cursos d&#8217;Educaci\u00f3 Prim\u00e0ria hi ha reservada una franja di\u00e0ria de 30\u2019 per dedicar a la lectura.<\/p>\n","protected":false},"excerpt":{"rendered":"<p><a href=\"https:\/\/agora.xtec.cat\/escolaestevebarrachina\/wp-content\/uploads\/usu1360\/2020\/01\/ilec.jpg\"><\/a>Som una escola ILEC i participem del Pla d\u2019Impuls a la Lectura. En tots els cursos d&#8217;Educaci\u00f3 Prim\u00e0ria hi ha reservada una franja di\u00e0ria de 30\u2019 per dedicar a la lectura.<\/p>\n","protected":false},"author":1,"featured_media":0,"parent":64,"menu_order":80,"comment_status":"closed","ping_status":"closed","template":"page-templates\/side-menu.php","meta":{"_bbp_topic_count":0,"_bbp_reply_count":0,"_bbp_total_topic_count":0,"_bbp_total_reply_count":0,"_bbp_voice_count":0,"_bbp_anonymous_reply_count":0,"_bbp_topic_count_hidden":0,"_bbp_reply_count_hidden":0,"_bbp_forum_subforum_count":0,"footnotes":""},"class_list":["post-557","page","type-page","status-publish","hentry"],"post_mailing_queue_ids":[],"_links":{"self":[{"href":"https:\/\/agora.xtec.cat\/escolaestevebarrachina\/wp-json\/wp\/v2\/pages\/557","targetHints":{"allow":["GET"]}}],"collection":[{"href":"https:\/\/agora.xtec.cat\/escolaestevebarrachina\/wp-json\/wp\/v2\/pages"}],"about":[{"href":"https:\/\/agora.xtec.cat\/escolaestevebarrachina\/wp-json\/wp\/v2\/types\/page"}],"author":[{"embeddable":true,"href":"https:\/\/agora.xtec.cat\/escolaestevebarrachina\/wp-json\/wp\/v2\/users\/1"}],"replies":[{"embeddable":true,"href":"https:\/\/agora.xtec.cat\/escolaestevebarrachina\/wp-json\/wp\/v2\/comments?post=557"}],"version-history":[{"count":3,"href":"https:\/\/agora.xtec.cat\/escolaestevebarrachina\/wp-json\/wp\/v2\/pages\/557\/revisions"}],"predecessor-version":[{"id":11854,"href":"https:\/\/agora.xtec.cat\/escolaestevebarrachina\/wp-json\/wp\/v2\/pages\/557\/revisions\/11854"}],"up":[{"embeddable":true,"href":"https:\/\/agora.xtec.cat\/escolaestevebarrachina\/wp-json\/wp\/v2\/pages\/64"}],"wp:attachment":[{"href":"https:\/\/agora.xtec.cat\/escolaestevebarrachina\/wp-json\/wp\/v2\/media?parent=557"}],"curies":[{"name":"wp","href":"https:\/\/api.w.org\/{rel}","templated":true}]}}

<p><a href="https://agora.xtec.cat/escolaestevebarrachina/wp-content/uploads/usu1360/2020/01/ilec.jpg"><img loading="lazy" decoding="async" class="alignleft wp-image-894 size-medium" src="https://agora.xtec.cat/escolaestevebarrachina/wp-content/uploads/usu1360/2020/01/ilec-300x225.jpg" alt="" width="300" height="225" srcset="https://agora.xtec.cat/escolaestevebarrachina/wp-content/uploads/usu1360/2020/01/ilec-300x225.jpg 300w, https://agora.xtec.cat/escolaestevebarrachina/wp-content/uploads/usu1360/2020/01/ilec-768x576.jpg 768w, https://agora.xtec.cat/escolaestevebarrachina/wp-content/uploads/usu1360/2020/01/ilec-200x150.jpg 200w, https://agora.xtec.cat/escolaestevebarrachina/wp-content/uploads/usu1360/2020/01/ilec.jpg 800w" sizes="auto, (max-width: 300px) 100vw, 300px" /></a>Som una<strong> escola ILEC</strong> i participem del Pla d’Impuls a la Lectura. En tots els cursos d&#8217;Educació Primària hi ha reservada una franja diària de 30’ per dedicar a la lectura.</p>

<p><a href="https://agora.xtec.cat/escolaestevebarrachina/wp-content/uploads/usu1360/2020/01/ilec.jpg"></a>Som una escola ILEC i participem del Pla d’Impuls a la Lectura. En tots els cursos d&#8217;Educació Primària hi ha reservada una franja diària de 30’ per dedicar a la lectura.</p>
