{"id":555,"date":"2019-09-22T14:37:36","date_gmt":"2019-09-22T12:37:36","guid":{"rendered":"https:\/\/agora.xtec.cat\/escolaestevebarrachina\/?page_id=555"},"modified":"2020-01-29T14:13:37","modified_gmt":"2020-01-29T13:13:37","slug":"emprenedoria","status":"publish","type":"page","link":"https:\/\/agora.xtec.cat\/escolaestevebarrachina\/projecte-educatiu\/emprenedoria\/","title":{"rendered":"Emprenedoria"},"content":{"rendered":"<p><a href=\"https:\/\/agora.xtec.cat\/escolaestevebarrachina\/wp-content\/uploads\/usu1360\/2020\/01\/cooperativa.jpg\"><img loading=\"lazy\" decoding=\"async\" class=\"wp-image-892 aligncenter\" src=\"https:\/\/agora.xtec.cat\/escolaestevebarrachina\/wp-content\/uploads\/usu1360\/2020\/01\/cooperativa.jpg\" alt=\"\" width=\"690\" height=\"388\" srcset=\"https:\/\/agora.xtec.cat\/escolaestevebarrachina\/wp-content\/uploads\/usu1360\/2020\/01\/cooperativa.jpg 800w, https:\/\/agora.xtec.cat\/escolaestevebarrachina\/wp-content\/uploads\/usu1360\/2020\/01\/cooperativa-300x169.jpg 300w, https:\/\/agora.xtec.cat\/escolaestevebarrachina\/wp-content\/uploads\/usu1360\/2020\/01\/cooperativa-768x432.jpg 768w\" sizes=\"auto, (max-width: 690px) 100vw, 690px\" \/><\/a><\/p>\n<p>&nbsp;<\/p>\n<p style=\"text-align: justify;\">L\u2019objectiu del treball de l\u2019emprenedoria \u00e9s promoure en els infants les compet\u00e8ncies, valors i actituds (autonomia, iniciativa personal, creativitat,\u00a0 planificaci\u00f3, organitzaci\u00f3, presa de decisions, treball en equip)\u00a0 que fomenten una actitud de superaci\u00f3 personal davant la vida.<\/p>\n<p style=\"text-align: justify;\">Les iniciatives que tenen m\u00e9s impacte sobre l\u2019aprenentatge dels alumnes s\u00f3n les que els acosten a situacions i desafiaments de la vida real. Alhora que estimulen la seva iniciativa i creativitat, els ajuden a comprendre amb m\u00e9s profunditat el m\u00f3n on es mouen i els impliquen en la seva transformaci\u00f3.<\/p>\n","protected":false},"excerpt":{"rendered":"<p><a href=\"https:\/\/agora.xtec.cat\/escolaestevebarrachina\/wp-content\/uploads\/usu1360\/2020\/01\/cooperativa.jpg\"><\/a><br \/>\n&nbsp;<br \/>\nL\u2019objectiu del treball de l\u2019emprenedoria \u00e9s promoure en els infants les compet\u00e8ncies, valors i actituds (autonomia, iniciativa personal, creativitat,\u00a0 planificaci\u00f3, organitzaci\u00f3, presa de decisions, treball en equip)\u00a0 que fomenten una actitud de superaci\u00f3 personal davant la vida.<br \/>\nLes iniciatives que tenen m\u00e9s impacte sobre l\u2019aprenentatge&hellip;  <a href=\"https:\/\/agora.xtec.cat\/escolaestevebarrachina\/projecte-educatiu\/emprenedoria\/\" title=\"Read Emprenedoria\">Llegeix m\u00e9s\u00bb<\/a><\/p>\n","protected":false},"author":1,"featured_media":0,"parent":64,"menu_order":70,"comment_status":"closed","ping_status":"closed","template":"page-templates\/side-menu.php","meta":{"_bbp_topic_count":0,"_bbp_reply_count":0,"_bbp_total_topic_count":0,"_bbp_total_reply_count":0,"_bbp_voice_count":0,"_bbp_anonymous_reply_count":0,"_bbp_topic_count_hidden":0,"_bbp_reply_count_hidden":0,"_bbp_forum_subforum_count":0,"footnotes":""},"class_list":["post-555","page","type-page","status-publish","hentry"],"post_mailing_queue_ids":[],"_links":{"self":[{"href":"https:\/\/agora.xtec.cat\/escolaestevebarrachina\/wp-json\/wp\/v2\/pages\/555","targetHints":{"allow":["GET"]}}],"collection":[{"href":"https:\/\/agora.xtec.cat\/escolaestevebarrachina\/wp-json\/wp\/v2\/pages"}],"about":[{"href":"https:\/\/agora.xtec.cat\/escolaestevebarrachina\/wp-json\/wp\/v2\/types\/page"}],"author":[{"embeddable":true,"href":"https:\/\/agora.xtec.cat\/escolaestevebarrachina\/wp-json\/wp\/v2\/users\/1"}],"replies":[{"embeddable":true,"href":"https:\/\/agora.xtec.cat\/escolaestevebarrachina\/wp-json\/wp\/v2\/comments?post=555"}],"version-history":[{"count":2,"href":"https:\/\/agora.xtec.cat\/escolaestevebarrachina\/wp-json\/wp\/v2\/pages\/555\/revisions"}],"predecessor-version":[{"id":893,"href":"https:\/\/agora.xtec.cat\/escolaestevebarrachina\/wp-json\/wp\/v2\/pages\/555\/revisions\/893"}],"up":[{"embeddable":true,"href":"https:\/\/agora.xtec.cat\/escolaestevebarrachina\/wp-json\/wp\/v2\/pages\/64"}],"wp:attachment":[{"href":"https:\/\/agora.xtec.cat\/escolaestevebarrachina\/wp-json\/wp\/v2\/media?parent=555"}],"curies":[{"name":"wp","href":"https:\/\/api.w.org\/{rel}","templated":true}]}}

<p><a href="https://agora.xtec.cat/escolaestevebarrachina/wp-content/uploads/usu1360/2020/01/cooperativa.jpg"><img loading="lazy" decoding="async" class="wp-image-892 aligncenter" src="https://agora.xtec.cat/escolaestevebarrachina/wp-content/uploads/usu1360/2020/01/cooperativa.jpg" alt="" width="690" height="388" srcset="https://agora.xtec.cat/escolaestevebarrachina/wp-content/uploads/usu1360/2020/01/cooperativa.jpg 800w, https://agora.xtec.cat/escolaestevebarrachina/wp-content/uploads/usu1360/2020/01/cooperativa-300x169.jpg 300w, https://agora.xtec.cat/escolaestevebarrachina/wp-content/uploads/usu1360/2020/01/cooperativa-768x432.jpg 768w" sizes="auto, (max-width: 690px) 100vw, 690px" /></a></p>
<p>&nbsp;</p>
<p style="text-align: justify;">L’objectiu del treball de l’emprenedoria és promoure en els infants les competències, valors i actituds (autonomia, iniciativa personal, creativitat,  planificació, organització, presa de decisions, treball en equip)  que fomenten una actitud de superació personal davant la vida.</p>
<p style="text-align: justify;">Les iniciatives que tenen més impacte sobre l’aprenentatge dels alumnes són les que els acosten a situacions i desafiaments de la vida real. Alhora que estimulen la seva iniciativa i creativitat, els ajuden a comprendre amb més profunditat el món on es mouen i els impliquen en la seva transformació.</p>

<p><a href="https://agora.xtec.cat/escolaestevebarrachina/wp-content/uploads/usu1360/2020/01/cooperativa.jpg"></a><br />
&nbsp;<br />
L’objectiu del treball de l’emprenedoria és promoure en els infants les competències, valors i actituds (autonomia, iniciativa personal, creativitat,  planificació, organització, presa de decisions, treball en equip)  que fomenten una actitud de superació personal davant la vida.<br />
Les iniciatives que tenen més impacte sobre l’aprenentatge&hellip;  <a href="https://agora.xtec.cat/escolaestevebarrachina/projecte-educatiu/emprenedoria/" title="Read Emprenedoria">Llegeix més»</a></p>
