{"id":542,"date":"2019-09-22T14:33:01","date_gmt":"2019-09-22T12:33:01","guid":{"rendered":"https:\/\/agora.xtec.cat\/escolaestevebarrachina\/?page_id=542"},"modified":"2022-11-10T15:34:20","modified_gmt":"2022-11-10T14:34:20","slug":"ambients","status":"publish","type":"page","link":"https:\/\/agora.xtec.cat\/escolaestevebarrachina\/projecte-educatiu\/ambients\/","title":{"rendered":"Ambients"},"content":{"rendered":"<p style=\"text-align: justify;\">Els ambients preparats formen part d\u2019una metodologia anomenada \u201cEducaci\u00f3 Viva i Activa\u201d on l\u2019 infant es situa al centre de tot i es converteix en l\u2019aut\u00e8ntic art\u00edfex del seu aprenentatge, construint coneixements a partir de la interacci\u00f3 amb l\u2019espai, amb els materials i amb les persones.<\/p>\n<p style=\"text-align: justify;\">El mestre deixa de ser un transmissor de coneixement per a convertir-se en un acompanyant observador i respectu\u00f3s, la feina del qual consistir\u00e0 en preparar l\u2019ambient i avaluar de forma cont\u00ednua per anar incorporant millores.<\/p>\n<p style=\"text-align: justify;\">Aix\u00ed doncs, l\u2019ensenyament deixa de ser directiu i es converteix en un aprenentatge per descobriment, molt m\u00e9s significatiu per als infants.<\/p>\n<p style=\"text-align: justify;\">L\u2019organitzaci\u00f3 d\u2019aquests espais afavoreix, a m\u00e9s, la interacci\u00f3 de nens i nenes de diferents edats. Aix\u00f2 d\u00f3na lloc a situacions en les quals els m\u00e9s grans guien els m\u00e9s petits i aquests s\u2019emmirallen i fan descobriments inesperats.<\/p>\n<p><iframe loading=\"lazy\" title=\"Escola Esteve Barrachina - Ambients Educaci\u00f3 Infantil\" width=\"500\" height=\"281\" src=\"https:\/\/www.youtube.com\/embed\/PXHDHi7DMvU?feature=oembed\" frameborder=\"0\" allow=\"accelerometer; autoplay; clipboard-write; encrypted-media; gyroscope; picture-in-picture; web-share\" referrerpolicy=\"strict-origin-when-cross-origin\" allowfullscreen><\/iframe><\/p>\n<p><iframe loading=\"lazy\" title=\"Escola Esteve Barrachina - Ambients Cicle Inicial\" width=\"500\" height=\"281\" src=\"https:\/\/www.youtube.com\/embed\/8Dvw4-SVjMs?feature=oembed\" frameborder=\"0\" allow=\"accelerometer; autoplay; clipboard-write; encrypted-media; gyroscope; picture-in-picture; web-share\" referrerpolicy=\"strict-origin-when-cross-origin\" allowfullscreen><\/iframe><\/p>\n","protected":false},"excerpt":{"rendered":"<p>Els ambients preparats formen part d\u2019una metodologia anomenada \u201cEducaci\u00f3 Viva i Activa\u201d on l\u2019 infant es situa al centre de tot i es converteix en l\u2019aut\u00e8ntic art\u00edfex del seu aprenentatge, construint coneixements a partir de la interacci\u00f3 amb l\u2019espai, amb els materials i amb les&hellip;  <a href=\"https:\/\/agora.xtec.cat\/escolaestevebarrachina\/projecte-educatiu\/ambients\/\" title=\"Read Ambients\">Llegeix m\u00e9s\u00bb<\/a><\/p>\n","protected":false},"author":1,"featured_media":0,"parent":64,"menu_order":10,"comment_status":"closed","ping_status":"closed","template":"page-templates\/side-menu.php","meta":{"_bbp_topic_count":0,"_bbp_reply_count":0,"_bbp_total_topic_count":0,"_bbp_total_reply_count":0,"_bbp_voice_count":0,"_bbp_anonymous_reply_count":0,"_bbp_topic_count_hidden":0,"_bbp_reply_count_hidden":0,"_bbp_forum_subforum_count":0,"footnotes":""},"class_list":["post-542","page","type-page","status-publish","hentry"],"post_mailing_queue_ids":[],"_links":{"self":[{"href":"https:\/\/agora.xtec.cat\/escolaestevebarrachina\/wp-json\/wp\/v2\/pages\/542","targetHints":{"allow":["GET"]}}],"collection":[{"href":"https:\/\/agora.xtec.cat\/escolaestevebarrachina\/wp-json\/wp\/v2\/pages"}],"about":[{"href":"https:\/\/agora.xtec.cat\/escolaestevebarrachina\/wp-json\/wp\/v2\/types\/page"}],"author":[{"embeddable":true,"href":"https:\/\/agora.xtec.cat\/escolaestevebarrachina\/wp-json\/wp\/v2\/users\/1"}],"replies":[{"embeddable":true,"href":"https:\/\/agora.xtec.cat\/escolaestevebarrachina\/wp-json\/wp\/v2\/comments?post=542"}],"version-history":[{"count":1,"href":"https:\/\/agora.xtec.cat\/escolaestevebarrachina\/wp-json\/wp\/v2\/pages\/542\/revisions"}],"predecessor-version":[{"id":543,"href":"https:\/\/agora.xtec.cat\/escolaestevebarrachina\/wp-json\/wp\/v2\/pages\/542\/revisions\/543"}],"up":[{"embeddable":true,"href":"https:\/\/agora.xtec.cat\/escolaestevebarrachina\/wp-json\/wp\/v2\/pages\/64"}],"wp:attachment":[{"href":"https:\/\/agora.xtec.cat\/escolaestevebarrachina\/wp-json\/wp\/v2\/media?parent=542"}],"curies":[{"name":"wp","href":"https:\/\/api.w.org\/{rel}","templated":true}]}}

<p style="text-align: justify;">Els ambients preparats formen part d’una metodologia anomenada “Educació Viva i Activa” on l’ infant es situa al centre de tot i es converteix en l’autèntic artífex del seu aprenentatge, construint coneixements a partir de la interacció amb l’espai, amb els materials i amb les persones.</p>
<p style="text-align: justify;">El mestre deixa de ser un transmissor de coneixement per a convertir-se en un acompanyant observador i respectuós, la feina del qual consistirà en preparar l’ambient i avaluar de forma contínua per anar incorporant millores.</p>
<p style="text-align: justify;">Així doncs, l’ensenyament deixa de ser directiu i es converteix en un aprenentatge per descobriment, molt més significatiu per als infants.</p>
<p style="text-align: justify;">L’organització d’aquests espais afavoreix, a més, la interacció de nens i nenes de diferents edats. Això dóna lloc a situacions en les quals els més grans guien els més petits i aquests s’emmirallen i fan descobriments inesperats.</p>
<p><iframe loading="lazy" title="Escola Esteve Barrachina - Ambients Educació Infantil" width="500" height="281" src="https://www.youtube.com/embed/PXHDHi7DMvU?feature=oembed" frameborder="0" allow="accelerometer; autoplay; clipboard-write; encrypted-media; gyroscope; picture-in-picture; web-share" referrerpolicy="strict-origin-when-cross-origin" allowfullscreen></iframe></p>
<p><iframe loading="lazy" title="Escola Esteve Barrachina - Ambients Cicle Inicial" width="500" height="281" src="https://www.youtube.com/embed/8Dvw4-SVjMs?feature=oembed" frameborder="0" allow="accelerometer; autoplay; clipboard-write; encrypted-media; gyroscope; picture-in-picture; web-share" referrerpolicy="strict-origin-when-cross-origin" allowfullscreen></iframe></p>

<p>Els ambients preparats formen part d’una metodologia anomenada “Educació Viva i Activa” on l’ infant es situa al centre de tot i es converteix en l’autèntic artífex del seu aprenentatge, construint coneixements a partir de la interacció amb l’espai, amb els materials i amb les&hellip;  <a href="https://agora.xtec.cat/escolaestevebarrachina/projecte-educatiu/ambients/" title="Read Ambients">Llegeix més»</a></p>
