{"id":497,"date":"2019-09-20T17:37:01","date_gmt":"2019-09-20T15:37:01","guid":{"rendered":"https:\/\/agora.xtec.cat\/escolaestevebarrachina\/?page_id=497"},"modified":"2022-11-08T15:57:02","modified_gmt":"2022-11-08T14:57:02","slug":"projecte-educatiu","status":"publish","type":"page","link":"https:\/\/agora.xtec.cat\/escolaestevebarrachina\/lescola\/historia\/projecte-educatiu\/","title":{"rendered":"Projecte educatiu"},"content":{"rendered":"<ul>\n<li style=\"text-align: justify;\"><strong>Ensenyament competencial i aprenentatge significatiu<\/strong><strong>.\u00a0<\/strong>Formem part del programa Escola Nova 21\u00a0i treballem en la recerca i la innovaci\u00f3 pedag\u00f2gica tenint en compte els 7 principis de l\u2019aprenentatge, en base als quals, el nen\/a es situa al centre de tota activitat pedag\u00f2gica i assoleix un important grau d\u2019autonomia, autogesti\u00f3 i autoregulaci\u00f3 en l\u2019adquisici\u00f3 del coneixement. Tenint en compte la naturalesa social de l\u2019aprenentatge, aix\u00ed com les difer\u00e8ncies individuals, les emocions que hi intervenen, l\u2019esfor\u00e7 que s\u2019hi desenvolupa i la import\u00e0ncia de l\u2019aprendre a aprendre.<\/li>\n<li style=\"text-align: justify;\"><strong>Els ambients preparats<\/strong><strong>.\u00a0<\/strong>Els ambients representen una organitzaci\u00f3 on l\u2019infant es converteix en el constructor del seu propi aprenentatge a partir del joc, la investigaci\u00f3 i les relacions amb els companys, explorant amb llibertat segons els seus interessos i motivacions. S\u00f3n ells els que prenen les decisions i cerca les seves pr\u00f2pies estrat\u00e8gies per trobar les solucions davant de reptes i situacions que s\u2019anir\u00e0 trobant i l\u2019adult es presenta com un guia i observador. Els alumnes de la Comunitat de Petits (I3, I4 i I5) i de la Comunitat de Mitjans (1r, 2n i 3r) treballen per ambients durant tota la franja de mat\u00ed, quatre dies a la setmana.<\/li>\n<li style=\"text-align: justify;\"><strong>Escola inclusiva.\u00a0<\/strong>L\u2019atenci\u00f3 a la diversitat \u00e9s un element clau de la nostra escola i es treballa des de les tutories a trav\u00e9s dels ambients i dels desdoblaments (reducci\u00f3 de r\u00e0tio). Per\u00f2 comptem, a m\u00e9s, amb un departament d\u2019atenci\u00f3 a la diversitat (2 mestres especialistes d\u2019educaci\u00f3 especial, 2 mestres de pedagogia terap\u00e8utica, 2 educadores EE i 2 vetlladores) que formen part de la\u00a0<strong>SIEI<\/strong>(Suport Intensiu per a l\u2019Escolaritzaci\u00f3 Inclusiva)\u00a0i donen resposta a l\u2019alumnat amb necessitats educatives especials. A m\u00e9s, els alumnes de la SIEI participen en un projecte espec\u00edfic de\u00a0<strong>Musicoter\u00e0pia\u00a0<\/strong>amb un mestre especialista.<\/li>\n<li style=\"text-align: justify;\"><strong>Som centre ILEC<\/strong><strong>. <\/strong>Creiem en la import\u00e0ncia de la compet\u00e8ncia comunicativa ling\u00fc\u00edstica com a eix vertebrador de tots els aprenentatges. Les habilitats lectores s\u00f3n fonamentals per a l\u2019\u00e8xit escolar. Ser competent en comprensi\u00f3 lectora, \u00e9s un requisit indispensable per participar en la societat actual. Cal saber llegir per aprendre i seguir aprenent. Un alumne que t\u00e9 un bon h\u00e0bit lector millora els seus resultats escolars, millora\u00a0l\u2019expressi\u00f3 escrita i augmenta el seu nivell de coneixements generals. Per aquests motius formem part Pla d\u2019Impuls a la Lectura (Projecte d\u2019innovaci\u00f3 del Departament d\u2019Ensenyament).<\/li>\n<li style=\"text-align: justify;\"><strong>Educaci\u00f3 en valors<\/strong><strong>.\u00a0<\/strong>Desenvolupament d\u2019habilitats socials i interpersonals, h\u00e0bits saludables i consci\u00e8ncia solid\u00e0ria amb el medi i l\u2019entorn.<\/li>\n<li style=\"text-align: justify;\"><strong>Participaci\u00f3 de les fam\u00edlies en la comunitat educativa.<\/strong>La fam\u00edlia \u00e9s el primer referent educatiu i responsable de l\u2019educaci\u00f3 dels seus fills. \u00c9s necessari per tant dur a terme un treball conjunt escola-fam\u00edlia que permeti una acci\u00f3 coherent i coordinada.<\/li>\n<li style=\"text-align: justify;\"><strong>L\u2019\u00fas de les tecnologies<\/strong><strong>.\u00a0<\/strong>Les tecnologies de la informaci\u00f3 estan presents en el dia a dia de l\u2019escola a trav\u00e9s de les pissarres digitals que hi ha a totes les aules, les tauletes i els ordinadors port\u00e0tils que utilitzen els alumnes.<\/li>\n<li style=\"text-align: justify;\"><strong>Pl\u00e0stica en angl\u00e8s. <\/strong>Els alumnes de la Comunitat de Mitjans comptem amb l\u2019ambient d\u2019Art en angl\u00e8s (Arty Kids).<\/li>\n<\/ul>\n","protected":false},"excerpt":{"rendered":"<ul>\n<li style=\"text-align: justify;\">Ensenyament competencial i aprenentatge significatiu.\u00a0Formem part del programa Escola Nova 21\u00a0i treballem en la recerca i la innovaci\u00f3 pedag\u00f2gica tenint en compte els 7 principis de l\u2019aprenentatge, en base als quals, el nen\/a es situa al centre de tota activitat pedag\u00f2gica i assoleix&hellip;  <a href=\"https:\/\/agora.xtec.cat\/escolaestevebarrachina\/lescola\/historia\/projecte-educatiu\/\" title=\"Read Projecte educatiu\">Llegeix m\u00e9s\u00bb<\/a><br \/>\n","protected":false},"author":1,"featured_media":0,"parent":26,"menu_order":0,"comment_status":"closed","ping_status":"closed","template":"","meta":{"_bbp_topic_count":0,"_bbp_reply_count":0,"_bbp_total_topic_count":0,"_bbp_total_reply_count":0,"_bbp_voice_count":0,"_bbp_anonymous_reply_count":0,"_bbp_topic_count_hidden":0,"_bbp_reply_count_hidden":0,"_bbp_forum_subforum_count":0,"footnotes":""},"class_list":["post-497","page","type-page","status-publish","hentry"],"post_mailing_queue_ids":[],"_links":{"self":[{"href":"https:\/\/agora.xtec.cat\/escolaestevebarrachina\/wp-json\/wp\/v2\/pages\/497","targetHints":{"allow":["GET"]}}],"collection":[{"href":"https:\/\/agora.xtec.cat\/escolaestevebarrachina\/wp-json\/wp\/v2\/pages"}],"about":[{"href":"https:\/\/agora.xtec.cat\/escolaestevebarrachina\/wp-json\/wp\/v2\/types\/page"}],"author":[{"embeddable":true,"href":"https:\/\/agora.xtec.cat\/escolaestevebarrachina\/wp-json\/wp\/v2\/users\/1"}],"replies":[{"embeddable":true,"href":"https:\/\/agora.xtec.cat\/escolaestevebarrachina\/wp-json\/wp\/v2\/comments?post=497"}],"version-history":[{"count":3,"href":"https:\/\/agora.xtec.cat\/escolaestevebarrachina\/wp-json\/wp\/v2\/pages\/497\/revisions"}],"predecessor-version":[{"id":11825,"href":"https:\/\/agora.xtec.cat\/escolaestevebarrachina\/wp-json\/wp\/v2\/pages\/497\/revisions\/11825"}],"up":[{"embeddable":true,"href":"https:\/\/agora.xtec.cat\/escolaestevebarrachina\/wp-json\/wp\/v2\/pages\/26"}],"wp:attachment":[{"href":"https:\/\/agora.xtec.cat\/escolaestevebarrachina\/wp-json\/wp\/v2\/media?parent=497"}],"curies":[{"name":"wp","href":"https:\/\/api.w.org\/{rel}","templated":true}]}}

<ul>
<li style="text-align: justify;"><strong>Ensenyament competencial i aprenentatge significatiu</strong><strong>. </strong>Formem part del programa Escola Nova 21 i treballem en la recerca i la innovació pedagògica tenint en compte els 7 principis de l’aprenentatge, en base als quals, el nen/a es situa al centre de tota activitat pedagògica i assoleix un important grau d’autonomia, autogestió i autoregulació en l’adquisició del coneixement. Tenint en compte la naturalesa social de l’aprenentatge, així com les diferències individuals, les emocions que hi intervenen, l’esforç que s’hi desenvolupa i la importància de l’aprendre a aprendre.</li>
<li style="text-align: justify;"><strong>Els ambients preparats</strong><strong>. </strong>Els ambients representen una organització on l’infant es converteix en el constructor del seu propi aprenentatge a partir del joc, la investigació i les relacions amb els companys, explorant amb llibertat segons els seus interessos i motivacions. Són ells els que prenen les decisions i cerca les seves pròpies estratègies per trobar les solucions davant de reptes i situacions que s’anirà trobant i l’adult es presenta com un guia i observador. Els alumnes de la Comunitat de Petits (I3, I4 i I5) i de la Comunitat de Mitjans (1r, 2n i 3r) treballen per ambients durant tota la franja de matí, quatre dies a la setmana.</li>
<li style="text-align: justify;"><strong>Escola inclusiva. </strong>L’atenció a la diversitat és un element clau de la nostra escola i es treballa des de les tutories a través dels ambients i dels desdoblaments (reducció de ràtio). Però comptem, a més, amb un departament d’atenció a la diversitat (2 mestres especialistes d’educació especial, 2 mestres de pedagogia terapèutica, 2 educadores EE i 2 vetlladores) que formen part de la <strong>SIEI</strong>(Suport Intensiu per a l’Escolarització Inclusiva) i donen resposta a l’alumnat amb necessitats educatives especials. A més, els alumnes de la SIEI participen en un projecte específic de <strong>Musicoteràpia </strong>amb un mestre especialista.</li>
<li style="text-align: justify;"><strong>Som centre ILEC</strong><strong>. </strong>Creiem en la importància de la competència comunicativa lingüística com a eix vertebrador de tots els aprenentatges. Les habilitats lectores són fonamentals per a l’èxit escolar. Ser competent en comprensió lectora, és un requisit indispensable per participar en la societat actual. Cal saber llegir per aprendre i seguir aprenent. Un alumne que té un bon hàbit lector millora els seus resultats escolars, millora l’expressió escrita i augmenta el seu nivell de coneixements generals. Per aquests motius formem part Pla d’Impuls a la Lectura (Projecte d’innovació del Departament d’Ensenyament).</li>
<li style="text-align: justify;"><strong>Educació en valors</strong><strong>. </strong>Desenvolupament d’habilitats socials i interpersonals, hàbits saludables i consciència solidària amb el medi i l’entorn.</li>
<li style="text-align: justify;"><strong>Participació de les famílies en la comunitat educativa.</strong>La família és el primer referent educatiu i responsable de l’educació dels seus fills. És necessari per tant dur a terme un treball conjunt escola-família que permeti una acció coherent i coordinada.</li>
<li style="text-align: justify;"><strong>L’ús de les tecnologies</strong><strong>. </strong>Les tecnologies de la informació estan presents en el dia a dia de l’escola a través de les pissarres digitals que hi ha a totes les aules, les tauletes i els ordinadors portàtils que utilitzen els alumnes.</li>
<li style="text-align: justify;"><strong>Plàstica en anglès. </strong>Els alumnes de la Comunitat de Mitjans comptem amb l’ambient d’Art en anglès (Arty Kids).</li>
</ul>

<ul>
<li style="text-align: justify;">Ensenyament competencial i aprenentatge significatiu. Formem part del programa Escola Nova 21 i treballem en la recerca i la innovació pedagògica tenint en compte els 7 principis de l’aprenentatge, en base als quals, el nen/a es situa al centre de tota activitat pedagògica i assoleix&hellip;  <a href="https://agora.xtec.cat/escolaestevebarrachina/lescola/historia/projecte-educatiu/" title="Read Projecte educatiu">Llegeix més»</a><br />
