{"id":26,"date":"2014-09-18T12:24:32","date_gmt":"2014-09-18T11:24:32","guid":{"rendered":"http:\/\/agora.xtec.cat\/escolaestevebarrachina\/?page_id=26"},"modified":"2025-09-06T14:28:35","modified_gmt":"2025-09-06T12:28:35","slug":"historia","status":"publish","type":"page","link":"https:\/\/agora.xtec.cat\/escolaestevebarrachina\/lescola\/historia\/","title":{"rendered":"Trets d&#8217;identitat"},"content":{"rendered":"<p><b>Tipus d&#8217;ensenyament<\/b><span style=\"font-weight: 400;\"><br \/>\n<\/span><span style=\"font-weight: 400;\">2n cicle d&#8217;Educaci\u00f3 Infantil i Educaci\u00f3 Prim\u00e0ria (3 a 12 anys).<\/span><span style=\"font-weight: 400;\"><br \/>\n<\/span><span style=\"font-weight: 400;\"><br \/>\n<\/span><b>L\u00ednies<\/b><span style=\"font-weight: 400;\"><br \/>\n<\/span><span style=\"font-weight: 400;\">2 l\u00ednies d&#8217; I3 a 6\u00e8, repartits en tres comunitats: Petits, Mitjans i Grans.<\/span><\/p>\n<p><b>Projecte Educatiu<\/b><\/p>\n<p><b>&#8211; Ensenyament competencial i aprenentatge significatiu.<\/b><\/p>\n<p><span style=\"font-weight: 400;\">Treballem en la recerca i en la innovaci\u00f3 pedag\u00f2gica tenint en compte els 7 principis de l&#8217;aprenentatge, en base als quals, l&#8217;infant se situa al centre de tota activitat pedag\u00f2gica i assoleix un important grau d&#8217;autonomia, autogesti\u00f3 i autoregulaci\u00f3 en l&#8217;adquisici\u00f3 del coneixement. Tenint en compte la naturalesa social de l&#8217;aprenentatge, aix\u00ed com les difer\u00e8ncies individuals, les emocions que hi intervenen, l&#8217;esfor\u00e7 que s&#8217;hi desenvolupa i la import\u00e0ncia de l&#8217;aprendre a aprendre.<\/span><\/p>\n<p><b>&#8211; Els ambients preparats.\u00a0<\/b><\/p>\n<p><span style=\"font-weight: 400;\">Els ambients representen una organitzaci\u00f3 on l&#8217;infant es converteix en el constructor del seu propi aprenentatge a partir del joc, la investigaci\u00f3 i les relacions amb els companys, explorant amb llibertat segons els seus interessos i motivacions. S\u00f3n ells els que prenen les decisions i cerca les seves pr\u00f2pies estrat\u00e8gies per trobar les solucions davant de reptes i situacions que s&#8217;anir\u00e0 trobant i l&#8217;adult es presenta com un guia i observador. Els alumnes de la comunitat de Petits i la de Mitjans (de P3 a P5 i de 1r a 3r) treballen per ambients durant tota la franja de mat\u00ed, quatre dies a la setmana.<\/span><\/p>\n<ul>\n<li><b>El treball per projectes.<\/b><\/li>\n<\/ul>\n<p><span style=\"font-weight: 400;\">El treball per projectes s\u2019inicia a P5 amb les \u201cPreguntes interessants\u201d i continua a Mitjans amb les \u201cInvestigacions\u201d, per\u00f2 \u00e9s a partir de la comunitat de Grans (de 4t a 6\u00e8) que les \u00e0rees reben un tractament globalitzat a trav\u00e9s dels projectes d\u2019\u00e0mbit ling\u00fc\u00edstic, d\u2019\u00e0mbit cient\u00edfico-matem\u00e0tic i ABP que s\u00f3n encara m\u00e9s transversals. Els alumnes s\u2019agrupen per nivells amb tres o quatre mestres en codoc\u00e8ncia i s\u2019organitzen en grups cooperatius, avan\u00e7ant segons el seu propi ritme. Els continguts que s\u2019han d\u2019abordar de manera m\u00e9s sistem\u00e0tica es treballen en les sessions de monogr\u00e0fics en grups redu\u00efts.<\/span><\/p>\n<p><b>&#8211; Escola inclusiva.\u00a0<\/b><\/p>\n<p><span style=\"font-weight: 400;\">L&#8217;atenci\u00f3 a la diversitat \u00e9s un element clau de la nostra escola i es treballa des de les tutories a trav\u00e9s dels ambients i el treball cooperatiu. Per\u00f2 comptem, a m\u00e9s, amb dues dotacions \u00a0<\/span><b>SIEI<\/b><span style=\"font-weight: 400;\">\u00a0(Suport Intensiu per a l&#8217;Escolaritzaci\u00f3 Inclusiva) que donen resposta a l&#8217;alumnat amb necessitats educatives especials. A m\u00e9s, els alumnes de SIEI participen en un projecte espec\u00edfic de\u00a0<\/span><b>Musicoter\u00e0pia<\/b><span style=\"font-weight: 400;\">\u00a0amb un mestre especialista.\u00a0<\/span><\/p>\n<p><b>&#8211; Som centre ILEC.<\/b><span style=\"font-weight: 400;\">\u00a0<\/span><\/p>\n<p><span style=\"font-weight: 400;\">Creiem en la import\u00e0ncia de la compet\u00e8ncia comunicativa ling\u00fc\u00edstica com a eix vertebrador de tots els aprenentatges. Les habilitats lectores s\u00f3n fonamentals per a l&#8217;\u00e8xit escolar. Ser competent en comprensi\u00f3 lectora, \u00e9s un requisit indispensable per participar en la societat actual. Cal saber llegir per aprendre i seguir aprenent. Un alumne que t\u00e9 un bon h\u00e0bit lector millora els seus resultats, millora l&#8217;expressi\u00f3 escrita i augmenta el seu nivell de coneixements generals. Per aquests motius formen part del Pla d&#8217;Impuls a la Lectura (Projecte d&#8217;Innovaci\u00f3 del Departament d&#8217;Educaci\u00f3).\u00a0<\/span><\/p>\n<p><b>&#8211; Educaci\u00f3 en valors.<\/b><span style=\"font-weight: 400;\">\u00a0<\/span><\/p>\n<p><span style=\"font-weight: 400;\">Desenvolupament d&#8217;habilitats socials i interpersonals, h\u00e0bits saludables i consci\u00e8ncia solid\u00e0ria amb el medi i l&#8217;entorn.<\/span><\/p>\n<p><b>&#8211; Participaci\u00f3 de les fam\u00edlies en la comunitat educativa.<\/b><span style=\"font-weight: 400;\">\u00a0<\/span><\/p>\n<p><span style=\"font-weight: 400;\">La fam\u00edlia \u00e9s el primer referent educatiu i responsable de l&#8217;educaci\u00f3 dels seus fills. \u00c9s necessari per tant, dur a terme un treball conjunt escola-fam\u00edlia que permeti una acci\u00f3 coherent i coordinada.<\/span><\/p>\n<p><b>&#8211; L&#8217;\u00fas de les tecnologies.<\/b><span style=\"font-weight: 400;\">\u00a0<\/span><\/p>\n<p><span style=\"font-weight: 400;\">Les tecnologies de la informaci\u00f3 estan presents en el dia a dia de l&#8217;escola a trav\u00e9s de panells interactius que hi ha a totes les aules, les tauletes, els ordinadors port\u00e0tils i chromebooks, la maleta digital i els dispositius de rob\u00f2tica.<\/span><\/p>\n<p><b>Aules i espais petits<\/b><b>.<\/b><span style=\"font-weight: 400;\"> Llum i ombres, el M\u00f3n, F\u00e0brica de paraules, Els N\u00fameros, Fer i desfer, La Vila, Construccions, Artistes, Moviment i Hort.<\/span><\/p>\n<p><b>&#8211; Ambients mitjans.<\/b><span style=\"font-weight: 400;\"> La Botiga, El Taller, Biosfera, Paraules M\u00e0giques, L&#8217;\u00c0gora, Arty Kids, el Circ, el Teatre, Pangea i Arrels.<\/span><\/p>\n<p><b>&#8211; 2 aules SIEI.<\/b><span style=\"font-weight: 400;\">\u00a0L&#8217;Ateneu (grans) i la Classe dels Cotxes (petits).<\/span><\/p>\n<p><b>&#8211; Aula d&#8217;acollida.<\/b><span style=\"font-weight: 400;\">\u00a0Atenci\u00f3 a l&#8217;alumnat nouvingut.<\/span><\/p>\n<p><b>&#8211; Altres aules.<\/b><span style=\"font-weight: 400;\"> Aula de m\u00fasica, d&#8217;angl\u00e8s i de pl\u00e0stica.<\/span><\/p>\n<p><b>&#8211; Altres espais.\u00a0<\/b><span style=\"font-weight: 400;\">Biblioteca,<\/span><b>\u00a0<\/b><span style=\"font-weight: 400;\">sala d&#8217;actes, gimn\u00e0s, menjador i cuina.<\/span><\/p>\n<p><b>&#8211; Espais exteriors.\u00a0<\/b><span style=\"font-weight: 400;\">Hort, 2 pistes poliesportives, roc\u00f2drom, pati infantil amb sorral i\u00a0estructures de fusta.\u00a0<\/span><\/p>\n<p><b>Idiomes<\/b><\/p>\n<p><span style=\"font-weight: 400;\">Catal\u00e0 com a llengua vehicular.<\/span><\/p>\n<p><span style=\"font-weight: 400;\">Castell\u00e0 a partir de 1r.<\/span><\/p>\n<p><span style=\"font-weight: 400;\">Angl\u00e8s a partir d&#8217;Educaci\u00f3 Infantil.\u00a0<\/span><span style=\"font-weight: 400;\"><br \/>\n<\/span><\/p>\n<p><b>Activitats complement\u00e0ries<\/b><\/p>\n<p><span style=\"font-weight: 400;\">&#8211; Activitats aqu\u00e0tiques per l&#8217;alumnat de 1r a 4t\u00a0(<\/span><b>piscina<\/b><span style=\"font-weight: 400;\">).<\/span><\/p>\n<p><span style=\"font-weight: 400;\">&#8211; Iniciaci\u00f3 a la\u00a0<\/span><b>vela<\/b><span style=\"font-weight: 400;\">\u00a0lleugera per a l&#8217;alumnat de 5\u00e8 i 6\u00e8.<\/span><\/p>\n<p><span style=\"font-weight: 400;\">&#8211; Audicions musicals.<\/span><\/p>\n<p><span style=\"font-weight: 400;\">&#8211; Teatre en angl\u00e8s.<\/span><\/p>\n<p><span style=\"font-weight: 400;\">&#8211; Sortides relacionades amb les programacions de cada comunitat o nivell.<\/span><\/p>\n<p><span style=\"font-weight: 400;\">&#8211; Col\u00f2nies a I5, 2n, 4t i 6\u00e8.<\/span><\/p>\n<p><b>Activitats extraescolars<\/b><\/p>\n<p><span style=\"font-weight: 400;\">Activitats de migdia i de tarda organitzades per l&#8217;AFA: angl\u00e8s, rob\u00f2tica, batuka, ioga, cuina, pintura, recicla i crea, teatre, acrosport, iniciaci\u00f3 esportiva i handbol (competicions a la lliga esportiva).<\/span><\/p>\n<p><b>Altres serveis<\/b><\/p>\n<p><span style=\"font-weight: 400;\">Menjador escolar. Cuina pr\u00f2pia. EMPRESA ZONA DE JOC.<\/span><\/p>\n<p><span style=\"font-weight: 400;\">Acollida matinal de 8 a 9 h.<\/span><\/p>\n<p><span style=\"font-weight: 400;\">Servei de l&#8217;EAP (Equip d&#8217;Assessorament Psicopedag\u00f2gic del Garraf).<\/span><\/p>\n","protected":false},"excerpt":{"rendered":"<p>Tipus d&#8217;ensenyament<br \/>\n2n cicle d&#8217;Educaci\u00f3 Infantil i Educaci\u00f3 Prim\u00e0ria (3 a 12 anys).<\/p>\n<p>L\u00ednies<br \/>\n2 l\u00ednies d&#8217; I3 a 6\u00e8, repartits en tres comunitats: Petits, Mitjans i Grans.<br \/>\nProjecte Educatiu<br \/>\n&#8211; Ensenyament competencial i aprenentatge significatiu.<br \/>\nTreballem en la recerca i en la innovaci\u00f3 pedag\u00f2gica tenint en compte els 7 principis&hellip;  <a href=\"https:\/\/agora.xtec.cat\/escolaestevebarrachina\/lescola\/historia\/\" title=\"Read Trets d&#8217;identitat\">Llegeix m\u00e9s\u00bb<\/a><\/p>\n","protected":false},"author":1,"featured_media":0,"parent":22,"menu_order":10,"comment_status":"closed","ping_status":"closed","template":"page-templates\/side-menu.php","meta":{"_bbp_topic_count":0,"_bbp_reply_count":0,"_bbp_total_topic_count":0,"_bbp_total_reply_count":0,"_bbp_voice_count":0,"_bbp_anonymous_reply_count":0,"_bbp_topic_count_hidden":0,"_bbp_reply_count_hidden":0,"_bbp_forum_subforum_count":0,"footnotes":""},"class_list":["post-26","page","type-page","status-publish","hentry"],"post_mailing_queue_ids":[],"_links":{"self":[{"href":"https:\/\/agora.xtec.cat\/escolaestevebarrachina\/wp-json\/wp\/v2\/pages\/26","targetHints":{"allow":["GET"]}}],"collection":[{"href":"https:\/\/agora.xtec.cat\/escolaestevebarrachina\/wp-json\/wp\/v2\/pages"}],"about":[{"href":"https:\/\/agora.xtec.cat\/escolaestevebarrachina\/wp-json\/wp\/v2\/types\/page"}],"author":[{"embeddable":true,"href":"https:\/\/agora.xtec.cat\/escolaestevebarrachina\/wp-json\/wp\/v2\/users\/1"}],"replies":[{"embeddable":true,"href":"https:\/\/agora.xtec.cat\/escolaestevebarrachina\/wp-json\/wp\/v2\/comments?post=26"}],"version-history":[{"count":6,"href":"https:\/\/agora.xtec.cat\/escolaestevebarrachina\/wp-json\/wp\/v2\/pages\/26\/revisions"}],"predecessor-version":[{"id":12227,"href":"https:\/\/agora.xtec.cat\/escolaestevebarrachina\/wp-json\/wp\/v2\/pages\/26\/revisions\/12227"}],"up":[{"embeddable":true,"href":"https:\/\/agora.xtec.cat\/escolaestevebarrachina\/wp-json\/wp\/v2\/pages\/22"}],"wp:attachment":[{"href":"https:\/\/agora.xtec.cat\/escolaestevebarrachina\/wp-json\/wp\/v2\/media?parent=26"}],"curies":[{"name":"wp","href":"https:\/\/api.w.org\/{rel}","templated":true}]}}

<p><b>Tipus d&#8217;ensenyament</b><span style="font-weight: 400;"><br />
</span><span style="font-weight: 400;">2n cicle d&#8217;Educació Infantil i Educació Primària (3 a 12 anys).</span><span style="font-weight: 400;"><br />
</span><span style="font-weight: 400;"><br />
</span><b>Línies</b><span style="font-weight: 400;"><br />
</span><span style="font-weight: 400;">2 línies d&#8217; I3 a 6è, repartits en tres comunitats: Petits, Mitjans i Grans.</span></p>
<p><b>Projecte Educatiu</b></p>
<p><b>&#8211; Ensenyament competencial i aprenentatge significatiu.</b></p>
<p><span style="font-weight: 400;">Treballem en la recerca i en la innovació pedagògica tenint en compte els 7 principis de l&#8217;aprenentatge, en base als quals, l&#8217;infant se situa al centre de tota activitat pedagògica i assoleix un important grau d&#8217;autonomia, autogestió i autoregulació en l&#8217;adquisició del coneixement. Tenint en compte la naturalesa social de l&#8217;aprenentatge, així com les diferències individuals, les emocions que hi intervenen, l&#8217;esforç que s&#8217;hi desenvolupa i la importància de l&#8217;aprendre a aprendre.</span></p>
<p><b>&#8211; Els ambients preparats. </b></p>
<p><span style="font-weight: 400;">Els ambients representen una organització on l&#8217;infant es converteix en el constructor del seu propi aprenentatge a partir del joc, la investigació i les relacions amb els companys, explorant amb llibertat segons els seus interessos i motivacions. Són ells els que prenen les decisions i cerca les seves pròpies estratègies per trobar les solucions davant de reptes i situacions que s&#8217;anirà trobant i l&#8217;adult es presenta com un guia i observador. Els alumnes de la comunitat de Petits i la de Mitjans (de P3 a P5 i de 1r a 3r) treballen per ambients durant tota la franja de matí, quatre dies a la setmana.</span></p>
<ul>
<li><b>El treball per projectes.</b></li>
</ul>
<p><span style="font-weight: 400;">El treball per projectes s’inicia a P5 amb les “Preguntes interessants” i continua a Mitjans amb les “Investigacions”, però és a partir de la comunitat de Grans (de 4t a 6è) que les àrees reben un tractament globalitzat a través dels projectes d’àmbit lingüístic, d’àmbit científico-matemàtic i ABP que són encara més transversals. Els alumnes s’agrupen per nivells amb tres o quatre mestres en codocència i s’organitzen en grups cooperatius, avançant segons el seu propi ritme. Els continguts que s’han d’abordar de manera més sistemàtica es treballen en les sessions de monogràfics en grups reduïts.</span></p>
<p><b>&#8211; Escola inclusiva. </b></p>
<p><span style="font-weight: 400;">L&#8217;atenció a la diversitat és un element clau de la nostra escola i es treballa des de les tutories a través dels ambients i el treball cooperatiu. Però comptem, a més, amb dues dotacions  </span><b>SIEI</b><span style="font-weight: 400;"> (Suport Intensiu per a l&#8217;Escolarització Inclusiva) que donen resposta a l&#8217;alumnat amb necessitats educatives especials. A més, els alumnes de SIEI participen en un projecte específic de </span><b>Musicoteràpia</b><span style="font-weight: 400;"> amb un mestre especialista. </span></p>
<p><b>&#8211; Som centre ILEC.</b><span style="font-weight: 400;"> </span></p>
<p><span style="font-weight: 400;">Creiem en la importància de la competència comunicativa lingüística com a eix vertebrador de tots els aprenentatges. Les habilitats lectores són fonamentals per a l&#8217;èxit escolar. Ser competent en comprensió lectora, és un requisit indispensable per participar en la societat actual. Cal saber llegir per aprendre i seguir aprenent. Un alumne que té un bon hàbit lector millora els seus resultats, millora l&#8217;expressió escrita i augmenta el seu nivell de coneixements generals. Per aquests motius formen part del Pla d&#8217;Impuls a la Lectura (Projecte d&#8217;Innovació del Departament d&#8217;Educació). </span></p>
<p><b>&#8211; Educació en valors.</b><span style="font-weight: 400;"> </span></p>
<p><span style="font-weight: 400;">Desenvolupament d&#8217;habilitats socials i interpersonals, hàbits saludables i consciència solidària amb el medi i l&#8217;entorn.</span></p>
<p><b>&#8211; Participació de les famílies en la comunitat educativa.</b><span style="font-weight: 400;"> </span></p>
<p><span style="font-weight: 400;">La família és el primer referent educatiu i responsable de l&#8217;educació dels seus fills. És necessari per tant, dur a terme un treball conjunt escola-família que permeti una acció coherent i coordinada.</span></p>
<p><b>&#8211; L&#8217;ús de les tecnologies.</b><span style="font-weight: 400;"> </span></p>
<p><span style="font-weight: 400;">Les tecnologies de la informació estan presents en el dia a dia de l&#8217;escola a través de panells interactius que hi ha a totes les aules, les tauletes, els ordinadors portàtils i chromebooks, la maleta digital i els dispositius de robòtica.</span></p>
<p><b>Aules i espais petits</b><b>.</b><span style="font-weight: 400;"> Llum i ombres, el Món, Fàbrica de paraules, Els Números, Fer i desfer, La Vila, Construccions, Artistes, Moviment i Hort.</span></p>
<p><b>&#8211; Ambients mitjans.</b><span style="font-weight: 400;"> La Botiga, El Taller, Biosfera, Paraules Màgiques, L&#8217;Àgora, Arty Kids, el Circ, el Teatre, Pangea i Arrels.</span></p>
<p><b>&#8211; 2 aules SIEI.</b><span style="font-weight: 400;"> L&#8217;Ateneu (grans) i la Classe dels Cotxes (petits).</span></p>
<p><b>&#8211; Aula d&#8217;acollida.</b><span style="font-weight: 400;"> Atenció a l&#8217;alumnat nouvingut.</span></p>
<p><b>&#8211; Altres aules.</b><span style="font-weight: 400;"> Aula de música, d&#8217;anglès i de plàstica.</span></p>
<p><b>&#8211; Altres espais. </b><span style="font-weight: 400;">Biblioteca,</span><b> </b><span style="font-weight: 400;">sala d&#8217;actes, gimnàs, menjador i cuina.</span></p>
<p><b>&#8211; Espais exteriors. </b><span style="font-weight: 400;">Hort, 2 pistes poliesportives, rocòdrom, pati infantil amb sorral i estructures de fusta. </span></p>
<p><b>Idiomes</b></p>
<p><span style="font-weight: 400;">Català com a llengua vehicular.</span></p>
<p><span style="font-weight: 400;">Castellà a partir de 1r.</span></p>
<p><span style="font-weight: 400;">Anglès a partir d&#8217;Educació Infantil. </span><span style="font-weight: 400;"><br />
</span></p>
<p><b>Activitats complementàries</b></p>
<p><span style="font-weight: 400;">&#8211; Activitats aquàtiques per l&#8217;alumnat de 1r a 4t (</span><b>piscina</b><span style="font-weight: 400;">).</span></p>
<p><span style="font-weight: 400;">&#8211; Iniciació a la </span><b>vela</b><span style="font-weight: 400;"> lleugera per a l&#8217;alumnat de 5è i 6è.</span></p>
<p><span style="font-weight: 400;">&#8211; Audicions musicals.</span></p>
<p><span style="font-weight: 400;">&#8211; Teatre en anglès.</span></p>
<p><span style="font-weight: 400;">&#8211; Sortides relacionades amb les programacions de cada comunitat o nivell.</span></p>
<p><span style="font-weight: 400;">&#8211; Colònies a I5, 2n, 4t i 6è.</span></p>
<p><b>Activitats extraescolars</b></p>
<p><span style="font-weight: 400;">Activitats de migdia i de tarda organitzades per l&#8217;AFA: anglès, robòtica, batuka, ioga, cuina, pintura, recicla i crea, teatre, acrosport, iniciació esportiva i handbol (competicions a la lliga esportiva).</span></p>
<p><b>Altres serveis</b></p>
<p><span style="font-weight: 400;">Menjador escolar. Cuina pròpia. EMPRESA ZONA DE JOC.</span></p>
<p><span style="font-weight: 400;">Acollida matinal de 8 a 9 h.</span></p>
<p><span style="font-weight: 400;">Servei de l&#8217;EAP (Equip d&#8217;Assessorament Psicopedagògic del Garraf).</span></p>

<p>Tipus d&#8217;ensenyament<br />
2n cicle d&#8217;Educació Infantil i Educació Primària (3 a 12 anys).</p>
<p>Línies<br />
2 línies d&#8217; I3 a 6è, repartits en tres comunitats: Petits, Mitjans i Grans.<br />
Projecte Educatiu<br />
&#8211; Ensenyament competencial i aprenentatge significatiu.<br />
Treballem en la recerca i en la innovació pedagògica tenint en compte els 7 principis&hellip;  <a href="https://agora.xtec.cat/escolaestevebarrachina/lescola/historia/" title="Read Trets d&#8217;identitat">Llegeix més»</a></p>
