{"id":4771,"date":"2020-03-24T16:32:57","date_gmt":"2020-03-24T15:32:57","guid":{"rendered":"http:\/\/agora.xtec.cat\/escolaespronceda\/?page_id=4771"},"modified":"2020-04-01T00:34:15","modified_gmt":"2020-03-31T22:34:15","slug":"recursos-quart","status":"publish","type":"page","link":"https:\/\/agora.xtec.cat\/escolaespronceda\/recursos-quart\/","title":{"rendered":"Recursos Quart"},"content":{"rendered":"<div style=\"width: 100%;\">\n<div style=\"position: relative; padding-bottom: 56.25%; padding-top: 0; height: 0;\"><iframe loading=\"lazy\" src=\"https:\/\/view.genial.ly\/5e7dd7ac50a0310d8c1bc3ed\" width=\"1200px\" height=\"675px\" frameborder=\"0\" data-mce-fragment=\"1\"><\/iframe><\/div>\n<div><\/div>\n<\/div>\n<p>&nbsp;<\/p>\n<p>&nbsp;<\/p>\n<p>&nbsp;<\/p>\n<p>&nbsp;<\/p>\n<p>&nbsp;<\/p>\n<p><span style=\"text-decoration: underline;\"><strong><a id=\"cata\"><\/a>CATAL\u00c0<\/strong><\/span><\/p>\n<ul>\n<li style=\"font-weight: 400;\"><b>Per treballar l&#8217;expressi\u00f3 escrita<\/b><span style=\"font-weight: 400;\"> us proposem escriure:<\/span><\/li>\n<\/ul>\n<p><span style=\"font-weight: 400;\">UN DIARI PERSONAL<\/span><span style=\"font-weight: 400;\"> on ens expliqueu qu\u00e8 heu fet, com heu passat el dia, com us sentiu, si alguna cosa us preocupa\u2026 unes 5-10 l\u00ednies (o m\u00e9s si voleu!) <\/span><span style=\"font-weight: 400;\">Cada dia.<\/span><span style=\"font-weight: 400;\">\u00a0<\/span><\/p>\n<p><span style=\"font-weight: 400;\">UNA RECEPTA DE CUINA<\/span><span style=\"font-weight: 400;\"> explicant els ingredients emprats, la quantitat, els passos a seguir. Podeu fer fotos i si voleu, enviar-nos-les.<\/span><\/p>\n<ul>\n<li style=\"font-weight: 400;\"><b>Per treballar una mica la comprensi\u00f3 lectora\u2026\u00a0<\/b><\/li>\n<\/ul>\n<p><span style=\"font-weight: 400;\">Llegiu un <\/span><span style=\"font-weight: 400;\">LLIBRE<\/span><span style=\"font-weight: 400;\"> o mireu una <\/span><span style=\"font-weight: 400;\">PEL.L\u00cdCULA <\/span><span style=\"font-weight: 400;\">i disfruteu!<\/span><\/p>\n<ul>\n<li style=\"font-weight: 400;\"><b>Per treballar la comprensi\u00f3 oral<\/b><span style=\"font-weight: 400;\">, podeu fer aquestes activitats amb els pares i germans:<\/span><\/li>\n<\/ul>\n<p><span style=\"font-weight: 400;\">EXPLICAR UN CONTE<\/span><span style=\"font-weight: 400;\"> als germans i als pares.<\/span><\/p>\n<p><span style=\"font-weight: 400;\">FER UNA MINI OBRA DE TEATRE<\/span><span style=\"font-weight: 400;\"> agafant roba de la fam\u00edlia o teles que tingueu per casa. Podeu inventar-vos els personatges i representar la hist\u00f2ria que vulgueu\u2026 Fins i tot, si voleu, us podeu gravar en v\u00eddeo.<\/span><\/p>\n<p><b>Per treballar el l\u00e8xic i l\u2019ortografia<\/b><span style=\"font-weight: 400;\">, podeu fer els seg\u00fcents jocs:<\/span><\/p>\n<p><span style=\"font-weight: 400;\">SIN\u00d2NIMS I ANT\u00d2NIMS:<\/span><\/p>\n<p><a href=\"https:\/\/es.educaplay.com\/recursos-educativos\/1041883-sinonims_i_antonims.html\"><span style=\"font-weight: 400;\">https:\/\/es.educaplay.com\/recursos-educativos\/1041883-sinonims_i_antonims.html<\/span><\/a><\/p>\n<p><span style=\"font-weight: 400;\">SUBJECTE I PREDICAT<\/span><\/p>\n<p><a href=\"https:\/\/es.educaplay.com\/recursos-educativos\/17789-subjecte_o_predicat.html\"><span style=\"font-weight: 400;\">https:\/\/es.educaplay.com\/recursos-educativos\/17789-subjecte_o_predicat.html<\/span><\/a><\/p>\n<p><span style=\"font-weight: 400;\">R-RR<\/span><\/p>\n<p><a href=\"http:\/\/enxaneta.info\/activitats\/r-rr\/10\"><span style=\"font-weight: 400;\">http:\/\/enxaneta.info\/activitats\/r-rr\/10<\/span><\/a><\/p>\n<p><span style=\"font-weight: 400;\">H<\/span><\/p>\n<p><a href=\"http:\/\/enxaneta.info\/activitats\/h\/45\"><span style=\"font-weight: 400;\">http:\/\/enxaneta.info\/activitats\/h\/45<\/span><\/a><\/p>\n<p><span style=\"font-weight: 400;\">B-V<\/span><\/p>\n<p><a href=\"http:\/\/enxaneta.info\/activitats\/b-v\/9\"><span style=\"font-weight: 400;\">http:\/\/enxaneta.info\/activitats\/b-v\/9<\/span><\/a><\/p>\n<p><span style=\"font-weight: 400;\">ADJECTIUS<\/span><\/p>\n<p><a href=\"http:\/\/enxaneta.info\/activitats\/adjectius-plural\/23\"><span style=\"font-weight: 400;\">http:\/\/enxaneta.info\/activitats\/adjectius-plural\/23<\/span><\/a><\/p>\n<p><span style=\"font-weight: 400;\">L\u2019ARTICLE I L\u2019AP\u00d2STROF<\/span><\/p>\n<p><a href=\"http:\/\/enxaneta.info\/activitats\/definit\/19\/1\"><span style=\"font-weight: 400;\">http:\/\/enxaneta.info\/activitats\/definit\/19\/1<\/span><\/a><\/p>\n<p><span style=\"text-decoration: underline;\"><strong><a id=\"castellano\"><\/a>CASTELLANO<\/strong><\/span><\/p>\n<ul>\n<li style=\"font-weight: 400;\"><span style=\"font-weight: 400;\">\u00a1Voy a leer! &#8211; Ortograf\u00edate &#8211; Joc d\u2019ortografia castellana. Exercicis gradual d\u2019ortografia en castell\u00e0\u00a0<\/span><\/li>\n<\/ul>\n<ul>\n<li style=\"font-weight: 400;\"><a href=\"http:\/\/www.edu365.cat\/primaria\/castella\/index.html\"><span style=\"font-weight: 400;\">http:\/\/www.edu365.cat\/primaria\/castella\/index.html<\/span><\/a><\/li>\n<\/ul>\n<ul>\n<li style=\"font-weight: 400;\"><span style=\"font-weight: 400;\">Adivinanzas para practicar y aprender nuevos vocabularios<\/span><\/li>\n<\/ul>\n<ul>\n<li style=\"font-weight: 400;\"><a href=\"https:\/\/www.bosquedefantasias.com\/adivinanzas-infantiles-cortas\"><span style=\"font-weight: 400;\">https:\/\/www.bosquedefantasias.com\/adivinanzas-infantiles-cortas<\/span><\/a><\/li>\n<li style=\"font-weight: 400;\"><a href=\"https:\/\/www.mundoprimaria.com\/adivinanzas-infantiles-cortas\"><span style=\"font-weight: 400;\">https:\/\/www.mundoprimaria.com\/adivinanzas-infantiles-cortas<\/span><\/a><\/li>\n<\/ul>\n<ul>\n<li style=\"font-weight: 400;\"><span style=\"font-weight: 400;\">Inventa una historia que salga esta frase: <\/span>\u201cy por fin sali\u00f3 el arco iris en el cielo\u201d<\/li>\n<\/ul>\n<p><span style=\"text-decoration: underline;\"><strong><a id=\"english\"><\/a>ENGLISH<\/strong><\/span><\/p>\n<ul>\n<li style=\"font-weight: 400;\"><span style=\"font-weight: 400;\">Activitats online Oxford University Press:\u00a0 <\/span><a href=\"https:\/\/elt.oup.com\/student\/oupeprimary\/?cc=global&amp;selLanguage=en\"><span style=\"font-weight: 400;\">https:\/\/elt.oup.com\/student\/oupeprimary\/?cc=global&amp;selLanguage=en<\/span><\/a><\/li>\n<li style=\"font-weight: 400;\"><span style=\"font-weight: 400;\">Jocs d&#8217;angl\u00e8s:<\/span><\/li>\n<\/ul>\n<ul>\n<li style=\"list-style-type: none;\">\n<ul>\n<li style=\"font-weight: 400;\"><a href=\"https:\/\/www.mundoprimaria.com\/juegos-educativos\/juegos-de-ingles\"><span style=\"font-weight: 400;\">https:\/\/www.mundoprimaria.com\/juegos-educativos\/juegos-de-ingles<\/span><\/a><\/li>\n<li style=\"font-weight: 400;\"><a href=\"http:\/\/www.saberingles.com.ar\/games\/\"><span style=\"font-weight: 400;\">http:\/\/www.saberingles.com.ar\/games\/<\/span><\/a><\/li>\n<\/ul>\n<\/li>\n<\/ul>\n<ul>\n<li style=\"font-weight: 400;\"><span style=\"font-weight: 400;\">Can\u00e7ons en angl\u00e8s:<\/span><\/li>\n<\/ul>\n<ul>\n<li style=\"list-style-type: none;\">\n<ul>\n<li style=\"font-weight: 400;\"><a href=\"https:\/\/www.youtube.com\/channel\/UCLsooMJoIpl_7ux2jvdPB-Q\"><span style=\"font-weight: 400;\">https:\/\/www.youtube.com\/channel\/UCLsooMJoIpl_7ux2jvdPB-Q<\/span><\/a><\/li>\n<\/ul>\n<\/li>\n<li style=\"font-weight: 400;\"><span style=\"font-weight: 400;\">Contes en angl\u00e8s:<\/span>\n<ul>\n<li style=\"font-weight: 400;\"><a href=\"https:\/\/www.youtube.com\/channel\/UCIsa53zZkZyjBx4ruv0ABGQ\"><span style=\"font-weight: 400;\">https:\/\/www.youtube.com\/channel\/UCIsa53zZkZyjBx4ruv0ABGQ<\/span><\/a><\/li>\n<li style=\"font-weight: 400;\"><a href=\"https:\/\/www.youtube.com\/playlist?list=PL3g3fYXCQGGt4xaPVuV0lg7j2N9bra-w4\"><span style=\"font-weight: 400;\">https:\/\/www.youtube.com\/playlist?list=PL3g3fYXCQGGt4xaPVuV0lg7j2N9bra-w4<\/span><\/a><span style=\"font-weight: 400;\">\u00a0<\/span><\/li>\n<\/ul>\n<\/li>\n<\/ul>\n<p>&nbsp;<\/p>\n<ul>\n<li style=\"font-weight: 400;\"><span style=\"font-weight: 400;\">Lapbook<\/span><\/li>\n<\/ul>\n<p><span style=\"font-weight: 400;\">Una altra activitat que podem fer, ja que s\u00e9 que us encanten els contes i les manualitats, \u00e9s fer un lapbook d&#8217;un conte en angl\u00e8s, per a aix\u00f2 triarem un conte o hist\u00f2ria que ens encanti i organitzarem les nostres idees en un paper.<\/span><\/p>\n<p><span style=\"font-weight: 400;\">El nostre lapbook deu tenir:<\/span><\/p>\n<ol>\n<li style=\"font-weight: 400;\"><span style=\"font-weight: 400;\">T\u00edtol del conte o hist\u00f2ria.<\/span><b>(Title of the story)<\/b><\/li>\n<li style=\"font-weight: 400;\"><span style=\"font-weight: 400;\">Autor.<\/span><b>(Author)<\/b><\/li>\n<li style=\"font-weight: 400;\"><span style=\"font-weight: 400;\">Personatges.<\/span><b>(Characters)<\/b><\/li>\n<li style=\"font-weight: 400;\"><span style=\"font-weight: 400;\">Paisatge.<\/span><b>(Landscapes)<\/b><\/li>\n<li style=\"font-weight: 400;\"><span style=\"font-weight: 400;\">Qu\u00e8 passa en el conte?<\/span><b>(What happens in the story?)<\/b><\/li>\n<li style=\"font-weight: 400;\">Di\u00e0legs.<b style=\"font-family: inherit; font-size: 1em;\">(Dialogues)<\/b><\/li>\n<\/ol>\n<p><a href=\"https:\/\/agora.xtec.cat\/escolaespronceda\/wp-content\/uploads\/usu1464\/2020\/03\/LAP1-COLLAGE.jpg\"><img loading=\"lazy\" decoding=\"async\" class=\"alignnone wp-image-4827\" src=\"https:\/\/agora.xtec.cat\/escolaespronceda\/wp-content\/uploads\/usu1464\/2020\/03\/LAP1-COLLAGE.jpg\" alt=\"\" width=\"357\" height=\"357\" srcset=\"https:\/\/agora.xtec.cat\/escolaespronceda\/wp-content\/uploads\/usu1464\/2020\/03\/LAP1-COLLAGE.jpg 947w, https:\/\/agora.xtec.cat\/escolaespronceda\/wp-content\/uploads\/usu1464\/2020\/03\/LAP1-COLLAGE-150x150.jpg 150w, https:\/\/agora.xtec.cat\/escolaespronceda\/wp-content\/uploads\/usu1464\/2020\/03\/LAP1-COLLAGE-300x300.jpg 300w, https:\/\/agora.xtec.cat\/escolaespronceda\/wp-content\/uploads\/usu1464\/2020\/03\/LAP1-COLLAGE-768x768.jpg 768w\" sizes=\"auto, (max-width: 357px) 100vw, 357px\" \/><\/a><\/p>\n<p><span style=\"text-decoration: underline;\"><strong><a id=\"mate\"><\/a>MATEM\u00c0TIQUES<\/strong><\/span><\/p>\n<ul>\n<li style=\"font-weight: 400;\"><span style=\"font-weight: 400;\">Operacions matem\u00e0tiques online\u00a0<\/span>\n<ul>\n<li style=\"font-weight: 400;\"><span style=\"font-weight: 400;\">Suma <\/span><a href=\"http:\/\/www.aprendiendomates.com\/matematicas\/operacionessumar.php\"><span style=\"font-weight: 400;\">(enlla\u00e7)<\/span><\/a><\/li>\n<li style=\"font-weight: 400;\"><span style=\"font-weight: 400;\">Resta (<\/span><a href=\"http:\/\/www.aprendiendomates.com\/matematicas\/operacionesrestar.php\"><span style=\"font-weight: 400;\">enlla\u00e7)<\/span><\/a><\/li>\n<li style=\"font-weight: 400;\"><span style=\"font-weight: 400;\">Multiplicacions <\/span><a href=\"http:\/\/www.aprendiendomates.com\/matematicas\/multiplicar.php\"><span style=\"font-weight: 400;\">(enlla\u00e7)<\/span><\/a><\/li>\n<li style=\"font-weight: 400;\"><span style=\"font-weight: 400;\">Divisions <\/span><a href=\"http:\/\/www.aprendiendomates.com\/matematicas\/presentacion_dividir.php\"><span style=\"font-weight: 400;\">(enlla\u00e7)\u00a0<\/span><\/a><\/li>\n<li style=\"font-weight: 400;\"><span style=\"font-weight: 400;\">Jocs matem\u00e0tics online: <\/span><a href=\"http:\/\/aprendiendomates.com\"><span style=\"font-weight: 400;\">http:\/\/aprendiendomates.com<\/span><\/a><\/li>\n<\/ul>\n<\/li>\n<li style=\"font-weight: 400;\"><span style=\"font-weight: 400;\">Diferents activitats INNOVAMAT <\/span><a href=\"https:\/\/innovamat.com\/blog\/recursos\/recursos-para-familias\/recursos-4o\/\"><span style=\"font-weight: 400;\">(enlla\u00e7)<\/span><\/a><\/li>\n<li style=\"font-weight: 400;\"><span style=\"font-weight: 400;\">Problemes <\/span><a href=\"https:\/\/docs.google.com\/document\/d\/1mJiO0RTUbqDFInnSzMLpl9lcIUywxlbeLyOEeJ1VJJI\/edit\"><span style=\"font-weight: 400;\">ENLLA\u00c7<\/span><\/a><\/li>\n<li style=\"font-weight: 400;\"><span style=\"font-weight: 400;\">Reptes matem\u00e0tics <\/span><a href=\"https:\/\/docs.google.com\/document\/d\/1KvGHhhm8cXk7CSHCJ_cYrt3A5MwVxK9wwBYAzufVsCw\/edit?usp=sharing\"><span style=\"font-weight: 400;\">ENLLA\u00c7<\/span><\/a><\/li>\n<li style=\"font-weight: 400;\"><span style=\"font-weight: 400;\">Matem\u00e0tiques divertides <\/span><a href=\"http:\/\/www.xtec.cat\/centres\/c5003822\/sisena_hora\/matematiques.htm#numeraciomitja\"><span style=\"font-weight: 400;\">ENLLA\u00c7<\/span><\/a><span style=\"font-weight: 400;\"> Aqu\u00ed trobar\u00e0s molts exercicis online i per imprimir sobre numeraci\u00f3 i c\u00e0lcul de tots els nivells i dificultats.Tamb\u00e9 trobar\u00e0s jocs de raonament,\u00a0 sudokus i escacs.<\/span><\/li>\n<\/ul>\n<p><span style=\"font-weight: 400;\">\u00a0<\/span><i><span style=\"font-weight: 400;\">Recorda que necessitar\u00e0s tenir instal\u00b7lat adobe flash per poder jugar-hi online. <\/span><\/i><\/p>\n<ul>\n<li>Problemes per resoldre\n<ol>\n<li>Si et menges les dues setenes parts de 35 caramels, quants caramels et queden?<\/li>\n<li>Ahir un autob\u00fas va rec\u00f3rrer 415 quil\u00f2metres i avui n\u2019ha recorregut 380. Quants de quil\u00f2metres ha recorregut aproximadament en els dos dies?<\/li>\n<li>A la llibreria d\u2019en M\u00e0rius hi han portat 123 capses de retoladors. Cada capsa t\u00e9 12 retoladors. Quants retoladors hi han portat?<\/li>\n<li>La J\u00falia necessita 8 boletes per fer un collar. Si t\u00e9 284 boletes, quants de collars podr\u00e0 fer?, quantes boletes li sobraran?<\/li>\n<li>En Pau t\u00e9 una col\u00b7lecci\u00f3 de 80 cromos. Dos cinquens dels cromos s\u00f3n de plantes. Quants de cromos de plantes t\u00e9 en Pau?<\/li>\n<\/ol>\n<p>PISTA: per resoldre els problemes de les fraccions heu de fer servir la fracci\u00f3 d\u2019un nombre. Per exemple: 2\/3 de 30<\/p>\n<p><strong>SOLUCIONS DELS PROBLEMES:\u00a0\u00a0<\/strong><a href=\"https:\/\/agora.xtec.cat\/ceipsallaresipla\/wp-content\/uploads\/usu69\/2020\/03\/SOLUCIONS-PROBLEMES-CONFINAMENT.pdf\" target=\"_blank\" rel=\"noopener noreferrer\">SOLUCIONS PROBLEMES<\/a><\/li>\n<\/ul>\n<p><iframe loading=\"lazy\" src=\"https:\/\/agora.xtec.cat\/escolaespronceda\/wp-content\/uploads\/usu1464\/2020\/04\/Comunicaci\u00f3-fam\u00edlies-1.pdf\" width=\"800\" height=\"700\"><span data-mce-type=\"bookmark\" style=\"display: inline-block; width: 0px; overflow: hidden; line-height: 0;\" class=\"mce_SELRES_start\">\ufeff<\/span><span data-mce-type=\"bookmark\" style=\"display: inline-block; width: 0px; overflow: hidden; line-height: 0;\" class=\"mce_SELRES_start\">\ufeff<\/span><\/iframe><\/p>\n<ul>\n<li>A m\u00e9s a m\u00e9s podeu jugar tamb\u00e9 amb\u00a0<strong>l\u2019aplicaci\u00f3 Bmath<\/strong>\u00a0a les vostres tabletes o m\u00f2bils.<a href=\"https:\/\/play.google.com\/store\/apps\/details?id=com.innovamat.bmath&amp;hl=es\"><img loading=\"lazy\" decoding=\"async\" class=\"alignnone wp-image-1788 size-medium\" src=\"https:\/\/agora.xtec.cat\/ceipsallaresipla\/wp-content\/uploads\/usu69\/2020\/03\/bmath-app-300x251.png\" sizes=\"auto, (max-width: 300px) 100vw, 300px\" srcset=\"https:\/\/agora.xtec.cat\/ceipsallaresipla\/wp-content\/uploads\/usu69\/2020\/03\/bmath-app-300x250.png 300w, https:\/\/agora.xtec.cat\/ceipsallaresipla\/wp-content\/uploads\/usu69\/2020\/03\/bmath-app.png 710w\" alt=\"\" width=\"300\" height=\"251\" \/><\/a><\/li>\n<\/ul>\n<p><span style=\"text-decoration: underline;\"><strong><a id=\"medi\"><\/a>MEDI<\/strong><\/span><\/p>\n<ul>\n<li><b>Les comarques<\/b>\n<ul>\n<li><span style=\"font-weight: 400;\">Joc de per situar comarques <\/span><a href=\"https:\/\/mapasinteractivos.didactalia.net\/comunidad\/mapasflashinteractivos\/recurso\/comarcas-de-catalua\/1754c6ab-f368-488b-b8ea-b71b2cda1d45\"><span style=\"font-weight: 400;\">ENLLA\u00c7<\/span><\/a><\/li>\n<li><span style=\"font-weight: 400;\">Informaci\u00f3 de les comarques <\/span><span style=\"font-weight: 400;\"><a href=\"https:\/\/sites.google.com\/a\/xtec.cat\/catalonia\/les-comarques\">ENLLA\u00c7<\/a><\/span><\/li>\n<\/ul>\n<\/li>\n<\/ul>\n<p>&nbsp;<\/p>\n<ul>\n<li><span style=\"font-weight: 400;\">Busqueu <\/span><b>informaci\u00f3<\/b><span style=\"font-weight: 400;\"> sobre el nom de la classe com per exemple:<\/span><\/li>\n<\/ul>\n<p><b>SUBMARINISTES:<\/b><\/p>\n<ul>\n<li style=\"font-weight: 400;\"><span style=\"font-weight: 400;\">Com poden bussejar els submarinistes? Quin tipus de material porten?<\/span><\/li>\n<li style=\"font-weight: 400;\"><span style=\"font-weight: 400;\">Fins a quina profunditat poden submergir-se els nens i nenes? I els adults?<\/span><\/li>\n<li style=\"font-weight: 400;\"><span style=\"font-weight: 400;\">Quins animals marins i plantes marines ja s\u2019han extingit?<\/span><\/li>\n<li style=\"font-weight: 400;\"><span style=\"font-weight: 400;\">Quin \u00e9s el llac m\u00e9s gran que existeix? I el m\u00e9s petit?\u00a0<\/span><\/li>\n<li style=\"font-weight: 400;\"><span style=\"font-weight: 400;\">I totes les curiositats o an\u00e8cdotes que trobeu, tb les podeu investigar, com vam fer a la classe amb el submar\u00ed, els oceans, el perqu\u00e8 l\u2019aigua del mar \u00e9s salada\u2026<\/span><\/li>\n<\/ul>\n<p><span style=\"font-weight: 400;\">\u00a0\u00a0\u00a0\u00a0\u00a0\u00a0\u00a0\u00a0\u00a0\u00a0\u00a0\u00a0\u00a0<\/span><\/p>\n<p><b>MASCOTES:<\/b><\/p>\n<ul>\n<li style=\"font-weight: 400;\"><span style=\"font-weight: 400;\">Quin o quins s\u00f3n els animals que viuen m\u00e9s anys?<\/span><\/li>\n<li style=\"font-weight: 400;\"><span style=\"font-weight: 400;\">Quin \u00e9s l\u2019animal que viu moooolt poquet?<\/span><\/li>\n<li style=\"font-weight: 400;\"><span style=\"font-weight: 400;\">Quin \u00e9s l\u2019animal m\u00e9s gran? I el m\u00e9s r\u00e0pid? I el m\u00e9s fort? I el m\u00e9s petit?<\/span><\/li>\n<li style=\"font-weight: 400;\"><span style=\"font-weight: 400;\">Quin creus que \u00e9s l\u2019animal m\u00e9s protector?\u00a0<\/span><\/li>\n<li style=\"font-weight: 400;\"><span style=\"font-weight: 400;\">Sabries dir quins beneficis en treu l\u2019\u00e9sser hum\u00e0 dels animals de companyia i els de granja?<\/span><\/li>\n<\/ul>\n<p>&nbsp;<\/p>\n<ul>\n<li style=\"font-weight: 400;\"><b>Experiments.<\/b><span style=\"font-weight: 400;\">\u00a0<\/span><\/li>\n<\/ul>\n<p><span style=\"font-weight: 400;\">Sabeu que us encanta anar a l\u2019espai cient\u00edfic per aix\u00f2 us hem preparat una s\u00e8rie d\u2019experiments que podeu fer a casa sols o amb els vostres germans o pares. A la fitxa trobareu tot el que necessiteu i els passos a seguir. Al final de cada fitxa hi ha l\u2019explicaci\u00f3 per\u00f2 <\/span><b>no val mirar-ho abans de fer-lo eh?<\/b><\/p>\n<ul>\n<li style=\"list-style-type: none;\">\n<ul>\n<li style=\"font-weight: 400;\"><span style=\"font-weight: 400;\">Experiment 1\u00a0 On surem millor? <\/span><a href=\"http:\/\/www.jverdaguer.org\/jsmedia\/001ciencia\/ftp\/descobrint%20aigua\/flotar%20mejor.pdf\"><span style=\"font-weight: 400;\">enlla\u00e7<\/span><\/a><\/li>\n<li style=\"font-weight: 400;\"><span style=\"font-weight: 400;\">Experiment 2\u00a0 Sura el paper? <\/span><a href=\"http:\/\/www.jverdaguer.org\/jsmedia\/001ciencia\/ftp\/extrems\/6.1.03.pdf\"><span style=\"font-weight: 400;\">enlla\u00e7<\/span><\/a><\/li>\n<\/ul>\n<\/li>\n<\/ul>\n<p><span style=\"font-weight: 400;\">Experiment 3\u00a0 Com fer cristalls <\/span><a href=\"http:\/\/www.jverdaguer.org\/jsmedia\/001ciencia\/ftp\/planeta%20terra\/5.2.08.pdf\"><span style=\"font-weight: 400;\">enlla\u00e7<\/span><\/a><\/p>\n<p>&nbsp;<\/p>\n<p>&nbsp;<\/p>\n<p><span style=\"text-decoration: underline;\"><strong><a id=\"sica\"><\/a>M\u00daSICA<\/strong><\/span><\/p>\n<ul>\n<li>Per poder jugar amb els sons :\u00a0<a href=\"https:\/\/musiclab.chromeexperiments.com\/\" target=\"_blank\" rel=\"noopener noreferrer\">MUSIC LAB<\/a><\/li>\n<li>Per repassar el que ja saps :\u00a0<a href=\"http:\/\/www.edu365.cat\/primaria\/musica\/index.html\" target=\"_blank\" rel=\"noopener noreferrer\">ACTIVITATS EDU 365<\/a><\/li>\n<li>Per cantar una estona amb karaoke :<br \/>\n<table>\n<tbody>\n<tr>\n<td><a href=\"http:\/\/www.xtec.cat\/~xaltesa\/titol.htm\" target=\"_blank\" rel=\"noopener noreferrer\">KARAOKAT<\/a><\/td>\n<td><a href=\"https:\/\/youtu.be\/ksFEnFMeyhg\" target=\"_blank\" rel=\"noopener noreferrer\">ELS INSTRUMENTS<\/a><\/td>\n<td><a href=\"https:\/\/youtu.be\/9WHXk-HAN4M\" target=\"_blank\" rel=\"noopener noreferrer\">SWING DE LA PAU<\/a><\/td>\n<\/tr>\n<\/tbody>\n<\/table>\n<\/li>\n<li>Per repassar el m\u00f3n dels castellers :\u00a0<a href=\"http:\/\/www.edu365.cat\/primaria\/musica\/historic\/grallaitabal\/01intro.html\" target=\"_blank\" rel=\"noopener noreferrer\">CASTELLERS<\/a><\/li>\n<li>Per repassar els instruments de la fam\u00edlia de vent:\u00a0<a href=\"https:\/\/youtu.be\/rnJeUTLa4vw\" target=\"_blank\" rel=\"noopener noreferrer\">INSTRUMENTS DE VENT<\/a><\/li>\n<li>Per con\u00e8ixer una mica m\u00e9s a Mozart :\u00a0<a href=\"http:\/\/www.edu365.cat\/primaria\/musica\/mozart\/index.htm\" target=\"_blank\" rel=\"noopener noreferrer\">W.A.MOZART<\/a><\/li>\n<\/ul>\n<p>&nbsp;<\/p>\n<p><span style=\"text-decoration: underline;\"><b><a id=\"noves\"><\/a>NOVES TECNOLOGIES<\/b><\/span><\/p>\n<p>Us facilitem algunes webs on podreu comen\u00e7ar a aprendre a programar. Us atreviu?<\/p>\n<p><a href=\"https:\/\/scratch.mit.edu\/projects\/editor\/?tutorial=getStarted\">SCRATCH 3<\/a><\/p>\n<p><a href=\"https:\/\/code.org\/\">CODE.ORG<\/a><\/p>\n<p><a href=\"https:\/\/lightbot.com\/flash.html\">LIGHTBOT<\/a><\/p>\n<p>&nbsp;<\/p>\n","protected":false},"excerpt":{"rendered":"<p>&nbsp;<br \/>\n&nbsp;<br \/>\n&nbsp;<br \/>\n&nbsp;<br \/>\n&nbsp;<br \/>\n<a id=\"cata\"><\/a>CATAL\u00c0<\/p>\n<ul>\n<li style=\"font-weight: 400;\">Per treballar l&#8217;expressi\u00f3 escrita us proposem escriure:<\/li>\n<\/ul>\n<p>UN DIARI PERSONAL on ens expliqueu qu\u00e8 heu fet, com heu passat el dia, com us sentiu, si alguna cosa us preocupa\u2026 unes 5-10 l\u00ednies (o m\u00e9s si voleu!) Cada dia.\u00a0<br \/>\nUNA RECEPTA DE CUINA explicant els&hellip;  <a href=\"https:\/\/agora.xtec.cat\/escolaespronceda\/recursos-quart\/\" title=\"Read Recursos Quart\">Llegeix m\u00e9s\u00bb<\/a><\/p>\n","protected":false},"author":1,"featured_media":0,"parent":0,"menu_order":0,"comment_status":"closed","ping_status":"closed","template":"","meta":{"_bbp_topic_count":0,"_bbp_reply_count":0,"_bbp_total_topic_count":0,"_bbp_total_reply_count":0,"_bbp_voice_count":0,"_bbp_anonymous_reply_count":0,"_bbp_topic_count_hidden":0,"_bbp_reply_count_hidden":0,"_bbp_forum_subforum_count":0,"footnotes":""},"class_list":["post-4771","page","type-page","status-publish","hentry"],"post_mailing_queue_ids":[],"_links":{"self":[{"href":"https:\/\/agora.xtec.cat\/escolaespronceda\/wp-json\/wp\/v2\/pages\/4771","targetHints":{"allow":["GET"]}}],"collection":[{"href":"https:\/\/agora.xtec.cat\/escolaespronceda\/wp-json\/wp\/v2\/pages"}],"about":[{"href":"https:\/\/agora.xtec.cat\/escolaespronceda\/wp-json\/wp\/v2\/types\/page"}],"author":[{"embeddable":true,"href":"https:\/\/agora.xtec.cat\/escolaespronceda\/wp-json\/wp\/v2\/users\/1"}],"replies":[{"embeddable":true,"href":"https:\/\/agora.xtec.cat\/escolaespronceda\/wp-json\/wp\/v2\/comments?post=4771"}],"version-history":[{"count":4,"href":"https:\/\/agora.xtec.cat\/escolaespronceda\/wp-json\/wp\/v2\/pages\/4771\/revisions"}],"predecessor-version":[{"id":5078,"href":"https:\/\/agora.xtec.cat\/escolaespronceda\/wp-json\/wp\/v2\/pages\/4771\/revisions\/5078"}],"wp:attachment":[{"href":"https:\/\/agora.xtec.cat\/escolaespronceda\/wp-json\/wp\/v2\/media?parent=4771"}],"curies":[{"name":"wp","href":"https:\/\/api.w.org\/{rel}","templated":true}]}}